{"id":733195,"date":"2025-08-27T22:05:05","date_gmt":"2025-08-27T19:05:05","guid":{"rendered":"https:\/\/roveyayinevi.com.tr\/index.php\/urun\/hermesin-izinde\/"},"modified":"2026-04-16T02:40:52","modified_gmt":"2026-04-15T23:40:52","slug":"hermesin-izinde","status":"publish","type":"product","link":"https:\/\/roveyayinevi.com.tr\/index.php\/urun\/hermesin-izinde\/","title":{"rendered":"Hermes\u2019in \u0130zinde"},"content":{"rendered":"<p>\u0130skenderiye\u2019nin kumlar\u0131ndan, Medicilerin R\u00f6nesans saraylar\u0131ndan g\u00fcn\u00fcm\u00fcze kadar uzanan bu sprit\u00fcel macera \u00f6yk\u00fcs\u00fc, y\u00fczy\u0131llar boyunca ad\u0131 antik d\u00fcnyan\u0131n en \u00fcnl\u00fcleri aras\u0131nda yer alan \u2013s\u0131k s\u0131k an\u0131ld\u0131\u011f\u0131 gibi \u201c\u00dc\u00e7 Kere Y\u00fcce\u201d olan\u2013 Hermes Trismegistus\u2019un bat\u0131l\u0131 zihin \u00fczerindeki derin etkisinin izini s\u00fcr\u00fcyor.Baz\u0131lar\u0131 taraf\u0131ndan Musa\u2019n\u0131n \u00e7a\u011fda\u015f\u0131 ve \u0130sa\u2019n\u0131n \u00f6nc\u00fcs\u00fc olarak kabul edilen bu neredeyse efsanevi fig\u00fcr, M\u00d6 4. y\u00fczy\u0131lda \u0130skenderiye\u2019de M\u0131s\u0131r tanr\u0131s\u0131 Thoth ve Yunan tanr\u0131s\u0131 Hermes\u2019in sentezlenmesi sonucu ortaya \u00e7\u0131kt\u0131. Maji, yaz\u0131, bilim ve felsefenin ustas\u0131 olan Hermes\u2019in tanr\u0131larla birlikte y\u00fcr\u00fcd\u00fc\u011f\u00fc ve zaman\u0131n ba\u015flang\u0131c\u0131nda insana bah\u015fedilen ilahi bilgeli\u011fin kayna\u011f\u0131 oldu\u011fu d\u00fc\u015f\u00fcn\u00fcl\u00fcyor.Pek \u00e7ok ezoterik tarih ve biyografi kitab\u0131n\u0131n yazar\u0131 olan Gary Lachman, Hermes\u2019in \u0130zinde kitab\u0131nda, onu \u00e7evreleyen bir\u00e7ok teori ve hik\u00e2yeyi a\u00e7\u0131\u011fa \u00e7\u0131kar\u0131rken, modern d\u00fcnya i\u00e7in \u00f6\u011fretilerini yeniden canland\u0131rarak bu b\u00fcy\u00fck manevi rehberin gizemli karakterine hayat veriyor.Y\u00fczy\u0131llarca s\u00fcren sava\u015flara, fetihlere ve dini zul\u00fcmlere ra\u011fmen, Hermes Trismegistus\u2019un \u00f6\u011fretilerinin k\u0131r\u0131lgan sayfalar\u0131, g\u00fcn\u00fcm\u00fcze kadar hayatta kalmay\u0131 ba\u015fard\u0131. Bu kitap, kaybolan bilgiyi kurtarmak ve insan bilincinde bir de\u011fi\u015fim uyand\u0131rmak isteyen t\u00fcm d\u00fc\u015f\u00fcn\u00fcrler ve ara\u015ft\u0131ranlar i\u00e7indir.<\/p>\n","protected":false},"excerpt":{"rendered":"<p>\u0130skenderiye\u2019nin kumlar\u0131ndan, Medicilerin R\u00f6nesans saraylar\u0131ndan g\u00fcn\u00fcm\u00fcze kadar uzanan bu sprit\u00fcel macera \u00f6yk\u00fcs\u00fc, y\u00fczy\u0131llar boyunca ad\u0131 antik d\u00fcnyan\u0131n en \u00fcnl\u00fcleri aras\u0131nda yer alan \u2013s\u0131k s\u0131k an\u0131ld\u0131\u011f\u0131 gibi<span class=\"excerpt-hellip\"> [\u2026]<\/span><\/p>\n","protected":false},"featured_media":0,"template":"","meta":{"_monsterinsights_skip_tracking":false,"_monsterinsights_sitenote_active":false,"_monsterinsights_sitenote_note":"","_monsterinsights_sitenote_category":0},"product_brand":[],"product_cat":[12364,16154],"product_tag":[],"class_list":{"0":"post-733195","1":"product","2":"type-product","3":"status-publish","5":"product_cat-genel-konular","6":"product_cat-parapsikoloji","7":"pa_cilt-ciltsiz","8":"pa_tur-kitap","9":"pa_yayinevi-hermes-yayinlari","10":"pa_yazar-gary-lachman","12":"first","13":"instock","14":"sale","15":"shipping-taxable","16":"purchasable","17":"product-type-simple"},"_links":{"self":[{"href":"https:\/\/roveyayinevi.com.tr\/index.php\/wp-json\/wp\/v2\/product\/733195","targetHints":{"allow":["GET"]}}],"collection":[{"href":"https:\/\/roveyayinevi.com.tr\/index.php\/wp-json\/wp\/v2\/product"}],"about":[{"href":"https:\/\/roveyayinevi.com.tr\/index.php\/wp-json\/wp\/v2\/types\/product"}],"wp:attachment":[{"href":"https:\/\/roveyayinevi.com.tr\/index.php\/wp-json\/wp\/v2\/media?parent=733195"}],"wp:term":[{"taxonomy":"product_brand","embeddable":true,"href":"https:\/\/roveyayinevi.com.tr\/index.php\/wp-json\/wp\/v2\/product_brand?post=733195"},{"taxonomy":"product_cat","embeddable":true,"href":"https:\/\/roveyayinevi.com.tr\/index.php\/wp-json\/wp\/v2\/product_cat?post=733195"},{"taxonomy":"product_tag","embeddable":true,"href":"https:\/\/roveyayinevi.com.tr\/index.php\/wp-json\/wp\/v2\/product_tag?post=733195"}],"curies":[{"name":"wp","href":"https:\/\/api.w.org\/{rel}","templated":true}]}}