{"id":733149,"date":"2025-08-27T22:04:21","date_gmt":"2025-08-27T19:04:21","guid":{"rendered":"https:\/\/roveyayinevi.com.tr\/index.php\/urun\/9-10-yas-dikkat-zeka-bilissel-ve-dusunsel-beceriler-5-kitap-zihin-acma-ve-pekistirme\/"},"modified":"2026-04-16T02:40:51","modified_gmt":"2026-04-15T23:40:51","slug":"9-10-yas-dikkat-zeka-bilissel-ve-dusunsel-beceriler-5-kitap-zihin-acma-ve-pekistirme","status":"publish","type":"product","link":"https:\/\/roveyayinevi.com.tr\/index.php\/urun\/9-10-yas-dikkat-zeka-bilissel-ve-dusunsel-beceriler-5-kitap-zihin-acma-ve-pekistirme\/","title":{"rendered":"9-10 Ya\u015f Dikkat &#8211; Zeka Bili\u015fsel ve D\u00fc\u015f\u00fcnsel Beceriler 5. Kitap &#8211; Zihin A\u00e7ma ve Peki\u015ftirme"},"content":{"rendered":"<p>Zihin A\u00e7ma ve Peki\u015ftirme, De\u011ferlendirme ve Geli\u015ftirme kitab\u0131n\u0131n konu testlerinde bu tipteki sorular\u0131n nas\u0131l \u00e7\u00f6z\u00fclece\u011fine ili\u015fkin ipu\u00e7lar\u0131 verilmi\u015f ve sorular\u0131n zorluk seviyeleri bu tarz sorulara a\u015fina olmayan \u00e7ocuklara g\u00f6re, nispeten kolay olarak haz\u0131rlanm\u0131\u015ft\u0131r. Bu kitap, serinin di\u011fer kitaplar\u0131ndaki sorular\u0131 zor bulan \u00e7ocuklar\u0131 desteklemek ve bu \u00e7ocuklar\u0131n soru \u00e7\u00f6zme tekniklerini geli\u015ftirmek i\u00e7in \u00f6nerilir.<\/p>\n","protected":false},"excerpt":{"rendered":"<p>Zihin A\u00e7ma ve Peki\u015ftirme, De\u011ferlendirme ve Geli\u015ftirme kitab\u0131n\u0131n konu testlerinde bu tipteki sorular\u0131n nas\u0131l \u00e7\u00f6z\u00fclece\u011fine ili\u015fkin ipu\u00e7lar\u0131 verilmi\u015f ve sorular\u0131n zorluk seviyeleri bu tarz sorulara a\u015fina<span class=\"excerpt-hellip\"> [\u2026]<\/span><\/p>\n","protected":false},"featured_media":0,"template":"","meta":{"_monsterinsights_skip_tracking":false,"_monsterinsights_sitenote_active":false,"_monsterinsights_sitenote_note":"","_monsterinsights_sitenote_category":0},"product_brand":[],"product_cat":[12274,24599],"product_tag":[],"class_list":{"0":"post-733149","1":"product","2":"type-product","3":"status-publish","5":"product_cat-cocuk-ve-genclik-kitaplari","6":"product_cat-zeka-gelisimi","7":"pa_cilt-ciltsiz","8":"pa_tur-kitap","9":"pa_yayinevi-dikkat-ve-zeka-akademisi-yayinlari","10":"pa_yazar-alison-primrose","12":"first","13":"instock","14":"sale","15":"shipping-taxable","16":"purchasable","17":"product-type-simple"},"_links":{"self":[{"href":"https:\/\/roveyayinevi.com.tr\/index.php\/wp-json\/wp\/v2\/product\/733149","targetHints":{"allow":["GET"]}}],"collection":[{"href":"https:\/\/roveyayinevi.com.tr\/index.php\/wp-json\/wp\/v2\/product"}],"about":[{"href":"https:\/\/roveyayinevi.com.tr\/index.php\/wp-json\/wp\/v2\/types\/product"}],"wp:attachment":[{"href":"https:\/\/roveyayinevi.com.tr\/index.php\/wp-json\/wp\/v2\/media?parent=733149"}],"wp:term":[{"taxonomy":"product_brand","embeddable":true,"href":"https:\/\/roveyayinevi.com.tr\/index.php\/wp-json\/wp\/v2\/product_brand?post=733149"},{"taxonomy":"product_cat","embeddable":true,"href":"https:\/\/roveyayinevi.com.tr\/index.php\/wp-json\/wp\/v2\/product_cat?post=733149"},{"taxonomy":"product_tag","embeddable":true,"href":"https:\/\/roveyayinevi.com.tr\/index.php\/wp-json\/wp\/v2\/product_tag?post=733149"}],"curies":[{"name":"wp","href":"https:\/\/api.w.org\/{rel}","templated":true}]}}