{"id":733134,"date":"2025-08-27T22:04:07","date_gmt":"2025-08-27T19:04:07","guid":{"rendered":"https:\/\/roveyayinevi.com.tr\/index.php\/urun\/baharin-ettikleri-2\/"},"modified":"2026-04-16T02:40:51","modified_gmt":"2026-04-15T23:40:51","slug":"baharin-ettikleri-2","status":"publish","type":"product","link":"https:\/\/roveyayinevi.com.tr\/index.php\/urun\/baharin-ettikleri-2\/","title":{"rendered":"Bahar\u0131n Ettikleri"},"content":{"rendered":"<p>Orhan Veli \u00f6yk\u00fcleri ilk kez 1947-1950 y\u0131llar\u0131 aras\u0131nda, yazar hayattayken Tanin gazetesi ile Se\u00e7ilmi\u015f Hik\u00e2yeler ve Yaprak dergilerinde, William Saroyan\u2019dan \u201cserbest\u201d olarak \u00e7evirdi\u011fi bir \u00f6yk\u00fc ise \u00f6l\u00fcm\u00fcnden sonra 1952 y\u0131l\u0131nda Vatan gazetesinde yay\u0131mlanm\u0131\u015ft\u0131r. Toplam yedi \u00f6yk\u00fcy\u00fc k\u0131sa \u00f6mr\u00fcne s\u0131\u011fd\u0131rm\u0131\u015f olan Orhan Veli, \u00f6mr\u00fc vefa etseydi belki \u00f6yk\u00fcc\u00fcl\u00fc\u011f\u00fc ile de bir ekol olabilirdi. Orhan Veli\u2019nin \u00f6yk\u00fclerini yay\u0131na haz\u0131rlarken en \u00e7ok \u00f6yk\u00fcc\u00fcl\u00fc\u011f\u00fcne gereken de\u011feri teslim etmeyi ve \u015fairli\u011fi gibi \u00f6yk\u00fcc\u00fcl\u00fc\u011f\u00fcn\u00fcn de T\u00fcrk edebiyat\u0131nda hak etti\u011fi yeri bulmas\u0131n\u0131 arzu ettik. Ancak bizler, Orhan Veli\u2019yi eserlerinden ve onun hakk\u0131nda anlat\u0131lanlardan tan\u0131yanlar olarak ne kadar \u00e7abalasak da onu dostlar\u0131 kadar iyi tan\u0131yamaz ve anlatamay\u0131z. O nedenle bu kitapta, \u00f6yk\u00fclerden sonra yazar\u0131n hayattayken yirmi yedi say\u0131 \u00e7\u0131karm\u0131\u015f oldu\u011fu  \u201cYaprak\u201d dergisine atfen, \u00f6l\u00fcm\u00fcnden sonra dostlar\u0131 taraf\u0131ndan son kez yay\u0131mlanan \u201cSon Yaprak\u201d dergisine yer vermeyi ve bu k\u0131ymetli dergiyi daha geni\u015f okur kitlelerine ula\u015ft\u0131rmay\u0131 hedefledik. Orhan Veli Kan\u0131k \u00f6l\u00fcm\u00fcn\u00fcn \u00fczerinden ge\u00e7en y\u0131llarda h\u00e2l\u00e2 T\u00fcrk edebiyat\u0131nda k\u00f6\u015fe ta\u015f\u0131 olma \u00f6zelli\u011fini ta\u015f\u0131yor. \u015eiirleriyle tan\u0131nan ve sevilen yazar\u0131n \u00f6yk\u00fcc\u00fcl\u00fc\u011f\u00fcn\u00fcn de hak etti\u011fi yeri bulmas\u0131 dile\u011fiyle, an\u0131s\u0131na sayg\u0131 ve \u00f6zlemle\u2026   Gonca Atalay<\/p>\n","protected":false},"excerpt":{"rendered":"<p>Orhan Veli \u00f6yk\u00fcleri ilk kez 1947-1950 y\u0131llar\u0131 aras\u0131nda, yazar hayattayken Tanin gazetesi ile Se\u00e7ilmi\u015f Hik\u00e2yeler ve Yaprak dergilerinde, William Saroyan\u2019dan \u201cserbest\u201d olarak \u00e7evirdi\u011fi bir \u00f6yk\u00fc ise<span class=\"excerpt-hellip\"> [\u2026]<\/span><\/p>\n","protected":false},"featured_media":0,"template":"","meta":{"_monsterinsights_skip_tracking":false,"_monsterinsights_sitenote_active":false,"_monsterinsights_sitenote_note":"","_monsterinsights_sitenote_category":0},"product_brand":[],"product_cat":[12291,12711],"product_tag":[],"class_list":{"0":"post-733134","1":"product","2":"type-product","3":"status-publish","5":"product_cat-edebiyat","6":"product_cat-roman-oyku","7":"pa_cilt-ciltsiz","8":"pa_tur-kitap","9":"pa_yayinevi-maruzat-yayinevi","10":"pa_yazar-orhan-veli-kanik","12":"first","13":"instock","14":"sale","15":"shipping-taxable","16":"purchasable","17":"product-type-simple"},"_links":{"self":[{"href":"https:\/\/roveyayinevi.com.tr\/index.php\/wp-json\/wp\/v2\/product\/733134","targetHints":{"allow":["GET"]}}],"collection":[{"href":"https:\/\/roveyayinevi.com.tr\/index.php\/wp-json\/wp\/v2\/product"}],"about":[{"href":"https:\/\/roveyayinevi.com.tr\/index.php\/wp-json\/wp\/v2\/types\/product"}],"wp:attachment":[{"href":"https:\/\/roveyayinevi.com.tr\/index.php\/wp-json\/wp\/v2\/media?parent=733134"}],"wp:term":[{"taxonomy":"product_brand","embeddable":true,"href":"https:\/\/roveyayinevi.com.tr\/index.php\/wp-json\/wp\/v2\/product_brand?post=733134"},{"taxonomy":"product_cat","embeddable":true,"href":"https:\/\/roveyayinevi.com.tr\/index.php\/wp-json\/wp\/v2\/product_cat?post=733134"},{"taxonomy":"product_tag","embeddable":true,"href":"https:\/\/roveyayinevi.com.tr\/index.php\/wp-json\/wp\/v2\/product_tag?post=733134"}],"curies":[{"name":"wp","href":"https:\/\/api.w.org\/{rel}","templated":true}]}}