{"id":733123,"date":"2025-08-27T22:03:55","date_gmt":"2025-08-27T19:03:55","guid":{"rendered":"https:\/\/roveyayinevi.com.tr\/index.php\/urun\/aninda-goruntu\/"},"modified":"2026-04-16T02:40:51","modified_gmt":"2026-04-15T23:40:51","slug":"aninda-goruntu","status":"publish","type":"product","link":"https:\/\/roveyayinevi.com.tr\/index.php\/urun\/aninda-goruntu\/","title":{"rendered":"An\u0131nda G\u00f6r\u00fcnt\u00fc"},"content":{"rendered":"<p>\u0130stanbul\u2019un ta\u015fl\u0131 yollar\u0131nda delikanl\u0131lar, kafalar\u0131n\u0131 g\u00fczelli\u011fe, \u00f6zg\u00fcrl\u00fc\u011fe ve ba\u015fkald\u0131r\u0131ya \u00e7evirirken \u00fclkedeki gerginlik a\u015fa\u011f\u0131dan yukar\u0131ya yukar\u0131dan a\u015fa\u011f\u0131ya artmakta ve herkes kaderlerinin bi\u00e7ilece\u011fi bu zaman i\u00e7in yerlerini almaktayd\u0131. \u0130\u015fte bu k\u00f6\u015fe kapma oyunu s\u0131ras\u0131nda sokaklardan meyhanelere kadar olan biten her \u015fey Muzaffer Buyruk\u00e7u\u2019nun \u00f6zenli kaleminden bir kamera ger\u00e7ekli\u011fiyle kaydedilmi\u015fti, deklan\u015f\u00f6re basm\u0131\u015f her ne oluyorsa an\u0131nda g\u00f6r\u00fcnt\u00fclenmi\u015fti. Muzaffer Buyruk\u00e7u, 1968\u2019den 1986\u2019ya uzanan g\u00fcnl\u00fcklerini bir araya getirdi\u011fi An\u0131nda G\u00f6r\u00fcnt\u00fc\u2019de, edebiyat camias\u0131n\u0131n ve d\u00f6nemin akt\u00fcel \u00e7evresinin adeta bir foto\u011fraf\u0131n\u0131 \u00e7ekerek kalbinde ve zihninde sakl\u0131 kalan an\u0131lar\u0131 \u00f6l\u00fcms\u00fcz k\u0131l\u0131yor. Edip Cansever\u2019den Cevap \u00c7apan\u2019a, Yannis Ritsos\u2019tan, Ren\u00e9 Gaudy\u2019e kadar ulusal ve uluslararas\u0131 bir\u00e7ok sanat\u00e7\u0131n\u0131n mahfillerde d\u00f6nem edebiyat\u0131 ve \u00e7a\u011f\u0131n sanat anlay\u0131\u015f\u0131na dair fikirleri Buyruk\u00e7u\u2019nun g\u00fcnl\u00fcklerinden sonsuzlu\u011fa uzanan bir yolculu\u011fa \u00e7\u0131k\u0131yor. <\/p>\n","protected":false},"excerpt":{"rendered":"<p>\u0130stanbul\u2019un ta\u015fl\u0131 yollar\u0131nda delikanl\u0131lar, kafalar\u0131n\u0131 g\u00fczelli\u011fe, \u00f6zg\u00fcrl\u00fc\u011fe ve ba\u015fkald\u0131r\u0131ya \u00e7evirirken \u00fclkedeki gerginlik a\u015fa\u011f\u0131dan yukar\u0131ya yukar\u0131dan a\u015fa\u011f\u0131ya artmakta ve herkes kaderlerinin bi\u00e7ilece\u011fi bu zaman i\u00e7in yerlerini almaktayd\u0131.<span class=\"excerpt-hellip\"> [\u2026]<\/span><\/p>\n","protected":false},"featured_media":0,"template":"","meta":{"_monsterinsights_skip_tracking":false,"_monsterinsights_sitenote_active":false,"_monsterinsights_sitenote_note":"","_monsterinsights_sitenote_category":0},"product_brand":[],"product_cat":[13701,12291],"product_tag":[],"class_list":{"0":"post-733123","1":"product","2":"type-product","3":"status-publish","5":"product_cat-ani-mektup-gunluk","6":"product_cat-edebiyat","7":"pa_cilt-ciltsiz","8":"pa_tur-kitap","9":"pa_yayinevi-kirmizi-kedi-yayinevi","10":"pa_yazar-muzaffer-buyrukcu","12":"first","13":"instock","14":"sale","15":"shipping-taxable","16":"purchasable","17":"product-type-simple"},"_links":{"self":[{"href":"https:\/\/roveyayinevi.com.tr\/index.php\/wp-json\/wp\/v2\/product\/733123","targetHints":{"allow":["GET"]}}],"collection":[{"href":"https:\/\/roveyayinevi.com.tr\/index.php\/wp-json\/wp\/v2\/product"}],"about":[{"href":"https:\/\/roveyayinevi.com.tr\/index.php\/wp-json\/wp\/v2\/types\/product"}],"wp:attachment":[{"href":"https:\/\/roveyayinevi.com.tr\/index.php\/wp-json\/wp\/v2\/media?parent=733123"}],"wp:term":[{"taxonomy":"product_brand","embeddable":true,"href":"https:\/\/roveyayinevi.com.tr\/index.php\/wp-json\/wp\/v2\/product_brand?post=733123"},{"taxonomy":"product_cat","embeddable":true,"href":"https:\/\/roveyayinevi.com.tr\/index.php\/wp-json\/wp\/v2\/product_cat?post=733123"},{"taxonomy":"product_tag","embeddable":true,"href":"https:\/\/roveyayinevi.com.tr\/index.php\/wp-json\/wp\/v2\/product_tag?post=733123"}],"curies":[{"name":"wp","href":"https:\/\/api.w.org\/{rel}","templated":true}]}}