{"id":733105,"date":"2025-08-27T22:03:36","date_gmt":"2025-08-27T19:03:36","guid":{"rendered":"https:\/\/roveyayinevi.com.tr\/index.php\/urun\/islamda-nikahin-kadina-yukledigi-sorumluluklar\/"},"modified":"2026-04-16T02:40:50","modified_gmt":"2026-04-15T23:40:50","slug":"islamda-nikahin-kadina-yukledigi-sorumluluklar","status":"publish","type":"product","link":"https:\/\/roveyayinevi.com.tr\/index.php\/urun\/islamda-nikahin-kadina-yukledigi-sorumluluklar\/","title":{"rendered":"\u0130slamda Nikah\u0131n Kad\u0131na Y\u00fckledi\u011fi Sorumluluklar"},"content":{"rendered":"<p>G\u00fcn\u00fcm\u00fczde aile kurumu, \u00f6nceki d\u00f6nemlerde kar\u015f\u0131la\u015f\u0131lmad\u0131\u011f\u0131 kadar yo\u011fun bir bi\u00e7imde \u00e7e\u015fitli tehdit ve tehlikelerle kar\u015f\u0131 kar\u015f\u0131ya bulunmaktad\u0131r. Sanayi devriminden sonra de\u011fi\u015fen her kurum gibi aile kurumunun da yap\u0131s\u0131 de\u011fi\u015fmi\u015f, ili\u015fkilerin karma\u015f\u0131k oldu\u011fu bak\u0131\u015f a\u00e7\u0131lar\u0131n\u0131n de\u011fi\u015fti\u011fi bir kutum halini alm\u0131\u015ft\u0131r.  Ailelerin gittik\u00e7e k\u00fc\u00e7\u00fclmesi, aile fertleri aras\u0131ndaki kar\u015f\u0131l\u0131kl\u0131 sevgi ve sayg\u0131 ba\u011f\u0131n\u0131n ve g\u00fcven duygusunun zay\u0131flamas\u0131, \u00e7ocuklara kar\u015f\u0131 ilgi ve alakan\u0131n bazen \u00e7ok gev\u015fek bazen de a\u015f\u0131r\u0131 koruyuculuk boyutlar\u0131na ula\u015fm\u0131\u015f olmas\u0131, aile fertleri aras\u0131nda bencillik, h\u0131rs, haset ve rahata d\u00fc\u015fk\u00fcnl\u00fcklerin, l\u00fcks t\u00fcketim ve israf\u0131n artmas\u0131,  kimlik ve ki\u015filik bunal\u0131mlar\u0131, kar\u0131, koca ve \u00e7ocuklar aras\u0131nda g\u00f6rev ve yetki payla\u015f\u0131m\u0131 konular\u0131nda g\u00f6r\u00fclen sorunlar; aile i\u00e7i \u015fiddet, cinsiyet ay\u0131r\u0131m\u0131 ve \u00e7al\u0131\u015fma \u015fartlar\u0131 gibi hususlar bug\u00fcn aileyi tehdit eden problemlerin ba\u015f\u0131nda gelmektedir. Bu problemlerin etkisiyle, ailelerde bo\u015fanma olaylar\u0131 artmakta, yeni nesiller aile kurma sorumlulu\u011fundan ka\u00e7\u0131nmakta, aile d\u0131\u015f\u0131nda me\u015fru olmayan birtak\u0131m ya\u015fam tarzlar\u0131 ortaya \u00e7\u0131kmakta ve aile kurumu bunal\u0131m ge\u00e7irmektedir. <\/p>\n","protected":false},"excerpt":{"rendered":"<p>G\u00fcn\u00fcm\u00fczde aile kurumu, \u00f6nceki d\u00f6nemlerde kar\u015f\u0131la\u015f\u0131lmad\u0131\u011f\u0131 kadar yo\u011fun bir bi\u00e7imde \u00e7e\u015fitli tehdit ve tehlikelerle kar\u015f\u0131 kar\u015f\u0131ya bulunmaktad\u0131r. Sanayi devriminden sonra de\u011fi\u015fen her kurum gibi aile kurumunun<span class=\"excerpt-hellip\"> [\u2026]<\/span><\/p>\n","protected":false},"featured_media":0,"template":"","meta":{"_monsterinsights_skip_tracking":false,"_monsterinsights_sitenote_active":false,"_monsterinsights_sitenote_note":"","_monsterinsights_sitenote_category":0},"product_brand":[],"product_cat":[13036,12718,12719],"product_tag":[],"class_list":{"0":"post-733105","1":"product","2":"type-product","3":"status-publish","5":"product_cat-arastirma-inceleme-islam","6":"product_cat-din","7":"product_cat-islam","8":"pa_cilt-ciltsiz","9":"pa_tur-kitap","10":"pa_yayinevi-gulnar-yayinlari","11":"pa_yazar-neslihan-utangan","13":"first","14":"instock","15":"sale","16":"shipping-taxable","17":"purchasable","18":"product-type-simple"},"_links":{"self":[{"href":"https:\/\/roveyayinevi.com.tr\/index.php\/wp-json\/wp\/v2\/product\/733105","targetHints":{"allow":["GET"]}}],"collection":[{"href":"https:\/\/roveyayinevi.com.tr\/index.php\/wp-json\/wp\/v2\/product"}],"about":[{"href":"https:\/\/roveyayinevi.com.tr\/index.php\/wp-json\/wp\/v2\/types\/product"}],"wp:attachment":[{"href":"https:\/\/roveyayinevi.com.tr\/index.php\/wp-json\/wp\/v2\/media?parent=733105"}],"wp:term":[{"taxonomy":"product_brand","embeddable":true,"href":"https:\/\/roveyayinevi.com.tr\/index.php\/wp-json\/wp\/v2\/product_brand?post=733105"},{"taxonomy":"product_cat","embeddable":true,"href":"https:\/\/roveyayinevi.com.tr\/index.php\/wp-json\/wp\/v2\/product_cat?post=733105"},{"taxonomy":"product_tag","embeddable":true,"href":"https:\/\/roveyayinevi.com.tr\/index.php\/wp-json\/wp\/v2\/product_tag?post=733105"}],"curies":[{"name":"wp","href":"https:\/\/api.w.org\/{rel}","templated":true}]}}