{"id":733104,"date":"2025-08-27T22:03:35","date_gmt":"2025-08-27T19:03:35","guid":{"rendered":"https:\/\/roveyayinevi.com.tr\/index.php\/urun\/vatan-asigi\/"},"modified":"2026-04-16T02:40:50","modified_gmt":"2026-04-15T23:40:50","slug":"vatan-asigi","status":"publish","type":"product","link":"https:\/\/roveyayinevi.com.tr\/index.php\/urun\/vatan-asigi\/","title":{"rendered":"Vatan A\u015f\u0131\u011f\u0131"},"content":{"rendered":"<p>\u00c2\u015f\u0131k Sayyad&#8217;\u0131n \u015fiirinin temel \u00f6zelli\u011fi, Divan edebiyat\u0131 ve halk \u015fiiri \u00f6zelliklerini ta\u015f\u0131mas\u0131d\u0131r. A\u015f\u0131k Sayyad&#8217;\u0131n \u015fiirinde &#8220;sanat sanat i\u00e7indir&#8221; ve &#8220;sanat toplum i\u00e7indir,  halk i\u00e7indir&#8221; anlay\u0131\u015f\u0131 hakimdir. Dizgi vahidi olarak;  Ko\u015fma, Gerayl\u0131, Mahn\u0131 ve Bayat\u0131&#8217;larda d\u00f6rt dize kullan\u0131l\u0131r. Daha \u00e7ok eksiksiz ve zengin kafiye kullan\u0131l\u0131r. Arap\u00e7a ve Fars\u00e7a kelime ve eklerle dolu s\u00fcsl\u00fc bir dil kullan\u0131lm\u0131\u015ft\u0131r. \u00c2\u015f\u0131k Sayyad&#8217;da da g\u00f6r\u00fcld\u00fc\u011f\u00fc gibi her divan \u015fairinin h\u00fcneri, belli kurallara uyularak k\u0131ssa yapmak, sanatsal s\u00f6ylemler ortaya koymak, i\u00e7eri\u011fi yerinde kullanmak ve bu ko\u015fullarda etkili bir s\u00f6ylemin g\u00fczelli\u011fini yakalamakt\u0131r. Konuya de\u011fil, konunun i\u015fleyi\u015f bi\u00e7imine \u00f6nem verildi\u011finden, ayn\u0131 konu farkl\u0131 zamanlarda bir\u00e7ok \u015fair taraf\u0131ndan i\u015flenmi\u015ftir. Bu sebeple Leyla ile Mecnun, Yusuf ile Z\u00fcleyha, Asl\u0131 ile Kerem ve&#8230; Ad\u0131n\u0131 ta\u015f\u0131yan bir \u00e7ok eser vard\u0131r. Divan \u015fiiri ka\u00e7\u0131n\u0131lmaz oldu\u011fu  Sayyad&#8217;\u0131n \u015fiirlerinde de Arap ve Fars edebiyat\u0131ndan tan\u0131nm\u0131\u015f semboller bulunur.  \u0130\u00e7erik ad\u0131 verilen bu semboller de\u011fi\u015ftirilmeden kullan\u0131l\u0131r. <\/p>\n","protected":false},"excerpt":{"rendered":"<p>\u00c2\u015f\u0131k Sayyad&#8217;\u0131n \u015fiirinin temel \u00f6zelli\u011fi, Divan edebiyat\u0131 ve halk \u015fiiri \u00f6zelliklerini ta\u015f\u0131mas\u0131d\u0131r. A\u015f\u0131k Sayyad&#8217;\u0131n \u015fiirinde &#8220;sanat sanat i\u00e7indir&#8221; ve &#8220;sanat toplum i\u00e7indir, halk i\u00e7indir&#8221; anlay\u0131\u015f\u0131 hakimdir.<span class=\"excerpt-hellip\"> [\u2026]<\/span><\/p>\n","protected":false},"featured_media":0,"template":"","meta":{"_monsterinsights_skip_tracking":false,"_monsterinsights_sitenote_active":false,"_monsterinsights_sitenote_note":"","_monsterinsights_sitenote_category":0},"product_brand":[],"product_cat":[12291,12509],"product_tag":[],"class_list":{"0":"post-733104","1":"product","2":"type-product","3":"status-publish","5":"product_cat-edebiyat","6":"product_cat-siir","7":"pa_cilt-ciltsiz","8":"pa_tur-kitap","9":"pa_yayinevi-gulnar-yayinlari","10":"pa_yazar-asik-sayyad-caferzade-keleyberli","12":"first","13":"instock","14":"sale","15":"shipping-taxable","16":"purchasable","17":"product-type-simple"},"_links":{"self":[{"href":"https:\/\/roveyayinevi.com.tr\/index.php\/wp-json\/wp\/v2\/product\/733104","targetHints":{"allow":["GET"]}}],"collection":[{"href":"https:\/\/roveyayinevi.com.tr\/index.php\/wp-json\/wp\/v2\/product"}],"about":[{"href":"https:\/\/roveyayinevi.com.tr\/index.php\/wp-json\/wp\/v2\/types\/product"}],"wp:attachment":[{"href":"https:\/\/roveyayinevi.com.tr\/index.php\/wp-json\/wp\/v2\/media?parent=733104"}],"wp:term":[{"taxonomy":"product_brand","embeddable":true,"href":"https:\/\/roveyayinevi.com.tr\/index.php\/wp-json\/wp\/v2\/product_brand?post=733104"},{"taxonomy":"product_cat","embeddable":true,"href":"https:\/\/roveyayinevi.com.tr\/index.php\/wp-json\/wp\/v2\/product_cat?post=733104"},{"taxonomy":"product_tag","embeddable":true,"href":"https:\/\/roveyayinevi.com.tr\/index.php\/wp-json\/wp\/v2\/product_tag?post=733104"}],"curies":[{"name":"wp","href":"https:\/\/api.w.org\/{rel}","templated":true}]}}