{"id":733091,"date":"2025-08-27T22:03:21","date_gmt":"2025-08-27T19:03:21","guid":{"rendered":"https:\/\/roveyayinevi.com.tr\/index.php\/urun\/r-u-r-rossumun-uluslararasi-robotlari\/"},"modified":"2026-04-16T02:40:50","modified_gmt":"2026-04-15T23:40:50","slug":"r-u-r-rossumun-uluslararasi-robotlari","status":"publish","type":"product","link":"https:\/\/roveyayinevi.com.tr\/index.php\/urun\/r-u-r-rossumun-uluslararasi-robotlari\/","title":{"rendered":"R. U. R. &#8211; Rossum\u2019un Uluslararas\u0131 Robotlar\u0131"},"content":{"rendered":"<p>\u201cHarikulade, berrak, muteber, h\u00fcz\u00fcnl\u00fc bi\u00e7imde komik ve kehanet dolu bir sesle g\u00fcn\u00fcm\u00fcze hitap eden muhte\u015fem bir yazar.\u201d \u2013Kurt Vonnegut\u201cKarel \u010capek benzersiz bir yazar. Onun eserlerini okumak b\u00fcy\u00fck bir zevk.\u201d \u2013Arthur Miller\u201cD\u00fcnyadak\u0130 T\u00fcm Robotlar! \u0130nsanin B\u0130z\u0130m D\u00fc\u015fmanimiz Ve Evren\u0130n Mus\u0130bet\u0130 Oldu\u011funu Bildiririz.\u201dKarel \u010capek, hen\u00fcz bilimkurgu ayr\u0131 bir t\u00fcr de\u011filken bu alanda vizyoner eserler \u00fcretmi\u015f ve \u201crobot\u201d kelimesini d\u00fcnya dillerine kazand\u0131rm\u0131\u015f, hem \u00c7ek hem de Avrupa edebiyat\u0131n\u0131n en k\u0131ymetli yazarlar\u0131ndan biri. R.U.R. ise yapay zek\u00e2n\u0131n ve roboti\u011fin modern yaz\u0131n ve sanatta ilk kez anlaml\u0131ca yer buldu\u011fu, \u00f6ng\u00f6r\u00fcl\u00fc bir oyun.Rossum\u2019un Uluslararas\u0131 Robotlar\u0131\u2019n\u0131n \u00fcretti\u011fi y\u00fcz binlerce i\u015f\u00e7i robot t\u00fcm d\u00fcnyaya sat\u0131l\u0131yordu. Robotlar toplumun ihtiya\u00e7lar\u0131n\u0131n \u00e7o\u011funu \u00fcretecek, insanlar\u0131 \u00e7al\u0131\u015fmaktan kurtaracak ve insanl\u0131k i\u00e7in alt\u0131n \u00e7a\u011f\u0131 getireceklerdi. Sava\u015f\u0131n, a\u00e7l\u0131\u011f\u0131n ve fakirli\u011fin olmad\u0131\u011f\u0131 bir d\u00fcnya hayal de\u011fildi art\u0131k.Robot fabrikas\u0131nda \u00e7al\u0131\u015fan m\u00fchendisler, \u0130nsanl\u0131k Birli\u011fi \u00fcyesi ve m\u00fcd\u00fcr\u00fcn e\u015fi Helena Gloryov\u00e1\u2019n\u0131n giri\u015fimleriyle \u00fcrettikleri robotlar\u0131 bir makineden ziyade bir insana yak\u0131n tasarlamaya ba\u015flad\u0131klar\u0131nda ise, hem kendilerinin hem de insanl\u0131\u011f\u0131n kaderini yapay ellere teslim edeceklerdi.Her \u015feyi haf\u0131zalar\u0131na kaydeden ama yeni bir fikir \u00fcretmekten aciz olan robotlar\u0131n sa\u011flad\u0131\u011f\u0131 bu \u00fctopya, insanlar\u0131n \u00fcremeyi b\u0131rakmas\u0131yla anlam\u0131n\u0131 da yitirecekti. Ve yeni d\u00fcnyan\u0131n temelleri bir isyanla at\u0131lacakt\u0131.R.U.R., insan\u0131n kendi eliyle yaratt\u0131\u011f\u0131 k\u0131yameti.<\/p>\n","protected":false},"excerpt":{"rendered":"<p>\u201cHarikulade, berrak, muteber, h\u00fcz\u00fcnl\u00fc bi\u00e7imde komik ve kehanet dolu bir sesle g\u00fcn\u00fcm\u00fcze hitap eden muhte\u015fem bir yazar.\u201d \u2013Kurt Vonnegut\u201cKarel \u010capek benzersiz bir yazar. Onun eserlerini okumak<span class=\"excerpt-hellip\"> [\u2026]<\/span><\/p>\n","protected":false},"featured_media":0,"template":"","meta":{"_monsterinsights_skip_tracking":false,"_monsterinsights_sitenote_active":false,"_monsterinsights_sitenote_note":"","_monsterinsights_sitenote_category":0},"product_brand":[],"product_cat":[12540,12291],"product_tag":[],"class_list":{"0":"post-733091","1":"product","2":"type-product","3":"status-publish","5":"product_cat-bilim-kurgu","6":"product_cat-edebiyat","7":"pa_cilt-ciltsiz","8":"pa_tur-kitap","9":"pa_yayinevi-ithaki-yayinlari","10":"pa_yazar-karel-capek","12":"first","13":"instock","14":"sale","15":"shipping-taxable","16":"purchasable","17":"product-type-simple"},"_links":{"self":[{"href":"https:\/\/roveyayinevi.com.tr\/index.php\/wp-json\/wp\/v2\/product\/733091","targetHints":{"allow":["GET"]}}],"collection":[{"href":"https:\/\/roveyayinevi.com.tr\/index.php\/wp-json\/wp\/v2\/product"}],"about":[{"href":"https:\/\/roveyayinevi.com.tr\/index.php\/wp-json\/wp\/v2\/types\/product"}],"wp:attachment":[{"href":"https:\/\/roveyayinevi.com.tr\/index.php\/wp-json\/wp\/v2\/media?parent=733091"}],"wp:term":[{"taxonomy":"product_brand","embeddable":true,"href":"https:\/\/roveyayinevi.com.tr\/index.php\/wp-json\/wp\/v2\/product_brand?post=733091"},{"taxonomy":"product_cat","embeddable":true,"href":"https:\/\/roveyayinevi.com.tr\/index.php\/wp-json\/wp\/v2\/product_cat?post=733091"},{"taxonomy":"product_tag","embeddable":true,"href":"https:\/\/roveyayinevi.com.tr\/index.php\/wp-json\/wp\/v2\/product_tag?post=733091"}],"curies":[{"name":"wp","href":"https:\/\/api.w.org\/{rel}","templated":true}]}}