{"id":733084,"date":"2025-08-27T22:03:14","date_gmt":"2025-08-27T19:03:14","guid":{"rendered":"https:\/\/roveyayinevi.com.tr\/index.php\/urun\/kadidan-hakime\/"},"modified":"2026-02-03T02:57:23","modified_gmt":"2026-02-02T23:57:23","slug":"kadidan-hakime","status":"publish","type":"product","link":"https:\/\/roveyayinevi.com.tr\/index.php\/urun\/kadidan-hakime\/","title":{"rendered":"Kad\u0131dan Hakime"},"content":{"rendered":"<p>Siyasal iktidar de\u011fi\u015fimiyle birlikte yarg\u0131 kararlar\u0131 k\u0131sa su\u0308rede nas\u0131l de\u011fi\u015febiliyor? Binlerce h\u00e2kim, siyasal iktidar\u0131n gu\u0308nlu\u0308k politik tav\u0131rlar\u0131 do\u011frultusunda k\u0131sa aral\u0131klarla de\u011fi\u015fen ve birbirini \u00e7u\u0308ru\u0308ten kararlar\u0131 nas\u0131l verebiliyor? Ba\u011f\u0131ms\u0131z ve tarafs\u0131z oldu\u011fu dillerden du\u0308\u015fmeyen yarg\u0131n\u0131n kolayl\u0131kla manipu\u0308le edilebilmesi ne \u015fekilde ger\u00e7ekle\u015fiyor? H\u00e2kimlerin ve savc\u0131lar\u0131n iktidar\u0131n arzusu do\u011frultusunda sevk ve idaresi nas\u0131l mu\u0308mku\u0308n oluyor? Gu\u0308nu\u0308mu\u0308zde H\u00e2kimler Savc\u0131lar Kurulu, yarg\u0131 u\u0308stu\u0308ndeki mutlak gu\u0308\u00e7 pozisyonunu, h\u00e2kimler u\u0308zerindeki otoritesini hangi ara\u00e7larla tesis ediyor? Tu\u0308rkiye\u2019deki yarg\u0131n\u0131n ger\u00e7ek anlamda anla\u015f\u0131lmas\u0131 i\u00e7in tu\u0308m bu sorular\u0131n ve fazlas\u0131n\u0131n cevaplanmas\u0131 gerekiyor. Uzun su\u0308redir yarg\u0131 prati\u011finin i\u00e7inde olan, hukuka sosyolojik, tarihsel ve felsefi bir bak\u0131\u015f a\u00e7\u0131s\u0131yla yakla\u015fan Muzaffer \u015eakar, Osmanl\u0131\u2019dan Cumhuriyet\u2019e aktar\u0131lan ve gu\u0308nu\u0308mu\u0308ze uzanan su\u0308re\u00e7te h\u00e2kimlik mesle\u011fini yolcu\u011funu etrafl\u0131 bi\u00e7imde ele alarak bu sorular\u0131n pe\u015fine du\u0308\u015fu\u0308yor. Osmanl\u0131\u2019da kad\u0131l\u0131k, Cumhuriyet d\u00f6nemindeyse h\u00e2kimlik te\u015fkilat\u0131n\u0131n in\u015fas\u0131na ve yu\u0308ru\u0308tu\u0308lu\u0308\u015f bi\u00e7imine ili\u015fkin tarihsel bilgilere, mevzuata ve uygulamalara de\u011finerek yarg\u0131n\u0131n \u00f6teden beri su\u0308regelen bu\u0308rokratik niteliklerini ortaya koyan Kad\u0131dan H\u00e2kime, hukuktan ziyade devlete; adaletten ziyade bu\u0308rokrasiye g\u00f6re hizalanan yarg\u0131n\u0131n seyrini g\u00f6zler \u00f6nu\u0308ne seriyor. \u201c(\u2026) karar verme su\u0308recinin h\u00e2kim ve norm aras\u0131nda ya\u015fanan bir su\u0308re\u00e7 olmad\u0131\u011f\u0131n\u0131, h\u00e2kimin ne \u2018yasan\u0131n dili\u2019 ne de ger\u00e7ek \u2018kanun koyucu\u2019 olarak nitelenece\u011fini anlayacakt\u0131m. H\u00e2kim, ne hukuk normuna anlam kazand\u0131ran, ne de hukukun ne olmas\u0131 gerekti\u011fini s\u00f6yleyen ki\u015fiydi. H\u00e2kim, hukuk normunu uygulamakla, hatta daha basitiyle dava dosyas\u0131n\u0131 sonu\u00e7land\u0131rmak i\u00e7in gerekli prosedu\u0308rleri ve ilgili evraklar\u0131 tamamlamakla yu\u0308ku\u0308mlu\u0308ydu\u0308 . Sadece norm de\u011fil, asl\u0131nda hu\u0308ku\u0308m de h\u00e2kim i\u00e7in verili unsurlardan biriydi.<\/p>\n","protected":false},"excerpt":{"rendered":"<p>Siyasal iktidar de\u011fi\u015fimiyle birlikte yarg\u0131 kararlar\u0131 k\u0131sa su\u0308rede nas\u0131l de\u011fi\u015febiliyor? Binlerce h\u00e2kim, siyasal iktidar\u0131n gu\u0308nlu\u0308k politik tav\u0131rlar\u0131 do\u011frultusunda k\u0131sa aral\u0131klarla de\u011fi\u015fen ve birbirini \u00e7u\u0308ru\u0308ten kararlar\u0131 nas\u0131l<span class=\"excerpt-hellip\"> [\u2026]<\/span><\/p>\n","protected":false},"featured_media":0,"template":"","meta":{"_monsterinsights_skip_tracking":false,"_monsterinsights_sitenote_active":false,"_monsterinsights_sitenote_note":"","_monsterinsights_sitenote_category":0},"product_brand":[],"product_cat":[13590,12337],"product_tag":[],"class_list":{"0":"post-733084","1":"product","2":"type-product","3":"status-publish","5":"product_cat-arastirma-inceleme-politika-siyaset","6":"product_cat-politika-siyaset","7":"pa_cilt-ciltsiz","8":"pa_tur-kitap","9":"pa_yayinevi-iletisim-yayinlari","10":"pa_yazar-muzaffer-sakar","12":"first","13":"instock","14":"sale","15":"shipping-taxable","16":"purchasable","17":"product-type-simple"},"_links":{"self":[{"href":"https:\/\/roveyayinevi.com.tr\/index.php\/wp-json\/wp\/v2\/product\/733084","targetHints":{"allow":["GET"]}}],"collection":[{"href":"https:\/\/roveyayinevi.com.tr\/index.php\/wp-json\/wp\/v2\/product"}],"about":[{"href":"https:\/\/roveyayinevi.com.tr\/index.php\/wp-json\/wp\/v2\/types\/product"}],"wp:attachment":[{"href":"https:\/\/roveyayinevi.com.tr\/index.php\/wp-json\/wp\/v2\/media?parent=733084"}],"wp:term":[{"taxonomy":"product_brand","embeddable":true,"href":"https:\/\/roveyayinevi.com.tr\/index.php\/wp-json\/wp\/v2\/product_brand?post=733084"},{"taxonomy":"product_cat","embeddable":true,"href":"https:\/\/roveyayinevi.com.tr\/index.php\/wp-json\/wp\/v2\/product_cat?post=733084"},{"taxonomy":"product_tag","embeddable":true,"href":"https:\/\/roveyayinevi.com.tr\/index.php\/wp-json\/wp\/v2\/product_tag?post=733084"}],"curies":[{"name":"wp","href":"https:\/\/api.w.org\/{rel}","templated":true}]}}