{"id":733066,"date":"2025-08-27T22:02:55","date_gmt":"2025-08-27T19:02:55","guid":{"rendered":"https:\/\/roveyayinevi.com.tr\/index.php\/urun\/ayrilmaz-ikili-kurbaga-ve-murbaga\/"},"modified":"2026-04-16T02:40:50","modified_gmt":"2026-04-15T23:40:50","slug":"ayrilmaz-ikili-kurbaga-ve-murbaga","status":"publish","type":"product","link":"https:\/\/roveyayinevi.com.tr\/index.php\/urun\/ayrilmaz-ikili-kurbaga-ve-murbaga\/","title":{"rendered":"Ayr\u0131lmaz \u0130kili Kurba\u011fa ve Murba\u011fa"},"content":{"rendered":"<p>Kurba\u011fa ve Murba\u011fa her zaman birlikte. Bu be\u015f m\u00fckemmel hik\u00e2ye \u00e7i\u00e7ekler, kurabiyeler, cesaret, r\u00fcyalar ve hepsinden \u00f6nemlisi arkada\u015fl\u0131k hakk\u0131nda.   \u201cK\u00fct\u00fcphanemin birbirinden ayr\u0131lmaz o muhte\u015fem ikilisi: Kurba\u011fa ve Murba\u011fa. Arkada\u015fl\u0131k ba\u011flar\u0131yla \u00e7o\u011falan, b\u00fcy\u00fcyen sevginin en g\u00fczel anlat\u0131m\u0131 onlar\u0131n d\u00fcnyas\u0131nda var. Sevginin vazge\u00e7ilmezli\u011fine olan inanc\u0131mla o ikili k\u00fct\u00fcphanemde hep ya\u015f\u0131yorlar. Onlar \u00e7al\u0131\u015fmalar\u0131mda benim sa\u011f kolum. Var olsunlar!\u201d Ferhan Sel\u00e7uk-K\u00fct\u00fcphane \u00d6\u011fretmeni <\/p>\n","protected":false},"excerpt":{"rendered":"<p>Kurba\u011fa ve Murba\u011fa her zaman birlikte. Bu be\u015f m\u00fckemmel hik\u00e2ye \u00e7i\u00e7ekler, kurabiyeler, cesaret, r\u00fcyalar ve hepsinden \u00f6nemlisi arkada\u015fl\u0131k hakk\u0131nda. \u201cK\u00fct\u00fcphanemin birbirinden ayr\u0131lmaz o muhte\u015fem ikilisi: Kurba\u011fa<span class=\"excerpt-hellip\"> [\u2026]<\/span><\/p>\n","protected":false},"featured_media":0,"template":"","meta":{"_monsterinsights_skip_tracking":false,"_monsterinsights_sitenote_active":false,"_monsterinsights_sitenote_note":"","_monsterinsights_sitenote_category":0},"product_brand":[],"product_cat":[12274,12284],"product_tag":[],"class_list":{"0":"post-733066","1":"product","2":"type-product","3":"status-publish","5":"product_cat-cocuk-ve-genclik-kitaplari","6":"product_cat-hikayeler","7":"pa_cilt-ciltsiz","8":"pa_tur-kitap","9":"pa_yayinevi-kelime-yayinlari","10":"pa_yazar-arnold-lobel","12":"first","13":"instock","14":"sale","15":"shipping-taxable","16":"purchasable","17":"product-type-simple"},"_links":{"self":[{"href":"https:\/\/roveyayinevi.com.tr\/index.php\/wp-json\/wp\/v2\/product\/733066","targetHints":{"allow":["GET"]}}],"collection":[{"href":"https:\/\/roveyayinevi.com.tr\/index.php\/wp-json\/wp\/v2\/product"}],"about":[{"href":"https:\/\/roveyayinevi.com.tr\/index.php\/wp-json\/wp\/v2\/types\/product"}],"wp:attachment":[{"href":"https:\/\/roveyayinevi.com.tr\/index.php\/wp-json\/wp\/v2\/media?parent=733066"}],"wp:term":[{"taxonomy":"product_brand","embeddable":true,"href":"https:\/\/roveyayinevi.com.tr\/index.php\/wp-json\/wp\/v2\/product_brand?post=733066"},{"taxonomy":"product_cat","embeddable":true,"href":"https:\/\/roveyayinevi.com.tr\/index.php\/wp-json\/wp\/v2\/product_cat?post=733066"},{"taxonomy":"product_tag","embeddable":true,"href":"https:\/\/roveyayinevi.com.tr\/index.php\/wp-json\/wp\/v2\/product_tag?post=733066"}],"curies":[{"name":"wp","href":"https:\/\/api.w.org\/{rel}","templated":true}]}}