{"id":733050,"date":"2025-08-27T22:02:38","date_gmt":"2025-08-27T19:02:38","guid":{"rendered":"https:\/\/roveyayinevi.com.tr\/index.php\/urun\/lunapark-kapandi\/"},"modified":"2026-04-16T02:40:49","modified_gmt":"2026-04-15T23:40:49","slug":"lunapark-kapandi","status":"publish","type":"product","link":"https:\/\/roveyayinevi.com.tr\/index.php\/urun\/lunapark-kapandi\/","title":{"rendered":"Lunapark Kapand\u0131"},"content":{"rendered":"<p>Hayalleri, masallar\u0131 ve yenilgileri olmayan insan, ya\u015fad\u0131\u011f\u0131n\u0131 s\u00f6yleyebilir mi? Ya o tutku ili\u015fkileri? Bizi bir yerlere g\u00f6t\u00fcrece\u011fine hep inanmak istedi\u011fimiz, o a\u015fklar, o sevgililer? \u0130li\u015fkilerimizde duvarlar \u00f6ren ve bunu bize hissettiren kimdir asl\u0131nda? Kendini kazanman\u0131n bedeli, birilerini kaybetmeyi g\u00f6ze almak m\u0131?O hayalleri yolun neresinde yitiriyoruz?Lunapark Kapand\u0131, bu sorulara yan\u0131tlar arayanlar\u0131n, di\u011fer yandan da gidenlerin, gitmeyi bilenlerin ve hep ayn\u0131 yerde kalanlar\u0131n, kendilerini bir odaya tutsak edenlerin hik\u00e2yesi&#8230; Geriye, bir d\u00fczen kurduklar\u0131na inananlar\u0131n, oyunlar\u0131na s\u0131\u011f\u0131nanlar\u0131n hayat\u0131n neresinde olduklar\u0131n\u0131 sormak kal\u0131yor&#8230;Ve roman bir ger\u00e7e\u011fi g\u00f6steriyor; bu yalanlar\u0131m\u0131zla o kadar kalabal\u0131\u011f\u0131z ki asl\u0131nda&#8230;<\/p>\n","protected":false},"excerpt":{"rendered":"<p>Hayalleri, masallar\u0131 ve yenilgileri olmayan insan, ya\u015fad\u0131\u011f\u0131n\u0131 s\u00f6yleyebilir mi? Ya o tutku ili\u015fkileri? Bizi bir yerlere g\u00f6t\u00fcrece\u011fine hep inanmak istedi\u011fimiz, o a\u015fklar, o sevgililer? \u0130li\u015fkilerimizde duvarlar<span class=\"excerpt-hellip\"> [\u2026]<\/span><\/p>\n","protected":false},"featured_media":0,"template":"","meta":{"_monsterinsights_skip_tracking":false,"_monsterinsights_sitenote_active":false,"_monsterinsights_sitenote_note":"","_monsterinsights_sitenote_category":0},"product_brand":[],"product_cat":[12291,12711],"product_tag":[],"class_list":{"0":"post-733050","1":"product","2":"type-product","3":"status-publish","5":"product_cat-edebiyat","6":"product_cat-roman-oyku","7":"pa_cilt-ciltsiz","8":"pa_tur-kitap","9":"pa_yayinevi-everest-yayinlari","10":"pa_yazar-mario-levi","12":"first","13":"instock","14":"sale","15":"shipping-taxable","16":"purchasable","17":"product-type-simple"},"_links":{"self":[{"href":"https:\/\/roveyayinevi.com.tr\/index.php\/wp-json\/wp\/v2\/product\/733050","targetHints":{"allow":["GET"]}}],"collection":[{"href":"https:\/\/roveyayinevi.com.tr\/index.php\/wp-json\/wp\/v2\/product"}],"about":[{"href":"https:\/\/roveyayinevi.com.tr\/index.php\/wp-json\/wp\/v2\/types\/product"}],"wp:attachment":[{"href":"https:\/\/roveyayinevi.com.tr\/index.php\/wp-json\/wp\/v2\/media?parent=733050"}],"wp:term":[{"taxonomy":"product_brand","embeddable":true,"href":"https:\/\/roveyayinevi.com.tr\/index.php\/wp-json\/wp\/v2\/product_brand?post=733050"},{"taxonomy":"product_cat","embeddable":true,"href":"https:\/\/roveyayinevi.com.tr\/index.php\/wp-json\/wp\/v2\/product_cat?post=733050"},{"taxonomy":"product_tag","embeddable":true,"href":"https:\/\/roveyayinevi.com.tr\/index.php\/wp-json\/wp\/v2\/product_tag?post=733050"}],"curies":[{"name":"wp","href":"https:\/\/api.w.org\/{rel}","templated":true}]}}