{"id":733031,"date":"2025-08-27T22:02:16","date_gmt":"2025-08-27T19:02:16","guid":{"rendered":"https:\/\/roveyayinevi.com.tr\/index.php\/urun\/egitim-uzerine-3\/"},"modified":"2026-04-16T02:40:49","modified_gmt":"2026-04-15T23:40:49","slug":"egitim-uzerine-3","status":"publish","type":"product","link":"https:\/\/roveyayinevi.com.tr\/index.php\/urun\/egitim-uzerine-3\/","title":{"rendered":"E\u011fitim \u00dczerine"},"content":{"rendered":"<p>\u0130nsan olarak insani \u015feyleri, \u00f6l\u00fcml\u00fc olarak \u00f6l\u00fcml\u00fc \u015feyleri d\u00fc\u015f\u00fcnmemizi sal\u0131k verenlere kulak asmamal\u0131, fakat elimizden geldi\u011fince kendimizi \u00f6l\u00fcms\u00fczle\u015ftirmeli ve i\u00e7imizdeki en iyi, en y\u00fcce \u015feyle uyum i\u00e7inde ya\u015famak i\u00e7in her \u015feyi yapmal\u0131y\u0131z.\u201dAristoteles\u0130nsan, eksik bir varl\u0131kt\u0131r. \u0130nsan\u0131n hayvanlara k\u0131yasla \u00e7\u0131plak, zay\u0131f, korunmas\u0131z oldu\u011fu ve bu eksikli\u011fi gidermek i\u00e7in \u201cteknik\u201di bulup geli\u015ftirdi\u011fi s\u00f6ylenmektedir. Teknik bu eksikli\u011fi gidermi\u015f midir? Yoksa giderilmesi gereken bir ba\u015fka ve daha esasl\u0131 bir eksiklik mi vard\u0131r?\u0130nsan\u0131n bu eksikli\u011fi \u00f6z\u00fcyle ilgilidir ve tamamlanma u\u011fra\u015f\u0131, ya\u015fad\u0131\u011f\u0131 hayat\u0131n t\u00fcm\u00fcn\u00fc ba\u015ftan sona i\u00e7ine al\u0131r; insan ancak bu sayede sonunda \u201ckemal\u201de eri\u015fir.Grek d\u00fc\u015f\u00fcncesinin en b\u00fcy\u00fck simalar\u0131ndan birinin, \u201ce\u011fitim\u201din bu tamamlanma s\u00fcrecinin neresinde yer ald\u0131\u011f\u0131n\u0131 \u00f6\u011frenmek isteyenler i\u00e7in bulunmaz bir kaynak&#8230;<\/p>\n","protected":false},"excerpt":{"rendered":"<p>\u0130nsan olarak insani \u015feyleri, \u00f6l\u00fcml\u00fc olarak \u00f6l\u00fcml\u00fc \u015feyleri d\u00fc\u015f\u00fcnmemizi sal\u0131k verenlere kulak asmamal\u0131, fakat elimizden geldi\u011fince kendimizi \u00f6l\u00fcms\u00fczle\u015ftirmeli ve i\u00e7imizdeki en iyi, en y\u00fcce \u015feyle uyum<span class=\"excerpt-hellip\"> [\u2026]<\/span><\/p>\n","protected":false},"featured_media":0,"template":"","meta":{"_monsterinsights_skip_tracking":false,"_monsterinsights_sitenote_active":false,"_monsterinsights_sitenote_note":"","_monsterinsights_sitenote_category":0},"product_brand":[],"product_cat":[12388,13555],"product_tag":[],"class_list":{"0":"post-733031","1":"product","2":"type-product","3":"status-publish","5":"product_cat-felsefe","6":"product_cat-genel-felsefe","7":"pa_cilt-ciltsiz","8":"pa_tur-kitap","9":"pa_yayinevi-profil-kitap","10":"pa_yazar-aristoteles","12":"first","13":"instock","14":"sale","15":"shipping-taxable","16":"purchasable","17":"product-type-simple"},"_links":{"self":[{"href":"https:\/\/roveyayinevi.com.tr\/index.php\/wp-json\/wp\/v2\/product\/733031","targetHints":{"allow":["GET"]}}],"collection":[{"href":"https:\/\/roveyayinevi.com.tr\/index.php\/wp-json\/wp\/v2\/product"}],"about":[{"href":"https:\/\/roveyayinevi.com.tr\/index.php\/wp-json\/wp\/v2\/types\/product"}],"wp:attachment":[{"href":"https:\/\/roveyayinevi.com.tr\/index.php\/wp-json\/wp\/v2\/media?parent=733031"}],"wp:term":[{"taxonomy":"product_brand","embeddable":true,"href":"https:\/\/roveyayinevi.com.tr\/index.php\/wp-json\/wp\/v2\/product_brand?post=733031"},{"taxonomy":"product_cat","embeddable":true,"href":"https:\/\/roveyayinevi.com.tr\/index.php\/wp-json\/wp\/v2\/product_cat?post=733031"},{"taxonomy":"product_tag","embeddable":true,"href":"https:\/\/roveyayinevi.com.tr\/index.php\/wp-json\/wp\/v2\/product_tag?post=733031"}],"curies":[{"name":"wp","href":"https:\/\/api.w.org\/{rel}","templated":true}]}}