{"id":733021,"date":"2025-08-27T22:01:32","date_gmt":"2025-08-27T19:01:32","guid":{"rendered":"https:\/\/roveyayinevi.com.tr\/index.php\/urun\/balarisi\/"},"modified":"2026-04-16T02:40:48","modified_gmt":"2026-04-15T23:40:48","slug":"balarisi","status":"publish","type":"product","link":"https:\/\/roveyayinevi.com.tr\/index.php\/urun\/balarisi\/","title":{"rendered":"Balar\u0131s\u0131"},"content":{"rendered":"<p>Balar\u0131s\u0131 Apis\u2019in kovandan g\u00f6ky\u00fcz\u00fcne uzanan ya\u015fam yolculu\u011fu ba\u015fl\u0131yor!Eric Rohmann\u2019\u0131n do\u011fan\u0131n g\u00f6rkemini yans\u0131tan muhte\u015fem \u00e7izimlerini \u00f6d\u00fcll\u00fc yazar Candace Fleming\u2019in \u015fiirsel metniyle bir araya getiren bu \u00f6yk\u00fc, balar\u0131s\u0131n\u0131n ya\u015fam\u0131n\u0131 b\u00fct\u00fcn detaylar\u0131yla g\u00f6zler \u00f6n\u00fcne seriyor.Minik balar\u0131s\u0131 Apis petekteki tek g\u00f6z odac\u0131\u011f\u0131ndan \u00e7\u0131k\u0131p kovan hayat\u0131na ad\u0131m atar. Ya\u015fad\u0131\u011f\u0131 toplulu\u011fu koruma ve kovanla ilgilenme g\u00fcd\u00fcleriyle kre\u015fi temizler, larvalar\u0131 ve krali\u00e7eyi besler. Peki Apis u\u00e7abilecek kadar g\u00fc\u00e7l\u00fc m\u00fcd\u00fcr? Daha de\u011fil! Apis \u00fcretti\u011fi balmumuyla kovanda bal deposu olarak kullan\u0131lacak petek g\u00f6zleri yapar, di\u011fer ar\u0131lardan ald\u0131\u011f\u0131 poleni depoya yerle\u015ftirir. Kovan\u0131 istilac\u0131lara kar\u015f\u0131 savunur. Ve sonunda maceraya at\u0131laca\u011f\u0131 g\u00fcn gelir \u00e7atar. Apis art\u0131k u\u00e7acak kadar g\u00fc\u00e7l\u00fcd\u00fcr. Kovanda deneyim kazanm\u0131\u015f y\u00fczlerce tarlac\u0131 ar\u0131yla birlikte havalan\u0131r. Kovan duvarlar\u0131n\u0131n ard\u0131nda onlar\u0131 bekleyen masmavi g\u00f6ky\u00fcz\u00fcne ve nektar y\u00fckl\u00fc \u00e7i\u00e7eklere do\u011fru u\u00e7arlar.<\/p>\n","protected":false},"excerpt":{"rendered":"<p>Balar\u0131s\u0131 Apis\u2019in kovandan g\u00f6ky\u00fcz\u00fcne uzanan ya\u015fam yolculu\u011fu ba\u015fl\u0131yor!Eric Rohmann\u2019\u0131n do\u011fan\u0131n g\u00f6rkemini yans\u0131tan muhte\u015fem \u00e7izimlerini \u00f6d\u00fcll\u00fc yazar Candace Fleming\u2019in \u015fiirsel metniyle bir araya getiren bu \u00f6yk\u00fc, balar\u0131s\u0131n\u0131n<span class=\"excerpt-hellip\"> [\u2026]<\/span><\/p>\n","protected":false},"featured_media":0,"template":"","meta":{"_monsterinsights_skip_tracking":false,"_monsterinsights_sitenote_active":false,"_monsterinsights_sitenote_note":"","_monsterinsights_sitenote_category":0},"product_brand":[],"product_cat":[12275,12274],"product_tag":[],"class_list":{"0":"post-733021","1":"product","2":"type-product","3":"status-publish","5":"product_cat-6-12-yas-kitaplari","6":"product_cat-cocuk-ve-genclik-kitaplari","7":"pa_cilt-ciltsiz","8":"pa_tur-kitap","9":"pa_yayinevi-kuraldisi-yayinevi","10":"pa_yazar-candace-fleming-eric-rohmann","12":"first","13":"instock","14":"sale","15":"shipping-taxable","16":"purchasable","17":"product-type-simple"},"_links":{"self":[{"href":"https:\/\/roveyayinevi.com.tr\/index.php\/wp-json\/wp\/v2\/product\/733021","targetHints":{"allow":["GET"]}}],"collection":[{"href":"https:\/\/roveyayinevi.com.tr\/index.php\/wp-json\/wp\/v2\/product"}],"about":[{"href":"https:\/\/roveyayinevi.com.tr\/index.php\/wp-json\/wp\/v2\/types\/product"}],"wp:attachment":[{"href":"https:\/\/roveyayinevi.com.tr\/index.php\/wp-json\/wp\/v2\/media?parent=733021"}],"wp:term":[{"taxonomy":"product_brand","embeddable":true,"href":"https:\/\/roveyayinevi.com.tr\/index.php\/wp-json\/wp\/v2\/product_brand?post=733021"},{"taxonomy":"product_cat","embeddable":true,"href":"https:\/\/roveyayinevi.com.tr\/index.php\/wp-json\/wp\/v2\/product_cat?post=733021"},{"taxonomy":"product_tag","embeddable":true,"href":"https:\/\/roveyayinevi.com.tr\/index.php\/wp-json\/wp\/v2\/product_tag?post=733021"}],"curies":[{"name":"wp","href":"https:\/\/api.w.org\/{rel}","templated":true}]}}