{"id":733019,"date":"2025-08-27T22:01:30","date_gmt":"2025-08-27T19:01:30","guid":{"rendered":"https:\/\/roveyayinevi.com.tr\/index.php\/urun\/uluslararasi-iliskiler-teorileri-4\/"},"modified":"2026-04-16T02:40:48","modified_gmt":"2026-04-15T23:40:48","slug":"uluslararasi-iliskiler-teorileri-4","status":"publish","type":"product","link":"https:\/\/roveyayinevi.com.tr\/index.php\/urun\/uluslararasi-iliskiler-teorileri-4\/","title":{"rendered":"Uluslararas\u0131 \u0130li\u015fkiler Teorileri"},"content":{"rendered":"<p>Teori, Uluslararas\u0131 \u0130li\u015fkiler disiplininin a\u011f\u0131rl\u0131k merkezidir ve d\u00fcnyada olan bitenlere dair a\u00e7\u0131klamalar sunmaktad\u0131r. Oxford \u00dcniversitesi Yay\u0131nlar\u0131 taraf\u0131ndan yay\u0131nlanan ve art\u0131k klasik bir eser haline gelmi\u015f olan Uluslararas\u0131 \u0130li\u015fkiler Teorileri adl\u0131 bu kitapta yer alan ve b\u00fcy\u00fck bir \u00e7e\u015fitlili\u011fi yans\u0131tan teoriler, uluslararas\u0131 ili\u015fkiler d\u00fcnyas\u0131n\u0131 anlamam\u0131za \u00f6nemli bir katk\u0131 sa\u011flamaktad\u0131r. Bu disiplindeki en yetkin bilim adamlar\u0131n\u0131 biraraya getiren ve alan\u0131nda t\u00fcm d\u00fcnyada en \u00e7ok satan ders kitaplar\u0131 aras\u0131nda bulunan bu \u00e7al\u0131\u015fma, uluslararas\u0131 ili\u015fkiler teorilerini ve arg\u00fcmanlar\u0131n\u0131 ele al\u0131\u015f bi\u00e7imi bak\u0131m\u0131ndan rakipsizdir. Edit\u00f6rler Dunne, Kurki ve Smith, tarihsel olarak hakim gelenekler olan realizm, liberalizm ve Marksizmden ba\u015flay\u0131p, genellikle marjinalle\u015ftirilmi\u015f yakla\u015f\u0131mlar olan postkolonyalizmden ye\u015fil teoriye kadar t\u00fcm bir teorik perspektifler ve tart\u0131\u015fmalar yelpazesini incelemektedir. Bu yeni edisyonda kitaba \u2018K\u00fcresel Uluslararas\u0131 \u0130li\u015fkiler\u2019 ba\u015fl\u0131kl\u0131 yeni bir b\u00f6l\u00fcm eklenerek \u00f6\u011frencilerin bu disiplinin geli\u015fmesinin ba\u011flam\u0131 \u00fczerine ele\u015ftirel bi\u00e7imde d\u00fc\u015f\u00fcnmesi ama\u00e7lanm\u0131\u015ft\u0131r. Kitab\u0131n her bir b\u00f6l\u00fcm\u00fc belirli bir teoriye odaklanmakta ve ger\u00e7ek d\u00fcnyadaki siyas\u00ee ikilemleri a\u00e7\u0131klamak i\u00e7in teorinin nas\u0131l kullan\u0131labilece\u011fini g\u00f6steren bir vaka incelemesi yoluyla teori ile pratik aras\u0131nda k\u00f6pr\u00fcler kurmaktad\u0131r. Bu ba\u011flamda verilen vaka incelemesi sorular\u0131 analitik d\u00fc\u015f\u00fcnceyi te\u015fvik etmekte, okuyucuya teoriyi somut siyas\u00ee sorunlara uygulaman\u0131n de\u011ferini g\u00f6stermektedir. Her b\u00f6l\u00fcmdeki \u2018\u00d6nemli Kitap\u2019 ve \u2018\u00d6nemli Makale\u2019 metin kutular\u0131 da, \u00f6\u011frencileri daha ileri seviyede okuma ve ara\u015ft\u0131rma yapmaya \u00f6zendirmektedir. Felix Kitap olarak, k\u00fcresel d\u00fczeydeki son geli\u015fmeler dikkate al\u0131narak g\u00f6zden ge\u00e7irilmi\u015f bu de\u011ferli \u00e7al\u0131\u015fman\u0131n en g\u00fcncel versiyonunu T\u00fcrk\u00e7eye kazand\u0131rman\u0131n ve \u00f6\u011frenci ve \u00f6\u011fretim \u00fcyelerinin istifadesine sunman\u0131n k\u0131vanc\u0131n\u0131 ya\u015f\u0131yoruz.<\/p>\n","protected":false},"excerpt":{"rendered":"<p>Teori, Uluslararas\u0131 \u0130li\u015fkiler disiplininin a\u011f\u0131rl\u0131k merkezidir ve d\u00fcnyada olan bitenlere dair a\u00e7\u0131klamalar sunmaktad\u0131r. Oxford \u00dcniversitesi Yay\u0131nlar\u0131 taraf\u0131ndan yay\u0131nlanan ve art\u0131k klasik bir eser haline gelmi\u015f olan<span class=\"excerpt-hellip\"> [\u2026]<\/span><\/p>\n","protected":false},"featured_media":0,"template":"","meta":{"_monsterinsights_skip_tracking":false,"_monsterinsights_sitenote_active":false,"_monsterinsights_sitenote_note":"","_monsterinsights_sitenote_category":0},"product_brand":[],"product_cat":[12337,17225],"product_tag":[],"class_list":{"0":"post-733019","1":"product","2":"type-product","3":"status-publish","5":"product_cat-politika-siyaset","6":"product_cat-uluslararasi-iliskiler","7":"pa_cilt-ciltsiz","8":"pa_tur-kitap","9":"pa_yayinevi-felix-kitap","10":"pa_yazar-felix-kitap-kolektif","12":"first","13":"instock","14":"sale","15":"shipping-taxable","16":"purchasable","17":"product-type-simple"},"_links":{"self":[{"href":"https:\/\/roveyayinevi.com.tr\/index.php\/wp-json\/wp\/v2\/product\/733019","targetHints":{"allow":["GET"]}}],"collection":[{"href":"https:\/\/roveyayinevi.com.tr\/index.php\/wp-json\/wp\/v2\/product"}],"about":[{"href":"https:\/\/roveyayinevi.com.tr\/index.php\/wp-json\/wp\/v2\/types\/product"}],"wp:attachment":[{"href":"https:\/\/roveyayinevi.com.tr\/index.php\/wp-json\/wp\/v2\/media?parent=733019"}],"wp:term":[{"taxonomy":"product_brand","embeddable":true,"href":"https:\/\/roveyayinevi.com.tr\/index.php\/wp-json\/wp\/v2\/product_brand?post=733019"},{"taxonomy":"product_cat","embeddable":true,"href":"https:\/\/roveyayinevi.com.tr\/index.php\/wp-json\/wp\/v2\/product_cat?post=733019"},{"taxonomy":"product_tag","embeddable":true,"href":"https:\/\/roveyayinevi.com.tr\/index.php\/wp-json\/wp\/v2\/product_tag?post=733019"}],"curies":[{"name":"wp","href":"https:\/\/api.w.org\/{rel}","templated":true}]}}