{"id":733012,"date":"2025-08-27T22:01:23","date_gmt":"2025-08-27T19:01:23","guid":{"rendered":"https:\/\/roveyayinevi.com.tr\/index.php\/urun\/tarihte-muslumanlar-8-cilt-takim\/"},"modified":"2026-04-16T02:40:48","modified_gmt":"2026-04-15T23:40:48","slug":"tarihte-muslumanlar-8-cilt-takim","status":"publish","type":"product","link":"https:\/\/roveyayinevi.com.tr\/index.php\/urun\/tarihte-muslumanlar-8-cilt-takim\/","title":{"rendered":"Tarihte M\u00fcsl\u00fcmanlar (8 Cilt Tak\u0131m)"},"content":{"rendered":"<p>8 ciltten olu\u015fan \u201cTarihte M\u00fcsl\u00fcmanlar\u201d, Milattan Sonra 21 y\u00fczy\u0131l\u0131n 10\u2019una m\u00fch\u00fcr vuran M\u00fcsl\u00fcman medeniyetini ele almaktad\u0131r. \u201cTarihte M\u00fcsl\u00fcmanlar\u201d\u0131n yaz\u0131m\u0131ndaki ama\u00e7, M\u00fcsl\u00fcmanlar\u0131n tarih\u00ee tecr\u00fcbesinin do\u011fru anla\u015f\u0131lmas\u0131na katk\u0131 sa\u011flayabilmektir. Bu k\u00fclliyat i\u00e7in uzman akademisyenlerden yakla\u015f\u0131k on ki\u015filik edit\u00f6ryal ekip olu\u015fturuldu. Yo\u011fun bir \u00e7al\u0131\u015fmayla yaz\u0131lacak devletler, bilim adamlar\u0131, olaylar ve bilim dallar\u0131n\u0131n tarihi geli\u015fimi ile y\u00fczy\u0131l de\u011ferlendirmelerinin yaz\u0131l\u0131\u015f formatlar\u0131, hacimleri ve \u00f6rnek metinlerini haz\u0131rlad\u0131. K\u00fclliyat, kendine has i\u00e7erik yap\u0131s\u0131 ile okurlar\u0131n en sade bi\u00e7imde yararlanmalar\u0131 i\u00e7in haz\u0131rland\u0131. Metinlerde selis bir \u00fcslup kullan\u0131ld\u0131. K\u00fclliyatta, \u2022 Bug\u00fcne kadar h\u00fck\u00fcm s\u00fcrm\u00fc\u015f 160 M\u00fcsl\u00fcman devlet, \u2022 Bu devletlere ve medeniyete y\u00f6n vermi\u015f 1100 ilim adam\u0131 \u2022 K\u0131r\u0131lma noktas\u0131 olu\u015fturan 150 \u00f6nemli olay \u2022 Alan\u0131nda uzman yakla\u015f\u0131k 200 akademisyen taraf\u0131ndan kaleme ald\u0131. \u201cTarihte M\u00fcsl\u00fcmanlar\u201d k\u00fclliyat\u0131, \u0130slam tarihinin k\u0131r\u0131lma noktalar\u0131n\u0131 merak eden okuru iz s\u00fcrmeye davet ediyor.<\/p>\n","protected":false},"excerpt":{"rendered":"<p>8 ciltten olu\u015fan \u201cTarihte M\u00fcsl\u00fcmanlar\u201d, Milattan Sonra 21 y\u00fczy\u0131l\u0131n 10\u2019una m\u00fch\u00fcr vuran M\u00fcsl\u00fcman medeniyetini ele almaktad\u0131r. \u201cTarihte M\u00fcsl\u00fcmanlar\u201d\u0131n yaz\u0131m\u0131ndaki ama\u00e7, M\u00fcsl\u00fcmanlar\u0131n tarih\u00ee tecr\u00fcbesinin do\u011fru anla\u015f\u0131lmas\u0131na katk\u0131<span class=\"excerpt-hellip\"> [\u2026]<\/span><\/p>\n","protected":false},"featured_media":0,"template":"","meta":{"_monsterinsights_skip_tracking":false,"_monsterinsights_sitenote_active":false,"_monsterinsights_sitenote_note":"","_monsterinsights_sitenote_category":0},"product_brand":[],"product_cat":[12718,12719,18109],"product_tag":[],"class_list":{"0":"post-733012","1":"product","2":"type-product","3":"status-publish","5":"product_cat-din","6":"product_cat-islam","7":"product_cat-islam-tarihi","8":"pa_cilt-set","9":"pa_tur-kitap","10":"pa_yayinevi-otto-yayinlari","11":"pa_yazar-irfan-aycan","13":"first","14":"instock","15":"sale","16":"shipping-taxable","17":"purchasable","18":"product-type-simple"},"_links":{"self":[{"href":"https:\/\/roveyayinevi.com.tr\/index.php\/wp-json\/wp\/v2\/product\/733012","targetHints":{"allow":["GET"]}}],"collection":[{"href":"https:\/\/roveyayinevi.com.tr\/index.php\/wp-json\/wp\/v2\/product"}],"about":[{"href":"https:\/\/roveyayinevi.com.tr\/index.php\/wp-json\/wp\/v2\/types\/product"}],"wp:attachment":[{"href":"https:\/\/roveyayinevi.com.tr\/index.php\/wp-json\/wp\/v2\/media?parent=733012"}],"wp:term":[{"taxonomy":"product_brand","embeddable":true,"href":"https:\/\/roveyayinevi.com.tr\/index.php\/wp-json\/wp\/v2\/product_brand?post=733012"},{"taxonomy":"product_cat","embeddable":true,"href":"https:\/\/roveyayinevi.com.tr\/index.php\/wp-json\/wp\/v2\/product_cat?post=733012"},{"taxonomy":"product_tag","embeddable":true,"href":"https:\/\/roveyayinevi.com.tr\/index.php\/wp-json\/wp\/v2\/product_tag?post=733012"}],"curies":[{"name":"wp","href":"https:\/\/api.w.org\/{rel}","templated":true}]}}