{"id":733007,"date":"2025-08-27T22:01:19","date_gmt":"2025-08-27T19:01:19","guid":{"rendered":"https:\/\/roveyayinevi.com.tr\/index.php\/urun\/koca-devin-koca-sebzeleri\/"},"modified":"2026-04-16T02:40:48","modified_gmt":"2026-04-15T23:40:48","slug":"koca-devin-koca-sebzeleri","status":"publish","type":"product","link":"https:\/\/roveyayinevi.com.tr\/index.php\/urun\/koca-devin-koca-sebzeleri\/","title":{"rendered":"Koca Dev\u2019in Koca Sebzeleri"},"content":{"rendered":"<p>Masal bu ya, obur mu obur, huysuz mu huysuz bir dev, evinin yak\u0131nlar\u0131ndaki k\u00f6y\u00fc neredeyse esir alm\u0131\u015f, kendisini doyurmazlarsa her g\u00fcn i\u00e7lerinden bir tanesini yiyece\u011fini s\u00f6yleyerek k\u00f6yl\u00fcleri korkudan tir tir titretmi\u015f. Ama dev o kadar oburmu\u015f ki k\u00f6yl\u00fcler deve yemek yeti\u015ftiremiyormu\u015f. Tam zavall\u0131 k\u00f6yl\u00fcler \u00e7aresiz kalm\u0131\u015fken, kocaman bir adam \u00e7\u0131k\u0131vermi\u015f ortaya. Bu koca adam\u0131n torbas\u0131ndaki sihirli toz b\u00fct\u00fcn meyve ve sebzeleri bir dakikada b\u00fcy\u00fct\u00fcyor, koskocaman yap\u0131yormu\u015f. B\u00f6ylece k\u00f6yl\u00fcler bu sihirli tozun b\u00fcy\u00fctt\u00fc\u011f\u00fc sebze ve meyvelerle hem devi doyurmu\u015flar hem kendi yiyecek ihtiya\u00e7lar\u0131n\u0131 gidermi\u015fler hem de \u00e7evre k\u00f6ylere sebze-meyve vermeye ba\u015flam\u0131\u015flar. Herkes iyiymi\u015f ho\u015fmu\u015f, memnunmu\u015f hayat\u0131ndan; ama sihirli tozla b\u00fcy\u00fcyen sebze,meyvelerin hi\u00e7 iyi ve ho\u015f olmayan yanlar\u0131 varm\u0131\u015f!   &#8220;Banu Bozdemir&#8217;den g\u00fczel bir masal daha. Bencil kocaman bir devve tembel k\u00f6yl\u00fcler&#8230; Onlar\u0131n bu durumundan faydalanan yaramaz bir peri&#8230; Banu Bozdemir bize, sevimli karakterler arac\u0131l\u0131\u011f\u0131yla, kolay yoldan ger\u00e7ekte hi\u00e7bir \u015feyin kazan\u0131lmayaca\u011f\u0131n\u0131 anlat\u0131yor. Ama masal\u0131n onunda, deve de perilere de k\u00f6yl\u00fclere de hak vermemek imk\u00e2ns\u0131z. Bunu sa\u011flayan ise Banu Bozdemir&#8217;in anlat\u0131m\u0131.&#8221; &#8211;      Seda Ke\u00e7e-T\u00fcrk\u00e7e \u00d6\u011fretmeni <\/p>\n","protected":false},"excerpt":{"rendered":"<p>Masal bu ya, obur mu obur, huysuz mu huysuz bir dev, evinin yak\u0131nlar\u0131ndaki k\u00f6y\u00fc neredeyse esir alm\u0131\u015f, kendisini doyurmazlarsa her g\u00fcn i\u00e7lerinden bir tanesini yiyece\u011fini s\u00f6yleyerek<span class=\"excerpt-hellip\"> [\u2026]<\/span><\/p>\n","protected":false},"featured_media":0,"template":"","meta":{"_monsterinsights_skip_tracking":false,"_monsterinsights_sitenote_active":false,"_monsterinsights_sitenote_note":"","_monsterinsights_sitenote_category":0},"product_brand":[],"product_cat":[12275,12274],"product_tag":[],"class_list":{"0":"post-733007","1":"product","2":"type-product","3":"status-publish","5":"product_cat-6-12-yas-kitaplari","6":"product_cat-cocuk-ve-genclik-kitaplari","7":"pa_cilt-ciltsiz","8":"pa_tur-kitap","9":"pa_yayinevi-epsilon-ozel-urun","10":"pa_yazar-banu-bozdemir","12":"first","13":"instock","14":"sale","15":"shipping-taxable","16":"purchasable","17":"product-type-simple"},"_links":{"self":[{"href":"https:\/\/roveyayinevi.com.tr\/index.php\/wp-json\/wp\/v2\/product\/733007","targetHints":{"allow":["GET"]}}],"collection":[{"href":"https:\/\/roveyayinevi.com.tr\/index.php\/wp-json\/wp\/v2\/product"}],"about":[{"href":"https:\/\/roveyayinevi.com.tr\/index.php\/wp-json\/wp\/v2\/types\/product"}],"wp:attachment":[{"href":"https:\/\/roveyayinevi.com.tr\/index.php\/wp-json\/wp\/v2\/media?parent=733007"}],"wp:term":[{"taxonomy":"product_brand","embeddable":true,"href":"https:\/\/roveyayinevi.com.tr\/index.php\/wp-json\/wp\/v2\/product_brand?post=733007"},{"taxonomy":"product_cat","embeddable":true,"href":"https:\/\/roveyayinevi.com.tr\/index.php\/wp-json\/wp\/v2\/product_cat?post=733007"},{"taxonomy":"product_tag","embeddable":true,"href":"https:\/\/roveyayinevi.com.tr\/index.php\/wp-json\/wp\/v2\/product_tag?post=733007"}],"curies":[{"name":"wp","href":"https:\/\/api.w.org\/{rel}","templated":true}]}}