{"id":732999,"date":"2025-08-27T22:01:11","date_gmt":"2025-08-27T19:01:11","guid":{"rendered":"https:\/\/roveyayinevi.com.tr\/index.php\/urun\/5-tip-zor-insan\/"},"modified":"2025-08-31T17:29:47","modified_gmt":"2025-08-31T14:29:47","slug":"5-tip-zor-insan","status":"publish","type":"product","link":"https:\/\/roveyayinevi.com.tr\/index.php\/urun\/5-tip-zor-insan\/","title":{"rendered":"5 Tip Zor \u0130nsan"},"content":{"rendered":"<p>5 T\u0130P ZOR \u0130NSAN Hayat\u0131n\u0131z\u0131 Mahvedebilecek Bu Ki\u015filerden Kendinizi Nas\u0131l Korursunuz? Evde, i\u015fyerinde, ya\u015fad\u0131\u011f\u0131n\u0131z sosyal ortamda bulunan veya g\u00fcnl\u00fck hayat\u0131n\u0131za bir s\u00fcre i\u00e7in giren- \u00e7\u0131kan zor ve aksi insanlar vard\u0131r mutlaka. Sald\u0131rgan, sivri ve hakaret edici dil veya uygunsuz davran\u0131\u015flar kar\u015f\u0131s\u0131nda donup kal\u0131rs\u0131n\u0131z. Ruh hali aniden de\u011fi\u015fen, mant\u0131ks\u0131z bir \u015fekilde \u015f\u00fcpheci veya d\u00fc\u015fmanca davranan, kendi sorunlar\u0131 i\u00e7in daima ba\u015fkalar\u0131n\u0131 su\u00e7layan ve hep ba\u015fkalar\u0131yla u\u011fra\u015farak \u00e7evresinde \u201cg\u00fcnah ke\u00e7isi\u201d arayan bu ki\u015filere ne diyece\u011finizi, onlarla ne yapaca\u011f\u0131n\u0131z\u0131 \u015fa\u015f\u0131r\u0131rs\u0131n\u0131z. E\u011fer i\u015fler daha da k\u00f6t\u00fcye gitmezse ne huzurunuz kal\u0131r ne a\u011fz\u0131n\u0131z\u0131n tad\u0131\u2026 Narsisist, psikopat, sosyopat, paranoyak gibi s\u0131fatlarla tan\u0131mlanabilecek ve anti-sosyal niteliklere sahip bu \u201czor ki\u015filik\u201d ger\u00e7ekten de hayat\u0131n\u0131z\u0131 mahvetmeye yeter. Bu ki\u015filerle u\u011fra\u015fmak sadece zor de\u011fil ayn\u0131 zamanda tehlikelidir de. E\u011fer hayat\u0131n\u0131zda b\u00f6yle birileri varsa bu kitap cankurtaran\u0131n\u0131z olabilir. Hukuk\u00e7u ve terapist Bill Eddy \u00f6rnek ki\u015fi ve vakalarla zenginle\u015ftirdi\u011fi anlat\u0131m\u0131nda kendi deneyimlerini bu ki\u015filiklerin anla\u015f\u0131lmas\u0131n\u0131, fark edilmesini sa\u011flayan bir dile \u00e7eviriyor. Ayr\u0131ca bu ki\u015filerin kurban\u0131 veya g\u00fcnah ke\u00e7isi olmamak i\u00e7in de ne yap\u0131lmas\u0131 gerekti\u011fini belirtirken ak\u0131lda tutulmas\u0131 kolay tekniklerle yol g\u00f6steriyor. Onlar\u0131n ki\u015filiklerini de\u011fi\u015ftiremeyiz belki ama ne yapaca\u011f\u0131m\u0131z\u0131, nas\u0131l ili\u015fki kuraca\u011f\u0131m\u0131z\u0131 \u00f6\u011frenebiliriz.<\/p>\n","protected":false},"excerpt":{"rendered":"<p>5 T\u0130P ZOR \u0130NSAN Hayat\u0131n\u0131z\u0131 Mahvedebilecek Bu Ki\u015filerden Kendinizi Nas\u0131l Korursunuz? Evde, i\u015fyerinde, ya\u015fad\u0131\u011f\u0131n\u0131z sosyal ortamda bulunan veya g\u00fcnl\u00fck hayat\u0131n\u0131za bir s\u00fcre i\u00e7in giren- \u00e7\u0131kan zor<span class=\"excerpt-hellip\"> [\u2026]<\/span><\/p>\n","protected":false},"featured_media":0,"template":"","meta":{"_monsterinsights_skip_tracking":false,"_monsterinsights_sitenote_active":false,"_monsterinsights_sitenote_note":"","_monsterinsights_sitenote_category":0},"product_brand":[],"product_cat":[15983,13488],"product_tag":[],"class_list":{"0":"post-732999","1":"product","2":"type-product","3":"status-publish","5":"product_cat-iletisim-ve-medya","6":"product_cat-toplum-ve-insan","7":"pa_cilt-ciltsiz","8":"pa_tur-kitap","9":"pa_yayinevi-kuraldisi-yayinevi","10":"pa_yazar-bill-eddy","12":"first","13":"instock","14":"sale","15":"shipping-taxable","16":"purchasable","17":"product-type-simple"},"_links":{"self":[{"href":"https:\/\/roveyayinevi.com.tr\/index.php\/wp-json\/wp\/v2\/product\/732999","targetHints":{"allow":["GET"]}}],"collection":[{"href":"https:\/\/roveyayinevi.com.tr\/index.php\/wp-json\/wp\/v2\/product"}],"about":[{"href":"https:\/\/roveyayinevi.com.tr\/index.php\/wp-json\/wp\/v2\/types\/product"}],"wp:attachment":[{"href":"https:\/\/roveyayinevi.com.tr\/index.php\/wp-json\/wp\/v2\/media?parent=732999"}],"wp:term":[{"taxonomy":"product_brand","embeddable":true,"href":"https:\/\/roveyayinevi.com.tr\/index.php\/wp-json\/wp\/v2\/product_brand?post=732999"},{"taxonomy":"product_cat","embeddable":true,"href":"https:\/\/roveyayinevi.com.tr\/index.php\/wp-json\/wp\/v2\/product_cat?post=732999"},{"taxonomy":"product_tag","embeddable":true,"href":"https:\/\/roveyayinevi.com.tr\/index.php\/wp-json\/wp\/v2\/product_tag?post=732999"}],"curies":[{"name":"wp","href":"https:\/\/api.w.org\/{rel}","templated":true}]}}