{"id":732994,"date":"2025-08-27T22:01:06","date_gmt":"2025-08-27T19:01:06","guid":{"rendered":"https:\/\/roveyayinevi.com.tr\/index.php\/urun\/devrimin-denklemleri\/"},"modified":"2026-04-16T02:40:48","modified_gmt":"2026-04-15T23:40:48","slug":"devrimin-denklemleri","status":"publish","type":"product","link":"https:\/\/roveyayinevi.com.tr\/index.php\/urun\/devrimin-denklemleri\/","title":{"rendered":"Devrimin Denklemleri"},"content":{"rendered":"<p>Cennet, cehennemin i\u00e7indedir; d\u00fczen ve uyum kaosun i\u00e7inde. \u00dctopya, ger\u00e7e\u011fin i\u00e7indedir; gelecek gelene\u011fin, ilericilik tutuculu\u011fun i\u00e7inde. Ba\u015fka hi\u00e7bir yerde de\u011fil\u2026 Alt\u0131n tepsiyle sunulacak bir cennet yoktur; cennet s\u00f6ke s\u00f6ke elde edilir. Buna Curie y\u00f6ntemi de diyebiliriz: Bir ton bal\u00e7\u0131k i\u00e7indeki bir gram radyumu ayr\u0131\u015ft\u0131rmak. Emek y\u00f6ntemi. \u00c7o\u011fumuz o bal\u00e7\u0131\u011fa bakt\u0131\u011f\u0131m\u0131zda, do\u011fal olarak kocaman bir \u00e7amur y\u0131\u011f\u0131n\u0131 g\u00f6r\u00fcr\u00fcz. Ama Curie\u2019ler o bir ton bal\u00e7\u0131\u011fa bakt\u0131klar\u0131nda bir gram radyumu g\u00f6rebilmi\u015flerdi. Ve radyum ba\u015fka hi\u00e7bir yerde de\u011fildir. Halk da b\u00f6yle bir \u015feydir; tonlarca bal\u00e7\u0131k. \u0130\u00e7inde birka\u00e7 gram radyum var. Devrimci, Curie y\u00f6ntemiyle o bir gram radyumu ayr\u0131\u015ft\u0131r\u0131r ve asl\u0131nda bu ayr\u0131\u015ft\u0131rma i\u015flemidir devrim. \u201cAyr\u0131\u015ft\u0131rma\u201d derken, samanl\u0131kta i\u011fne aramak gibi bir eylemden s\u00f6z etmiyoruz. Fiziksel de\u011fil kimyasal bir i\u015flemdir kast\u0131m\u0131z; \u201cdam\u0131tma\u201d i\u015flemi. Curie\u2019nin radyumu, tonlarca \u00e7amurun bir yerinde sakl\u0131 de\u011fildi; \u00f6yle olsayd\u0131 i\u015fler kolay olurdu. Curie radyumu dam\u0131tt\u0131, bir ton \u00e7amuru bir gram radyuma d\u00f6n\u00fc\u015ft\u00fcrd\u00fc. Devrim budur. <\/p>\n","protected":false},"excerpt":{"rendered":"<p>Cennet, cehennemin i\u00e7indedir; d\u00fczen ve uyum kaosun i\u00e7inde. \u00dctopya, ger\u00e7e\u011fin i\u00e7indedir; gelecek gelene\u011fin, ilericilik tutuculu\u011fun i\u00e7inde. Ba\u015fka hi\u00e7bir yerde de\u011fil\u2026 Alt\u0131n tepsiyle sunulacak bir cennet yoktur;<span class=\"excerpt-hellip\"> [\u2026]<\/span><\/p>\n","protected":false},"featured_media":0,"template":"","meta":{"_monsterinsights_skip_tracking":false,"_monsterinsights_sitenote_active":false,"_monsterinsights_sitenote_note":"","_monsterinsights_sitenote_category":0},"product_brand":[],"product_cat":[13590,12337],"product_tag":[],"class_list":{"0":"post-732994","1":"product","2":"type-product","3":"status-publish","5":"product_cat-arastirma-inceleme-politika-siyaset","6":"product_cat-politika-siyaset","7":"pa_cilt-ciltsiz","8":"pa_tur-kitap","9":"pa_yayinevi-kirmizi-kedi-yayinevi","10":"pa_yazar-ender-helvacioglu","12":"first","13":"instock","14":"sale","15":"shipping-taxable","16":"purchasable","17":"product-type-simple"},"_links":{"self":[{"href":"https:\/\/roveyayinevi.com.tr\/index.php\/wp-json\/wp\/v2\/product\/732994","targetHints":{"allow":["GET"]}}],"collection":[{"href":"https:\/\/roveyayinevi.com.tr\/index.php\/wp-json\/wp\/v2\/product"}],"about":[{"href":"https:\/\/roveyayinevi.com.tr\/index.php\/wp-json\/wp\/v2\/types\/product"}],"wp:attachment":[{"href":"https:\/\/roveyayinevi.com.tr\/index.php\/wp-json\/wp\/v2\/media?parent=732994"}],"wp:term":[{"taxonomy":"product_brand","embeddable":true,"href":"https:\/\/roveyayinevi.com.tr\/index.php\/wp-json\/wp\/v2\/product_brand?post=732994"},{"taxonomy":"product_cat","embeddable":true,"href":"https:\/\/roveyayinevi.com.tr\/index.php\/wp-json\/wp\/v2\/product_cat?post=732994"},{"taxonomy":"product_tag","embeddable":true,"href":"https:\/\/roveyayinevi.com.tr\/index.php\/wp-json\/wp\/v2\/product_tag?post=732994"}],"curies":[{"name":"wp","href":"https:\/\/api.w.org\/{rel}","templated":true}]}}