{"id":732984,"date":"2025-08-27T22:00:55","date_gmt":"2025-08-27T19:00:55","guid":{"rendered":"https:\/\/roveyayinevi.com.tr\/index.php\/urun\/gorunurde-hicbir-sey-yok\/"},"modified":"2026-04-16T02:40:48","modified_gmt":"2026-04-15T23:40:48","slug":"gorunurde-hicbir-sey-yok","status":"publish","type":"product","link":"https:\/\/roveyayinevi.com.tr\/index.php\/urun\/gorunurde-hicbir-sey-yok\/","title":{"rendered":"G\u00f6r\u00fcn\u00fcrde Hi\u00e7bir \u015eey Yok"},"content":{"rendered":"<p>Y\u0131l 1943. Orta Atlantik\u2019te s\u00fcr\u00fcklenen bir \u015fi\u015fme botta, sava\u015f alan\u0131ndaki \u00e7arp\u0131\u015fmadan hayatta kalan iki asker: Batan Alman denizalt\u0131s\u0131n\u0131n deniz eri \u201c\u00d6teki\u201d ile d\u00fc\u015fen Amerikan askeri u\u00e7a\u011f\u0131n\u0131n pilotu \u201cTek Kollu\u201d. Az \u00f6ncesine dek d\u00fc\u015fman olan bu iki adam okyanusun ortas\u0131nda kader orta\u011f\u0131na d\u00f6n\u00fc\u015f\u00fcr. A\u011f\u0131r yaral\u0131 pilot \u00fc\u00e7\u00fcnc\u00fc g\u00fcnde \u00f6l\u00fcr; Alman deniz eri susuzluktan \u00f6lmek \u00fczeredir.Jens Rehn\u2019in T\u00fcrk\u00e7eye \u00e7evrilen ilk kitab\u0131 G\u00f6r\u00fcn\u00fcrde Hi\u00e7bir \u015eey Yok (1954) ana konusu \u00e7er\u00e7evesinde, Beckett\u2019in Godot&#8217;yu Beklerken (1952) oyunu ve Hemingway\u2019in Ya\u015fl\u0131 Adam ve Deniz (1952) roman\u0131yla ortak yaz\u0131nsal-felsefi \u00e7a\u011fr\u0131\u015f\u0131mlar i\u00e7eren; anlat\u0131, dil ve bi\u00e7em a\u00e7\u0131s\u0131ndan varolu\u015fsal deneyimle kendi rotas\u0131n\u0131 \u00e7izen, sars\u0131c\u0131 bir ilk roman. Duygusall\u0131ktan ve yalanc\u0131 co\u015fkudan ar\u0131nd\u0131r\u0131lm\u0131\u015f, nesnel bir yaz\u0131n\u0131 ve yal\u0131nl\u0131\u011f\u0131 pusula edinen Gruppe der Zw\u00f6lf\u2019\u00fcn (On \u0130kiler Grubu) ilkelerine ba\u011fl\u0131 kalarak \u201cbuz gibi\u201d bir ger\u00e7ek\u00e7ili\u011fe ula\u015fan bu varolu\u015f\u00e7u mesel, Jens Rehn\u2019in II. D\u00fcnya Sava\u015f\u0131\u2019nda denizalt\u0131 subay\u0131 olarak ya\u015fad\u0131\u011f\u0131 olay\u0131 merkezine al\u0131yor.<\/p>\n","protected":false},"excerpt":{"rendered":"<p>Y\u0131l 1943. Orta Atlantik\u2019te s\u00fcr\u00fcklenen bir \u015fi\u015fme botta, sava\u015f alan\u0131ndaki \u00e7arp\u0131\u015fmadan hayatta kalan iki asker: Batan Alman denizalt\u0131s\u0131n\u0131n deniz eri \u201c\u00d6teki\u201d ile d\u00fc\u015fen Amerikan askeri u\u00e7a\u011f\u0131n\u0131n<span class=\"excerpt-hellip\"> [\u2026]<\/span><\/p>\n","protected":false},"featured_media":0,"template":"","meta":{"_monsterinsights_skip_tracking":false,"_monsterinsights_sitenote_active":false,"_monsterinsights_sitenote_note":"","_monsterinsights_sitenote_category":0},"product_brand":[],"product_cat":[12291,12711],"product_tag":[],"class_list":{"0":"post-732984","1":"product","2":"type-product","3":"status-publish","5":"product_cat-edebiyat","6":"product_cat-roman-oyku","7":"pa_cilt-ciltsiz","8":"pa_tur-kitap","9":"pa_yayinevi-yapi-kredi-yayinlari","10":"pa_yazar-jens-rehn","12":"first","13":"instock","14":"sale","15":"shipping-taxable","16":"purchasable","17":"product-type-simple"},"_links":{"self":[{"href":"https:\/\/roveyayinevi.com.tr\/index.php\/wp-json\/wp\/v2\/product\/732984","targetHints":{"allow":["GET"]}}],"collection":[{"href":"https:\/\/roveyayinevi.com.tr\/index.php\/wp-json\/wp\/v2\/product"}],"about":[{"href":"https:\/\/roveyayinevi.com.tr\/index.php\/wp-json\/wp\/v2\/types\/product"}],"wp:attachment":[{"href":"https:\/\/roveyayinevi.com.tr\/index.php\/wp-json\/wp\/v2\/media?parent=732984"}],"wp:term":[{"taxonomy":"product_brand","embeddable":true,"href":"https:\/\/roveyayinevi.com.tr\/index.php\/wp-json\/wp\/v2\/product_brand?post=732984"},{"taxonomy":"product_cat","embeddable":true,"href":"https:\/\/roveyayinevi.com.tr\/index.php\/wp-json\/wp\/v2\/product_cat?post=732984"},{"taxonomy":"product_tag","embeddable":true,"href":"https:\/\/roveyayinevi.com.tr\/index.php\/wp-json\/wp\/v2\/product_tag?post=732984"}],"curies":[{"name":"wp","href":"https:\/\/api.w.org\/{rel}","templated":true}]}}