{"id":732975,"date":"2025-08-27T22:00:46","date_gmt":"2025-08-27T19:00:46","guid":{"rendered":"https:\/\/roveyayinevi.com.tr\/index.php\/urun\/minik-kusun-yeni-evi\/"},"modified":"2026-04-16T02:40:47","modified_gmt":"2026-04-15T23:40:47","slug":"minik-kusun-yeni-evi","status":"publish","type":"product","link":"https:\/\/roveyayinevi.com.tr\/index.php\/urun\/minik-kusun-yeni-evi\/","title":{"rendered":"Minik Ku\u015fun Yeni Evi"},"content":{"rendered":"<p>Minik ku\u015f, evini \u00e7ok seviyor. En g\u00fczel dala konmaya, en ho\u015funa giden meyveyi afiyetle yemeye, dala as\u0131l\u0131 s\u00fcs\u00fcn \u00e7\u0131kard\u0131\u011f\u0131 tatl\u0131 ezgileri dinlemeye bay\u0131l\u0131yor. \u00d6n\u00fcndeki harika manzaraya bak\u0131p \u201cEvim evim, g\u00fczel evim,\u201d diyor keyifle. Yak\u0131nda, minik ku\u015f ve s\u00fcr\u00fcs\u00fc, uzun bir yolculu\u011fa \u00e7\u0131kacak. Bakal\u0131m minik ku\u015f, yeni evine kanat \u00e7\u0131rparken neler ya\u015fayacak? Yeni maceralar ya\u015faman\u0131n g\u00fczelli\u011fini, de\u011fi\u015fikliklerin bamba\u015fka mutluluklar getirebilece\u011fini anlatan bir \u00f6yk\u00fc. <\/p>\n","protected":false},"excerpt":{"rendered":"<p>Minik ku\u015f, evini \u00e7ok seviyor. En g\u00fczel dala konmaya, en ho\u015funa giden meyveyi afiyetle yemeye, dala as\u0131l\u0131 s\u00fcs\u00fcn \u00e7\u0131kard\u0131\u011f\u0131 tatl\u0131 ezgileri dinlemeye bay\u0131l\u0131yor. \u00d6n\u00fcndeki harika manzaraya<span class=\"excerpt-hellip\"> [\u2026]<\/span><\/p>\n","protected":false},"featured_media":0,"template":"","meta":{"_monsterinsights_skip_tracking":false,"_monsterinsights_sitenote_active":false,"_monsterinsights_sitenote_note":"","_monsterinsights_sitenote_category":0},"product_brand":[],"product_cat":[12274,12518],"product_tag":[],"class_list":{"0":"post-732975","1":"product","2":"type-product","3":"status-publish","5":"product_cat-cocuk-ve-genclik-kitaplari","6":"product_cat-okul-oncesi-kitaplar","7":"pa_cilt-ciltsiz","8":"pa_tur-kitap","9":"pa_yayinevi-is-bankasi-kultur-yayinlari","10":"pa_yazar-jo-empson","12":"first","13":"instock","14":"sale","15":"shipping-taxable","16":"purchasable","17":"product-type-simple"},"_links":{"self":[{"href":"https:\/\/roveyayinevi.com.tr\/index.php\/wp-json\/wp\/v2\/product\/732975","targetHints":{"allow":["GET"]}}],"collection":[{"href":"https:\/\/roveyayinevi.com.tr\/index.php\/wp-json\/wp\/v2\/product"}],"about":[{"href":"https:\/\/roveyayinevi.com.tr\/index.php\/wp-json\/wp\/v2\/types\/product"}],"wp:attachment":[{"href":"https:\/\/roveyayinevi.com.tr\/index.php\/wp-json\/wp\/v2\/media?parent=732975"}],"wp:term":[{"taxonomy":"product_brand","embeddable":true,"href":"https:\/\/roveyayinevi.com.tr\/index.php\/wp-json\/wp\/v2\/product_brand?post=732975"},{"taxonomy":"product_cat","embeddable":true,"href":"https:\/\/roveyayinevi.com.tr\/index.php\/wp-json\/wp\/v2\/product_cat?post=732975"},{"taxonomy":"product_tag","embeddable":true,"href":"https:\/\/roveyayinevi.com.tr\/index.php\/wp-json\/wp\/v2\/product_tag?post=732975"}],"curies":[{"name":"wp","href":"https:\/\/api.w.org\/{rel}","templated":true}]}}