{"id":732948,"date":"2025-08-27T22:00:19","date_gmt":"2025-08-27T19:00:19","guid":{"rendered":"https:\/\/roveyayinevi.com.tr\/index.php\/urun\/gramofon-avrat\/"},"modified":"2026-04-16T02:40:47","modified_gmt":"2026-04-15T23:40:47","slug":"gramofon-avrat","status":"publish","type":"product","link":"https:\/\/roveyayinevi.com.tr\/index.php\/urun\/gramofon-avrat\/","title":{"rendered":"Gramofon Avrat"},"content":{"rendered":"<p>Sabahattin Ali\u2019nin \u00f6yk\u00fclerinde a\u015fk ve \u00f6l\u00fcm yan yanad\u0131r. Sadece \u00f6yk\u00fclerinde mi? Kuyucakl\u0131 Yusuf\u2019un sonunu d\u00fc\u015f\u00fcn\u00fcn, K\u00fcrk Mantolu Madonna\u2019y\u0131 ya da\u2026 Bu eserlerde a\u015fk\u0131n \u00e7\u0131kmaz sokaklar\u0131nda \u00f6l\u00fcmle kar\u015f\u0131 kar\u015f\u0131ya gelir Sabahattin Ali\u2019nin karakterleri. Bu derlemede yer alan \u00f6yk\u00fclerin ekserisinde a\u015fk, \u00f6l\u00fcm getiriyor. Gramofon Avrat, Sabahattin Ali\u2019nin 19271946 y\u0131llar\u0131 aras\u0131nda a\u015fk\u0131 nas\u0131l ele ald\u0131\u011f\u0131n\u0131 ortaya koymakla kalm\u0131yor, yazar\u0131n a\u015fka bak\u0131\u015f\u0131n\u0131n, a\u015fk\u0131 tasvir edi\u015finin ne denli b\u00fct\u00fcn ve \u00f6zg\u00fcn oldu\u011funu da kan\u0131tl\u0131yor.   \u201cYak\u0131c\u0131, kavurucu bir a\u015fkt\u0131 bu; beni deliye \u00e7eviren, geceleri sabahlara kadar sokaklarda dola\u015ft\u0131ran bir a\u015fk. Fakat onu bu h\u00e2le sokan biraz da bendim. A\u015fkla tehlikeli bir oyuncak gibi oynamak istiyordum.\u201d   Bizim Hik\u00e2ye, Osmanl\u0131\u2019dan g\u00fcn\u00fcm\u00fcze edebiyat\u0131m\u0131zda \u00f6yk\u00fcn\u00fcn izini s\u00fcren, \u00f6yk\u00fcc\u00fcl\u00fc\u011f\u00fcm\u00fcz\u00fc var etmi\u015f, geli\u015ftirmi\u015f yazarlar\u0131n eserleri aras\u0131ndan en g\u00fczellerini, en ba\u015far\u0131l\u0131lar\u0131n\u0131, en \u00f6nemlilerini belirli bir tematik b\u00fct\u00fcnl\u00fck g\u00f6zeterek ortaya koyan, 1850\u2019lerden 1950\u2019lere kadar bir as\u0131rl\u0131k \u00f6yk\u00fcc\u00fcl\u00fc\u011f\u00fcm\u00fcz\u00fcn verimlerini bir araya getiren bir kitap dizisi. Bizim Hik\u00e2ye dizisiyle birlikte, hem \u00f6yk\u00fcc\u00fcl\u00fc\u011f\u00fcm\u00fcze dair b\u00fct\u00fcnl\u00fckl\u00fc bir s\u00f6z s\u00f6ylemek hem de yeni \u00f6yk\u00fcc\u00fcler ke\u015ffetmek \u00fczere farkl\u0131 yolculuklara yelken a\u00e7\u0131yoruz. <\/p>\n","protected":false},"excerpt":{"rendered":"<p>Sabahattin Ali\u2019nin \u00f6yk\u00fclerinde a\u015fk ve \u00f6l\u00fcm yan yanad\u0131r. Sadece \u00f6yk\u00fclerinde mi? Kuyucakl\u0131 Yusuf\u2019un sonunu d\u00fc\u015f\u00fcn\u00fcn, K\u00fcrk Mantolu Madonna\u2019y\u0131 ya da\u2026 Bu eserlerde a\u015fk\u0131n \u00e7\u0131kmaz sokaklar\u0131nda \u00f6l\u00fcmle<span class=\"excerpt-hellip\"> [\u2026]<\/span><\/p>\n","protected":false},"featured_media":0,"template":"","meta":{"_monsterinsights_skip_tracking":false,"_monsterinsights_sitenote_active":false,"_monsterinsights_sitenote_note":"","_monsterinsights_sitenote_category":0},"product_brand":[],"product_cat":[12291,12711],"product_tag":[],"class_list":{"0":"post-732948","1":"product","2":"type-product","3":"status-publish","5":"product_cat-edebiyat","6":"product_cat-roman-oyku","7":"pa_cilt-ciltsiz","8":"pa_tur-kitap","9":"pa_yayinevi-ithaki-yayinlari","10":"pa_yazar-sabahattin-ali","12":"first","13":"instock","14":"sale","15":"shipping-taxable","16":"purchasable","17":"product-type-simple"},"_links":{"self":[{"href":"https:\/\/roveyayinevi.com.tr\/index.php\/wp-json\/wp\/v2\/product\/732948","targetHints":{"allow":["GET"]}}],"collection":[{"href":"https:\/\/roveyayinevi.com.tr\/index.php\/wp-json\/wp\/v2\/product"}],"about":[{"href":"https:\/\/roveyayinevi.com.tr\/index.php\/wp-json\/wp\/v2\/types\/product"}],"wp:attachment":[{"href":"https:\/\/roveyayinevi.com.tr\/index.php\/wp-json\/wp\/v2\/media?parent=732948"}],"wp:term":[{"taxonomy":"product_brand","embeddable":true,"href":"https:\/\/roveyayinevi.com.tr\/index.php\/wp-json\/wp\/v2\/product_brand?post=732948"},{"taxonomy":"product_cat","embeddable":true,"href":"https:\/\/roveyayinevi.com.tr\/index.php\/wp-json\/wp\/v2\/product_cat?post=732948"},{"taxonomy":"product_tag","embeddable":true,"href":"https:\/\/roveyayinevi.com.tr\/index.php\/wp-json\/wp\/v2\/product_tag?post=732948"}],"curies":[{"name":"wp","href":"https:\/\/api.w.org\/{rel}","templated":true}]}}