{"id":732947,"date":"2025-08-27T22:00:18","date_gmt":"2025-08-27T19:00:18","guid":{"rendered":"https:\/\/roveyayinevi.com.tr\/index.php\/urun\/conan-cilt-2\/"},"modified":"2026-04-16T02:40:47","modified_gmt":"2026-04-15T23:40:47","slug":"conan-cilt-2","status":"publish","type":"product","link":"https:\/\/roveyayinevi.com.tr\/index.php\/urun\/conan-cilt-2\/","title":{"rendered":"Conan &#8211; Cilt 2"},"content":{"rendered":"<p>Conan: Cilt 2 ile Conan\u2019\u0131n maceralar\u0131 sona eriyor!   Bizim d\u00fcnyam\u0131zda; Atlantis\u2019in \u00e7\u00f6k\u00fc\u015f\u00fcn\u00fcn sonras\u0131 ama bilinen tarihin \u00f6ncesi. Birbiriyle s\u00fcrekli sava\u015f h\u00e2linde olan devletlerin mahvetti\u011fi bir co\u011frafyada d\u00fcnyaya geldi Conan. Kuzeyin ac\u0131mas\u0131z topraklar\u0131nda bir demir gibi d\u00f6v\u00fcld\u00fc, sonra medeniyete ayak bast\u0131. Bir h\u0131rs\u0131z olarak nam sald\u0131, bir korsan olarak kay\u0131p \u015fehirler ke\u015ffetti, bir macerac\u0131 olarak bin bir farkl\u0131 tehlikeye at\u0131ld\u0131, bir komutan olarak b\u00fcy\u00fck zaferler kazand\u0131 ve bir kral olarak devletlere h\u00fckmetti.   Fantastik edebiyat\u0131n en me\u015fhur karakterlerinden barbar Conan, ilk yay\u0131mland\u0131\u011f\u0131 tarihten itibaren bir\u00e7ok yazara ilham verdi. Pop\u00fcler k\u00fclt\u00fcr\u00fcn de b\u00fcy\u00fck bir par\u00e7as\u0131 h\u00e2line gelen Conan\u2019\u0131n filmleri, oyunlar\u0131, \u00e7izgi romanlar\u0131 yap\u0131ld\u0131; pek \u00e7ok yazar bir\u00e7ok maceras\u0131n\u0131 kaleme ald\u0131. Yaz\u0131lmas\u0131n\u0131n \u00fczerinden onlarca y\u0131l ge\u00e7mesine ra\u011fmen Conan h\u00e2l\u00e2 okurlar\u0131n hayal d\u00fcnyas\u0131n\u0131 s\u00fcslemeye devam ediyor.   Conan: Cilt 2\u2019de Conan\u2019\u0131n maceralar\u0131 kald\u0131\u011f\u0131 yerden devam ediyor. Bu derlemede Conan\u2019\u0131n macerac\u0131l\u0131k g\u00fcnleri ve Akilonya Kral\u0131\u2019yken ba\u015f\u0131ndan ge\u00e7en hadiseleri anlatan \u00f6yk\u00fclere ek olarak Robert E. Howard\u2019\u0131n yazd\u0131\u011f\u0131 tek Conan roman\u0131 olan Ejderhan\u0131n Saati\u2019ni de bulabilirsiniz.   \u201cHoward\u2019\u0131n \u00f6yk\u00fclerini en son okumam\u0131n \u00fczerinden belki otuz sene ge\u00e7mi\u015ftir ama kimi sahneler, onlar\u0131 daha d\u00fcn okumu\u015fum gibi akl\u0131mda. Fantastik edebiyat\u0131 seven herkesin Howard\u2019\u0131 okumas\u0131 gerek.\u201d \u2013David Gemmell   \u201cSon otuz be\u015f senede yay\u0131mlanan fantastik kitaplar\u0131n iki \u00e7\u0131k\u0131\u015f noktas\u0131 bulunuyor: J.R.R. Tolkien ve Robert E. Howard. \u00c7a\u011fda\u015f fantastik yazarlardan pek hazzetmeyen Tolkien de Conan \u00f6yk\u00fclerinden ho\u015flan\u0131yordu. Mesele dur durak bilmeyen maceralarsa kimse Howard\u2019\u0131n eline su d\u00f6kemez. Keyifli zaman ge\u00e7irmek istiyorsan\u0131z, ba\u015flang\u0131\u00e7 noktan\u0131z buras\u0131 olmal\u0131.\u201d \u2013Harry Turtledove   \u201cHoward, fantastik edebiyat\u0131n Thomas Wolfe\u2019uydu.\u201d \u2013Stephen King   \u201cRobert E. Howard\u2019dan daha iyi bir pulp fantastik yazar\u0131 yok.\u201d \u2013Fritz Leiber   \u201cHoward hakiki bir hik\u00e2ye anlat\u0131c\u0131s\u0131yd\u0131 \u2013 kahramanl\u0131k fantazisinde hem \u00f6nde gelenlerden biriydi hem de muhtemelen en iyisiydi. Howard\u2019\u0131n \u00f6yk\u00fclerini hi\u00e7 okumad\u0131ysan\u0131z, size imreniyorum.\u201d \u2013Charles de Lint <\/p>\n","protected":false},"excerpt":{"rendered":"<p>Conan: Cilt 2 ile Conan\u2019\u0131n maceralar\u0131 sona eriyor! Bizim d\u00fcnyam\u0131zda; Atlantis\u2019in \u00e7\u00f6k\u00fc\u015f\u00fcn\u00fcn sonras\u0131 ama bilinen tarihin \u00f6ncesi. Birbiriyle s\u00fcrekli sava\u015f h\u00e2linde olan devletlerin mahvetti\u011fi bir co\u011frafyada<span class=\"excerpt-hellip\"> [\u2026]<\/span><\/p>\n","protected":false},"featured_media":0,"template":"","meta":{"_monsterinsights_skip_tracking":false,"_monsterinsights_sitenote_active":false,"_monsterinsights_sitenote_note":"","_monsterinsights_sitenote_category":0},"product_brand":[],"product_cat":[12291,14777],"product_tag":[],"class_list":{"0":"post-732947","1":"product","2":"type-product","3":"status-publish","5":"product_cat-edebiyat","6":"product_cat-fantastik","7":"pa_cilt-ciltsiz","8":"pa_tur-kitap","9":"pa_yayinevi-ithaki-yayinlari","10":"pa_yazar-robert-e-howard","12":"first","13":"instock","14":"sale","15":"shipping-taxable","16":"purchasable","17":"product-type-simple"},"_links":{"self":[{"href":"https:\/\/roveyayinevi.com.tr\/index.php\/wp-json\/wp\/v2\/product\/732947","targetHints":{"allow":["GET"]}}],"collection":[{"href":"https:\/\/roveyayinevi.com.tr\/index.php\/wp-json\/wp\/v2\/product"}],"about":[{"href":"https:\/\/roveyayinevi.com.tr\/index.php\/wp-json\/wp\/v2\/types\/product"}],"wp:attachment":[{"href":"https:\/\/roveyayinevi.com.tr\/index.php\/wp-json\/wp\/v2\/media?parent=732947"}],"wp:term":[{"taxonomy":"product_brand","embeddable":true,"href":"https:\/\/roveyayinevi.com.tr\/index.php\/wp-json\/wp\/v2\/product_brand?post=732947"},{"taxonomy":"product_cat","embeddable":true,"href":"https:\/\/roveyayinevi.com.tr\/index.php\/wp-json\/wp\/v2\/product_cat?post=732947"},{"taxonomy":"product_tag","embeddable":true,"href":"https:\/\/roveyayinevi.com.tr\/index.php\/wp-json\/wp\/v2\/product_tag?post=732947"}],"curies":[{"name":"wp","href":"https:\/\/api.w.org\/{rel}","templated":true}]}}