{"id":732945,"date":"2025-08-27T22:00:15","date_gmt":"2025-08-27T19:00:15","guid":{"rendered":"https:\/\/roveyayinevi.com.tr\/index.php\/urun\/bay-kocaburun\/"},"modified":"2026-04-16T02:40:47","modified_gmt":"2026-04-15T23:40:47","slug":"bay-kocaburun","status":"publish","type":"product","link":"https:\/\/roveyayinevi.com.tr\/index.php\/urun\/bay-kocaburun\/","title":{"rendered":"Bay Kocaburun"},"content":{"rendered":"<p>Bu k\u00fc\u00e7\u00fck \u201cBay ve Bayanlar\u201c 1971\u2019den beri 22 farkl\u0131 dilde 100 milyondan fazla insan\u0131n g\u00fcl\u00fcmsemesine neden oluyor. \u015eimdi s\u0131ra \u00e7ocuklar\u0131n\u0131zda ve sizde\u201c. Bu sevimli kitaplar ba\u015fl\u0131klarda ge\u00e7en karakterlerin etraf\u0131nda geli\u015fiyor. Ge\u00e7en olaylar\u0131n sonunda \u00e7o\u011fu kendilerini de\u011fi\u015ftirecek bir deneyim ya\u015f\u0131yor ve ba\u015flar\u0131ndan ge\u00e7enler komik bir dille anlat\u0131l\u0131yor.<\/p>\n","protected":false},"excerpt":{"rendered":"<p>Bu k\u00fc\u00e7\u00fck \u201cBay ve Bayanlar\u201c 1971\u2019den beri 22 farkl\u0131 dilde 100 milyondan fazla insan\u0131n g\u00fcl\u00fcmsemesine neden oluyor. \u015eimdi s\u0131ra \u00e7ocuklar\u0131n\u0131zda ve sizde\u201c. Bu sevimli kitaplar ba\u015fl\u0131klarda<span class=\"excerpt-hellip\"> [\u2026]<\/span><\/p>\n","protected":false},"featured_media":0,"template":"","meta":{"_monsterinsights_skip_tracking":false,"_monsterinsights_sitenote_active":false,"_monsterinsights_sitenote_note":"","_monsterinsights_sitenote_category":0},"product_brand":[],"product_cat":[12274,12284],"product_tag":[],"class_list":{"0":"post-732945","1":"product","2":"type-product","3":"status-publish","5":"product_cat-cocuk-ve-genclik-kitaplari","6":"product_cat-hikayeler","7":"pa_cilt-ciltsiz","8":"pa_tur-kitap","9":"pa_yayinevi-dogan-egmont-yayincilik","10":"pa_yazar-roger-hargreaves","12":"first","13":"instock","14":"sale","15":"shipping-taxable","16":"purchasable","17":"product-type-simple"},"_links":{"self":[{"href":"https:\/\/roveyayinevi.com.tr\/index.php\/wp-json\/wp\/v2\/product\/732945","targetHints":{"allow":["GET"]}}],"collection":[{"href":"https:\/\/roveyayinevi.com.tr\/index.php\/wp-json\/wp\/v2\/product"}],"about":[{"href":"https:\/\/roveyayinevi.com.tr\/index.php\/wp-json\/wp\/v2\/types\/product"}],"wp:attachment":[{"href":"https:\/\/roveyayinevi.com.tr\/index.php\/wp-json\/wp\/v2\/media?parent=732945"}],"wp:term":[{"taxonomy":"product_brand","embeddable":true,"href":"https:\/\/roveyayinevi.com.tr\/index.php\/wp-json\/wp\/v2\/product_brand?post=732945"},{"taxonomy":"product_cat","embeddable":true,"href":"https:\/\/roveyayinevi.com.tr\/index.php\/wp-json\/wp\/v2\/product_cat?post=732945"},{"taxonomy":"product_tag","embeddable":true,"href":"https:\/\/roveyayinevi.com.tr\/index.php\/wp-json\/wp\/v2\/product_tag?post=732945"}],"curies":[{"name":"wp","href":"https:\/\/api.w.org\/{rel}","templated":true}]}}