{"id":732942,"date":"2025-08-27T22:00:12","date_gmt":"2025-08-27T19:00:12","guid":{"rendered":"https:\/\/roveyayinevi.com.tr\/index.php\/urun\/gecis-2\/"},"modified":"2026-04-03T02:48:19","modified_gmt":"2026-04-02T23:48:19","slug":"gecis-2","status":"publish","type":"product","link":"https:\/\/roveyayinevi.com.tr\/index.php\/urun\/gecis-2\/","title":{"rendered":"Ge\u00e7i\u015f"},"content":{"rendered":"<p>Reenkarnasyon binlerce y\u0131ll\u0131k bir inan\u00e7 sistemidir ve her d\u00f6nemde bu kavrama inananlar ile inanmayanlar\u0131, adeta ideolojik bir tart\u0131\u015fma i\u00e7inde kar\u015f\u0131 kar\u015f\u0131ya getirmi\u015ftir. Bu tart\u0131\u015fman\u0131n her iki cephesinde bulunanlar da kendi savlar\u0131n\u0131 kan\u0131tlamak \u00fczere, her inan\u00e7 sisteminden veriler toplam\u0131\u015flar, yazm\u0131\u015flar, anlatm\u0131\u015flar, bitip t\u00fckenmek bilmeyen ara\u015ft\u0131rmalara giri\u015fmi\u015flerdir.   Kendi ki\u015fisel bak\u0131\u015f\u0131m \u00e7er\u00e7evesinde &#8221;inananlar&#8221; taraf\u0131nda bulunmama kar\u015f\u0131n, sadece &#8221;inan\u00e7&#8221; olgusunun tatminsizli\u011fi i\u00e7inde, reenkarnasyon meselesini, T\u00fcrk ve yabanc\u0131lardan olu\u015fan bir grupla bilin\u00e7alt\u0131 \u00e7al\u0131\u015fmas\u0131 yaparak i\u00e7selle\u015ftirmek, sorular\u0131n\u0131n yan\u0131tlar\u0131n\u0131 do\u011frudan bulabilmek hedefiyle yola \u00e7\u0131kt\u0131m. Bu ara\u015ft\u0131rma, her \u015feyden \u00f6nce benim ki\u015fisel yolculu\u011fum ve kendimi bir \u015fekilde ikna etme \u00e7abas\u0131yd\u0131.    Bu kitaptaki ge\u00e7mi\u015f ya\u015fam \u00f6yk\u00fclerinin, bu yolda daha geni\u015f fark\u0131ndal\u0131\u011fa ula\u015fma \u00e7abas\u0131 i\u00e7inde olanlara katk\u0131 sa\u011flamas\u0131n\u0131 umut ediyorum.   Dilek Karaku\u015f  <\/p>\n","protected":false},"excerpt":{"rendered":"<p>Reenkarnasyon binlerce y\u0131ll\u0131k bir inan\u00e7 sistemidir ve her d\u00f6nemde bu kavrama inananlar ile inanmayanlar\u0131, adeta ideolojik bir tart\u0131\u015fma i\u00e7inde kar\u015f\u0131 kar\u015f\u0131ya getirmi\u015ftir. Bu tart\u0131\u015fman\u0131n her iki<span class=\"excerpt-hellip\"> [\u2026]<\/span><\/p>\n","protected":false},"featured_media":0,"template":"","meta":{"_monsterinsights_skip_tracking":false,"_monsterinsights_sitenote_active":false,"_monsterinsights_sitenote_note":"","_monsterinsights_sitenote_category":0},"product_brand":[],"product_cat":[12364,12376],"product_tag":[],"class_list":{"0":"post-732942","1":"product","2":"type-product","3":"status-publish","5":"product_cat-genel-konular","6":"product_cat-kisisel-gelisim","7":"pa_cilt-ciltsiz","8":"pa_tur-kitap","9":"pa_yayinevi-dogan-novus","10":"pa_yazar-dilek-karakus","12":"first","13":"instock","14":"sale","15":"shipping-taxable","16":"purchasable","17":"product-type-simple"},"_links":{"self":[{"href":"https:\/\/roveyayinevi.com.tr\/index.php\/wp-json\/wp\/v2\/product\/732942","targetHints":{"allow":["GET"]}}],"collection":[{"href":"https:\/\/roveyayinevi.com.tr\/index.php\/wp-json\/wp\/v2\/product"}],"about":[{"href":"https:\/\/roveyayinevi.com.tr\/index.php\/wp-json\/wp\/v2\/types\/product"}],"wp:attachment":[{"href":"https:\/\/roveyayinevi.com.tr\/index.php\/wp-json\/wp\/v2\/media?parent=732942"}],"wp:term":[{"taxonomy":"product_brand","embeddable":true,"href":"https:\/\/roveyayinevi.com.tr\/index.php\/wp-json\/wp\/v2\/product_brand?post=732942"},{"taxonomy":"product_cat","embeddable":true,"href":"https:\/\/roveyayinevi.com.tr\/index.php\/wp-json\/wp\/v2\/product_cat?post=732942"},{"taxonomy":"product_tag","embeddable":true,"href":"https:\/\/roveyayinevi.com.tr\/index.php\/wp-json\/wp\/v2\/product_tag?post=732942"}],"curies":[{"name":"wp","href":"https:\/\/api.w.org\/{rel}","templated":true}]}}