{"id":732927,"date":"2025-08-27T21:59:57","date_gmt":"2025-08-27T18:59:57","guid":{"rendered":"https:\/\/roveyayinevi.com.tr\/index.php\/urun\/mujde-mavi-ucurtma-ciltli\/"},"modified":"2026-04-16T02:40:46","modified_gmt":"2026-04-15T23:40:46","slug":"mujde-mavi-ucurtma-ciltli","status":"publish","type":"product","link":"https:\/\/roveyayinevi.com.tr\/index.php\/urun\/mujde-mavi-ucurtma-ciltli\/","title":{"rendered":"M\u00fcjde, Mavi U\u00e7urtma (Ciltli)"},"content":{"rendered":"<p>\u201cEy K\u0131rklar Da\u011f\u0131\u2019n\u0131 k\u0131skand\u0131ran kad\u0131n!\u201d diye ba\u011f\u0131rd\u0131 Serhat. Bu ses etrafta yank\u0131land\u0131\u011f\u0131nda M\u0131zgin\u2019in i\u00e7i bir anda canland\u0131. G\u00f6zlerinde biriken ya\u015flar, uzun bir aradansonra bu kez mutluluk i\u00e7in ak\u0131yordu. On G\u00f6zl\u00fc K\u00f6pr\u00fc, birbirine var g\u00fcc\u00fcyle ko\u015fanbu iki \u00e2\u015f\u0131k i\u00e7in yap\u0131lm\u0131\u015ft\u0131 sanki. Dicle Nehri\u2019nin y\u00fckselen suyu daha da g\u00fcr akmaya ba\u015flam\u0131\u015fken s\u0131ms\u0131k\u0131 sar\u0131ld\u0131 Serhat, M\u0131zgin\u2019e. Y\u00fcz\u00fcnde g\u00fcller a\u00e7an kad\u0131n\u0131niri siyah g\u00f6zlerine bakarak m\u0131r\u0131ldand\u0131: \u201cMezar\u0131m\u0131 g\u00fcld\u00fc\u011f\u00fcn yere ser.\u201d Duydu\u011fu bu c\u00fcmle kar\u015f\u0131s\u0131nda susamayanM\u0131zgin cevap verdi: \u201cG\u00fcld\u00fc\u011f\u00fcm yer nefes ald\u0131\u011f\u0131n yerdir.\u201d     M\u00fcjde, Mavi U\u00e7urtma\u2019da Serhat ve M\u0131zgin\u2019in Mezopotamya&#8217;n\u0131n alt\u0131n renkli topraklar\u0131ndan ba\u015flay\u0131p Akdeniz&#8217;in mavi sular\u0131na uzanan a\u015fklar\u0131n\u0131nhik\u00e2yesini okuyacaks\u0131n\u0131z.   Mavi U\u00e7urtma\u2019n\u0131n bir\u00e7ok hayat\u0131n m\u00fcjdesi olmak i\u00e7innas\u0131l y\u00fckseldi\u011fine \u015fahit olacaks\u0131n\u0131z! <\/p>\n","protected":false},"excerpt":{"rendered":"<p>\u201cEy K\u0131rklar Da\u011f\u0131\u2019n\u0131 k\u0131skand\u0131ran kad\u0131n!\u201d diye ba\u011f\u0131rd\u0131 Serhat. Bu ses etrafta yank\u0131land\u0131\u011f\u0131nda M\u0131zgin\u2019in i\u00e7i bir anda canland\u0131. G\u00f6zlerinde biriken ya\u015flar, uzun bir aradansonra bu kez mutluluk<span class=\"excerpt-hellip\"> [\u2026]<\/span><\/p>\n","protected":false},"featured_media":0,"template":"","meta":{"_monsterinsights_skip_tracking":false,"_monsterinsights_sitenote_active":false,"_monsterinsights_sitenote_note":"","_monsterinsights_sitenote_category":0},"product_brand":[],"product_cat":[12291,12711],"product_tag":[],"class_list":{"0":"post-732927","1":"product","2":"type-product","3":"status-publish","5":"product_cat-edebiyat","6":"product_cat-roman-oyku","7":"pa_cilt-ciltli","8":"pa_tur-kitap","9":"pa_yayinevi-ephesus-yayinlari","10":"pa_yazar-selcuk-unal","12":"first","13":"instock","14":"sale","15":"shipping-taxable","16":"purchasable","17":"product-type-simple"},"_links":{"self":[{"href":"https:\/\/roveyayinevi.com.tr\/index.php\/wp-json\/wp\/v2\/product\/732927","targetHints":{"allow":["GET"]}}],"collection":[{"href":"https:\/\/roveyayinevi.com.tr\/index.php\/wp-json\/wp\/v2\/product"}],"about":[{"href":"https:\/\/roveyayinevi.com.tr\/index.php\/wp-json\/wp\/v2\/types\/product"}],"wp:attachment":[{"href":"https:\/\/roveyayinevi.com.tr\/index.php\/wp-json\/wp\/v2\/media?parent=732927"}],"wp:term":[{"taxonomy":"product_brand","embeddable":true,"href":"https:\/\/roveyayinevi.com.tr\/index.php\/wp-json\/wp\/v2\/product_brand?post=732927"},{"taxonomy":"product_cat","embeddable":true,"href":"https:\/\/roveyayinevi.com.tr\/index.php\/wp-json\/wp\/v2\/product_cat?post=732927"},{"taxonomy":"product_tag","embeddable":true,"href":"https:\/\/roveyayinevi.com.tr\/index.php\/wp-json\/wp\/v2\/product_tag?post=732927"}],"curies":[{"name":"wp","href":"https:\/\/api.w.org\/{rel}","templated":true}]}}