{"id":732918,"date":"2025-08-27T21:59:49","date_gmt":"2025-08-27T18:59:49","guid":{"rendered":"https:\/\/roveyayinevi.com.tr\/index.php\/urun\/bir-imzaniz-var\/"},"modified":"2026-04-16T02:40:46","modified_gmt":"2026-04-15T23:40:46","slug":"bir-imzaniz-var","status":"publish","type":"product","link":"https:\/\/roveyayinevi.com.tr\/index.php\/urun\/bir-imzaniz-var\/","title":{"rendered":"Bir \u0130mzan\u0131z Var"},"content":{"rendered":"<p>B\u0130R \u0130MZANIZ VAR   \u0130mza Kullan\u0131m\u0131nda Alt\u0131n Kurallar     \u201cBu eser, insanlar\u0131n g\u00fcnl\u00fck hayatta \u2018Bir imza nedir ki?\u2019 diyerek k\u00fc\u00e7\u00fcmsedi\u011fi imza konusunda, riskli durumlarda neler yap\u0131lmas\u0131 gerekti\u011fini g\u00f6stermekte ve bizlere rehber olmaktad\u0131r. Hayat\u0131m\u0131z\u0131n bir\u00e7ok d\u00f6n\u00fcm noktas\u0131 bir imzayla ba\u015flar ya da bir imzayla sona erer.\u201d Prof. Dr. \u015eeref Erta\u015f   \u201cBu kitap, bir belgeye imza atarken \u00e7ok y\u00f6nl\u00fc d\u00fc\u015f\u00fcnmenin gerekti\u011fini anlat\u0131yor ve yasan\u0131n sorumlu kabul etti\u011fi her ki\u015fiye hitap ediyor. Basit bir karalama yaz\u0131s\u0131 gibi g\u00f6r\u00fcnen imzan\u0131n \u00f6nemi ve de\u011feri yan\u0131nda a\u011f\u0131r sorumluluklar\u0131 oldu\u011funu da a\u00e7\u0131k bir \u015fekilde ortaya koyuyor.\u201d Emekli Hakim &#8211; Avukat Turan Ate\u015f   \u201c\u0130mzan\u0131n hayat\u0131m\u0131zdaki yeri ve \u00f6nemini ibret dolu ya\u015fanm\u0131\u015f hik\u00e2yelerle i\u015fleyen kitab\u0131 herkese tavsiye ederim. Bu kitap imzadan kaynaklanan riskler konusunda okuyucuya \u00e7elik z\u0131rh giydiriyor.\u201d Yazar &#8211; Dan\u0131\u015fman Tarkan Karabel <\/p>\n","protected":false},"excerpt":{"rendered":"<p>B\u0130R \u0130MZANIZ VAR \u0130mza Kullan\u0131m\u0131nda Alt\u0131n Kurallar \u201cBu eser, insanlar\u0131n g\u00fcnl\u00fck hayatta \u2018Bir imza nedir ki?\u2019 diyerek k\u00fc\u00e7\u00fcmsedi\u011fi imza konusunda, riskli durumlarda neler yap\u0131lmas\u0131 gerekti\u011fini g\u00f6stermekte<span class=\"excerpt-hellip\"> [\u2026]<\/span><\/p>\n","protected":false},"featured_media":0,"template":"","meta":{"_monsterinsights_skip_tracking":false,"_monsterinsights_sitenote_active":false,"_monsterinsights_sitenote_note":"","_monsterinsights_sitenote_category":0},"product_brand":[],"product_cat":[15350,17602],"product_tag":[],"class_list":{"0":"post-732918","1":"product","2":"type-product","3":"status-publish","5":"product_cat-hukuk","6":"product_cat-hukuk-uzerine","7":"pa_cilt-ciltsiz","8":"pa_tur-kitap","9":"pa_yayinevi-hayykitap","10":"pa_yazar-ersin-bayri","12":"first","13":"instock","14":"sale","15":"shipping-taxable","16":"purchasable","17":"product-type-simple"},"_links":{"self":[{"href":"https:\/\/roveyayinevi.com.tr\/index.php\/wp-json\/wp\/v2\/product\/732918","targetHints":{"allow":["GET"]}}],"collection":[{"href":"https:\/\/roveyayinevi.com.tr\/index.php\/wp-json\/wp\/v2\/product"}],"about":[{"href":"https:\/\/roveyayinevi.com.tr\/index.php\/wp-json\/wp\/v2\/types\/product"}],"wp:attachment":[{"href":"https:\/\/roveyayinevi.com.tr\/index.php\/wp-json\/wp\/v2\/media?parent=732918"}],"wp:term":[{"taxonomy":"product_brand","embeddable":true,"href":"https:\/\/roveyayinevi.com.tr\/index.php\/wp-json\/wp\/v2\/product_brand?post=732918"},{"taxonomy":"product_cat","embeddable":true,"href":"https:\/\/roveyayinevi.com.tr\/index.php\/wp-json\/wp\/v2\/product_cat?post=732918"},{"taxonomy":"product_tag","embeddable":true,"href":"https:\/\/roveyayinevi.com.tr\/index.php\/wp-json\/wp\/v2\/product_tag?post=732918"}],"curies":[{"name":"wp","href":"https:\/\/api.w.org\/{rel}","templated":true}]}}