{"id":732915,"date":"2025-08-27T21:59:46","date_gmt":"2025-08-27T18:59:46","guid":{"rendered":"https:\/\/roveyayinevi.com.tr\/index.php\/urun\/kaldiracaktas\/"},"modified":"2026-04-16T02:40:46","modified_gmt":"2026-04-15T23:40:46","slug":"kaldiracaktas","status":"publish","type":"product","link":"https:\/\/roveyayinevi.com.tr\/index.php\/urun\/kaldiracaktas\/","title":{"rendered":"Kald\u0131racakta\u015f"},"content":{"rendered":"<p>End\u00fcstriyel toplumun olu\u015fturdu\u011fu \u2018insan\u2019 y\u0131\u011f\u0131nlar\u0131 i\u00e7inde, her s\u0131n\u0131ftan ki\u015filiklerin i\u00e7 i\u00e7e ge\u00e7mi\u015f \u2018denetleyemedikleri\u2019 ya\u015famlar\u0131ndan \u00e7ok uzak bir d\u00fcnyada \u201c\u00f6z varl\u0131klar\u0131n\u0131\u201d sorgulayan \u2018\u2019be\u015f insan\u0131n\u2019\u2019 yine end\u00fcstriyel bir topluma g\u00f6ndermek \u00fczere haz\u0131rlad\u0131klar\u0131 k\u00fc\u00e7\u00fck bir \u00e7ocu\u011fun \u00fczerinden, \u201colmas\u0131 gereken end\u00fcstriyel toplumun\u2019\u2019 parodisini yapmaktad\u0131rlar.   Ancak bunun ger\u00e7ekle\u015fmesi m\u00fcmk\u00fcn m\u00fcd\u00fcr? Bu soru havada kal\u0131r, cevaplanamaz. Ayr\u0131ca \u201cvar olma\u201d nedenlerini sorgulamaya ba\u015flam\u0131\u015f kimselerin, ayd\u0131nlanma ile yerinde sayma aras\u0131ndaki bunal\u0131m\u0131n\u0131, \u201cayd\u0131nlanma\u201d \u00e7izgisine ta\u015f\u0131may\u0131 ama\u00e7layan bu evrensel yap\u0131tta; \u201cy\u00fczeysel geli\u015fen felsefi diyaloglar\u0131n ard\u0131ndaki \u2018\u015fiirsel derinlik&#8217;, okuyucular\u0131 roman ki\u015fileriyle de\u011fil, eserin b\u00fct\u00fcn\u00fcyle \u00f6zde\u015fle\u015ftirmesi yoluna gidiyor&#8230;\u201d<\/p>\n","protected":false},"excerpt":{"rendered":"<p>End\u00fcstriyel toplumun olu\u015fturdu\u011fu \u2018insan\u2019 y\u0131\u011f\u0131nlar\u0131 i\u00e7inde, her s\u0131n\u0131ftan ki\u015filiklerin i\u00e7 i\u00e7e ge\u00e7mi\u015f \u2018denetleyemedikleri\u2019 ya\u015famlar\u0131ndan \u00e7ok uzak bir d\u00fcnyada \u201c\u00f6z varl\u0131klar\u0131n\u0131\u201d sorgulayan \u2018\u2019be\u015f insan\u0131n\u2019\u2019 yine end\u00fcstriyel bir<span class=\"excerpt-hellip\"> [\u2026]<\/span><\/p>\n","protected":false},"featured_media":0,"template":"","meta":{"_monsterinsights_skip_tracking":false,"_monsterinsights_sitenote_active":false,"_monsterinsights_sitenote_note":"","_monsterinsights_sitenote_category":0},"product_brand":[],"product_cat":[12291,12711],"product_tag":[],"class_list":{"0":"post-732915","1":"product","2":"type-product","3":"status-publish","5":"product_cat-edebiyat","6":"product_cat-roman-oyku","7":"pa_cilt-ciltsiz","8":"pa_tur-kitap","9":"pa_yayinevi-us-yayinlari","10":"pa_yazar-ahmet-unal","12":"first","13":"instock","14":"sale","15":"shipping-taxable","16":"purchasable","17":"product-type-simple"},"_links":{"self":[{"href":"https:\/\/roveyayinevi.com.tr\/index.php\/wp-json\/wp\/v2\/product\/732915","targetHints":{"allow":["GET"]}}],"collection":[{"href":"https:\/\/roveyayinevi.com.tr\/index.php\/wp-json\/wp\/v2\/product"}],"about":[{"href":"https:\/\/roveyayinevi.com.tr\/index.php\/wp-json\/wp\/v2\/types\/product"}],"wp:attachment":[{"href":"https:\/\/roveyayinevi.com.tr\/index.php\/wp-json\/wp\/v2\/media?parent=732915"}],"wp:term":[{"taxonomy":"product_brand","embeddable":true,"href":"https:\/\/roveyayinevi.com.tr\/index.php\/wp-json\/wp\/v2\/product_brand?post=732915"},{"taxonomy":"product_cat","embeddable":true,"href":"https:\/\/roveyayinevi.com.tr\/index.php\/wp-json\/wp\/v2\/product_cat?post=732915"},{"taxonomy":"product_tag","embeddable":true,"href":"https:\/\/roveyayinevi.com.tr\/index.php\/wp-json\/wp\/v2\/product_tag?post=732915"}],"curies":[{"name":"wp","href":"https:\/\/api.w.org\/{rel}","templated":true}]}}