{"id":732914,"date":"2025-08-27T21:59:45","date_gmt":"2025-08-27T18:59:45","guid":{"rendered":"https:\/\/roveyayinevi.com.tr\/index.php\/urun\/benim-mucadelem\/"},"modified":"2025-11-21T07:04:31","modified_gmt":"2025-11-21T04:04:31","slug":"benim-mucadelem","status":"publish","type":"product","link":"https:\/\/roveyayinevi.com.tr\/index.php\/urun\/benim-mucadelem\/","title":{"rendered":"Benim M\u00fccadelem"},"content":{"rendered":"<p>\u0130nsanlar benim hakk\u0131mda hep \u015f\u00f6yle d\u00fc\u015f\u00fcn\u00fcrd\u00fc: \u201cErdal ac\u0131mas\u0131zd\u0131r. Erdal bir haydut.\u201d Bu k\u0131smen do\u011fruydu ama Erdal&#8217;\u0131n hisseden bir kalbi oldu\u011funu hi\u00e7 d\u00fc\u015f\u00fcnmediler. Benim de bir s\u00fcr\u00fc duygum vard\u0131. Zihnimden \u00e7ok duygular\u0131m\u0131n pe\u015finden giderdim \u00e7o\u011fu zaman. Bazen sert vurabilirim belki \u00e7\u00fcnk\u00fc ben bir sporcuyum ama \u00e7ok hassas bir insan\u0131m, neredeyse hi\u00e7 kimse bunu d\u00fc\u015f\u00fcnmedi. <\/p>\n","protected":false},"excerpt":{"rendered":"<p>\u0130nsanlar benim hakk\u0131mda hep \u015f\u00f6yle d\u00fc\u015f\u00fcn\u00fcrd\u00fc: \u201cErdal ac\u0131mas\u0131zd\u0131r. Erdal bir haydut.\u201d Bu k\u0131smen do\u011fruydu ama Erdal&#8217;\u0131n hisseden bir kalbi oldu\u011funu hi\u00e7 d\u00fc\u015f\u00fcnmediler. Benim de bir s\u00fcr\u00fc<span class=\"excerpt-hellip\"> [\u2026]<\/span><\/p>\n","protected":false},"featured_media":0,"template":"","meta":{"_monsterinsights_skip_tracking":false,"_monsterinsights_sitenote_active":false,"_monsterinsights_sitenote_note":"","_monsterinsights_sitenote_category":0},"product_brand":[],"product_cat":[14009,12291],"product_tag":[],"class_list":{"0":"post-732914","1":"product","2":"type-product","3":"status-publish","5":"product_cat-biyografi-otobiyografi-edebiyat","6":"product_cat-edebiyat","7":"pa_cilt-ciltsiz","8":"pa_tur-kitap","9":"pa_yayinevi-kuytu-yayinlari","10":"pa_yazar-birgul-evren","12":"first","13":"instock","14":"sale","15":"shipping-taxable","16":"purchasable","17":"product-type-simple"},"_links":{"self":[{"href":"https:\/\/roveyayinevi.com.tr\/index.php\/wp-json\/wp\/v2\/product\/732914","targetHints":{"allow":["GET"]}}],"collection":[{"href":"https:\/\/roveyayinevi.com.tr\/index.php\/wp-json\/wp\/v2\/product"}],"about":[{"href":"https:\/\/roveyayinevi.com.tr\/index.php\/wp-json\/wp\/v2\/types\/product"}],"wp:attachment":[{"href":"https:\/\/roveyayinevi.com.tr\/index.php\/wp-json\/wp\/v2\/media?parent=732914"}],"wp:term":[{"taxonomy":"product_brand","embeddable":true,"href":"https:\/\/roveyayinevi.com.tr\/index.php\/wp-json\/wp\/v2\/product_brand?post=732914"},{"taxonomy":"product_cat","embeddable":true,"href":"https:\/\/roveyayinevi.com.tr\/index.php\/wp-json\/wp\/v2\/product_cat?post=732914"},{"taxonomy":"product_tag","embeddable":true,"href":"https:\/\/roveyayinevi.com.tr\/index.php\/wp-json\/wp\/v2\/product_tag?post=732914"}],"curies":[{"name":"wp","href":"https:\/\/api.w.org\/{rel}","templated":true}]}}