{"id":732905,"date":"2025-08-27T21:59:34","date_gmt":"2025-08-27T18:59:34","guid":{"rendered":"https:\/\/roveyayinevi.com.tr\/index.php\/urun\/calceneden-oykuler\/"},"modified":"2026-04-12T02:47:48","modified_gmt":"2026-04-11T23:47:48","slug":"calceneden-oykuler","status":"publish","type":"product","link":"https:\/\/roveyayinevi.com.tr\/index.php\/urun\/calceneden-oykuler\/","title":{"rendered":"\u00c7al\u00e7ene&#8217;den \u00d6yk\u00fcler"},"content":{"rendered":"<p>\u201cYaz\u0131lar\u0131n elle yaz\u0131ld\u0131\u011f\u0131 zamanlarda, h\u00fcz\u00fcnl\u00fc \u00f6yk\u00fcler kaleme alan bir yazar ya\u015fard\u0131. \u00d6yk\u00fcleri \u00e7ok g\u00fczeldi, ama \u00f6ylesine h\u00fcz\u00fcnl\u00fcyd\u00fcler ki hi\u00e7bir yay\u0131mc\u0131 onlar\u0131 basmak istemezdi. Matbaadaki bask\u0131 makinelerinin a\u011flamaya ba\u015flay\u0131p paslanmas\u0131ndan korkarlard\u0131.\u201d Bu kitaba ad\u0131n\u0131 veren \u00f6yk\u00fc i\u015fte b\u00f6yle ba\u015fl\u0131yor. Ama bahse gireriz ki \u00f6yk\u00fcler art\u0131k h\u00fcz\u00fcnl\u00fc olmayacak, bas\u0131lacaklar. Bask\u0131 makineleri g\u00fclecek, paslanmayacaklar. Hatta \u00e7ocuklar da bu kitab\u0131n sayfalar\u0131n\u0131 \u00e7evirdik\u00e7e g\u00fclecek, kahkahalar atacaklar. G\u00fclmek ve okumak t\u00fcm pas\u0131 s\u00f6ker atar. Bunu hi\u00e7 unutma.<\/p>\n","protected":false},"excerpt":{"rendered":"<p>\u201cYaz\u0131lar\u0131n elle yaz\u0131ld\u0131\u011f\u0131 zamanlarda, h\u00fcz\u00fcnl\u00fc \u00f6yk\u00fcler kaleme alan bir yazar ya\u015fard\u0131. \u00d6yk\u00fcleri \u00e7ok g\u00fczeldi, ama \u00f6ylesine h\u00fcz\u00fcnl\u00fcyd\u00fcler ki hi\u00e7bir yay\u0131mc\u0131 onlar\u0131 basmak istemezdi. Matbaadaki bask\u0131 makinelerinin<span class=\"excerpt-hellip\"> [\u2026]<\/span><\/p>\n","protected":false},"featured_media":0,"template":"","meta":{"_monsterinsights_skip_tracking":false,"_monsterinsights_sitenote_active":false,"_monsterinsights_sitenote_note":"","_monsterinsights_sitenote_category":0},"product_brand":[],"product_cat":[12275,12274],"product_tag":[],"class_list":{"0":"post-732905","1":"product","2":"type-product","3":"status-publish","5":"product_cat-6-12-yas-kitaplari","6":"product_cat-cocuk-ve-genclik-kitaplari","7":"pa_cilt-ciltsiz","8":"pa_tur-kitap","9":"pa_yayinevi-can-cocuk-yayinlari","10":"pa_yazar-roberto-piumini","12":"first","13":"instock","14":"sale","15":"shipping-taxable","16":"purchasable","17":"product-type-simple"},"_links":{"self":[{"href":"https:\/\/roveyayinevi.com.tr\/index.php\/wp-json\/wp\/v2\/product\/732905","targetHints":{"allow":["GET"]}}],"collection":[{"href":"https:\/\/roveyayinevi.com.tr\/index.php\/wp-json\/wp\/v2\/product"}],"about":[{"href":"https:\/\/roveyayinevi.com.tr\/index.php\/wp-json\/wp\/v2\/types\/product"}],"wp:attachment":[{"href":"https:\/\/roveyayinevi.com.tr\/index.php\/wp-json\/wp\/v2\/media?parent=732905"}],"wp:term":[{"taxonomy":"product_brand","embeddable":true,"href":"https:\/\/roveyayinevi.com.tr\/index.php\/wp-json\/wp\/v2\/product_brand?post=732905"},{"taxonomy":"product_cat","embeddable":true,"href":"https:\/\/roveyayinevi.com.tr\/index.php\/wp-json\/wp\/v2\/product_cat?post=732905"},{"taxonomy":"product_tag","embeddable":true,"href":"https:\/\/roveyayinevi.com.tr\/index.php\/wp-json\/wp\/v2\/product_tag?post=732905"}],"curies":[{"name":"wp","href":"https:\/\/api.w.org\/{rel}","templated":true}]}}