{"id":732904,"date":"2025-08-27T21:59:33","date_gmt":"2025-08-27T18:59:33","guid":{"rendered":"https:\/\/roveyayinevi.com.tr\/index.php\/urun\/gumbur-gumbur\/"},"modified":"2026-04-16T02:40:46","modified_gmt":"2026-04-15T23:40:46","slug":"gumbur-gumbur","status":"publish","type":"product","link":"https:\/\/roveyayinevi.com.tr\/index.php\/urun\/gumbur-gumbur\/","title":{"rendered":"G\u00fcmb\u00fcr G\u00fcmb\u00fcr"},"content":{"rendered":"<p>\u201cBirlikte sesimizin daha g\u00fcr oldu\u011funun fark\u0131nda de\u011fil misin?\u201d     G\u00fcmb\u00fcr G\u00fcmb\u00fcr, \u00f6zel bir arkada\u015fl\u0131\u011f\u0131n, onun getirdi\u011fi g\u00fcc\u00fcn ve cesaretin hik\u00e2yesi. Kimi zaman renkler solsa da kimi zaman \u0131\u015f\u0131k bo\u011fulsa da iki arkada\u015f birbirlerinin biricik farkl\u0131l\u0131klar\u0131n\u0131 kucaklayarak bir arada duruyor.   Suspus\u2019ta g\u00fcr\u00fclt\u00fcl\u00fc bir d\u00fcnyada kendi yerini bulmayan \u00e7al\u0131\u015fan i\u00e7ine kapan\u0131k k\u0131z, \u015fimdi sesini duyuraca\u011f\u0131 gelece\u011fi in\u015fa ediyor. \u00dcstelik bu kez yaln\u0131z de\u011fil. <\/p>\n","protected":false},"excerpt":{"rendered":"<p>\u201cBirlikte sesimizin daha g\u00fcr oldu\u011funun fark\u0131nda de\u011fil misin?\u201d G\u00fcmb\u00fcr G\u00fcmb\u00fcr, \u00f6zel bir arkada\u015fl\u0131\u011f\u0131n, onun getirdi\u011fi g\u00fcc\u00fcn ve cesaretin hik\u00e2yesi. Kimi zaman renkler solsa da kimi zaman<span class=\"excerpt-hellip\"> [\u2026]<\/span><\/p>\n","protected":false},"featured_media":0,"template":"","meta":{"_monsterinsights_skip_tracking":false,"_monsterinsights_sitenote_active":false,"_monsterinsights_sitenote_note":"","_monsterinsights_sitenote_category":0},"product_brand":[],"product_cat":[12275,12274],"product_tag":[],"class_list":{"0":"post-732904","1":"product","2":"type-product","3":"status-publish","5":"product_cat-6-12-yas-kitaplari","6":"product_cat-cocuk-ve-genclik-kitaplari","7":"pa_cilt-ciltsiz","8":"pa_tur-kitap","9":"pa_yayinevi-cinar-yayinlari","10":"pa_yazar-david-ouimet","12":"first","13":"instock","14":"sale","15":"shipping-taxable","16":"purchasable","17":"product-type-simple"},"_links":{"self":[{"href":"https:\/\/roveyayinevi.com.tr\/index.php\/wp-json\/wp\/v2\/product\/732904","targetHints":{"allow":["GET"]}}],"collection":[{"href":"https:\/\/roveyayinevi.com.tr\/index.php\/wp-json\/wp\/v2\/product"}],"about":[{"href":"https:\/\/roveyayinevi.com.tr\/index.php\/wp-json\/wp\/v2\/types\/product"}],"wp:attachment":[{"href":"https:\/\/roveyayinevi.com.tr\/index.php\/wp-json\/wp\/v2\/media?parent=732904"}],"wp:term":[{"taxonomy":"product_brand","embeddable":true,"href":"https:\/\/roveyayinevi.com.tr\/index.php\/wp-json\/wp\/v2\/product_brand?post=732904"},{"taxonomy":"product_cat","embeddable":true,"href":"https:\/\/roveyayinevi.com.tr\/index.php\/wp-json\/wp\/v2\/product_cat?post=732904"},{"taxonomy":"product_tag","embeddable":true,"href":"https:\/\/roveyayinevi.com.tr\/index.php\/wp-json\/wp\/v2\/product_tag?post=732904"}],"curies":[{"name":"wp","href":"https:\/\/api.w.org\/{rel}","templated":true}]}}