{"id":732891,"date":"2025-08-27T21:59:17","date_gmt":"2025-08-27T18:59:17","guid":{"rendered":"https:\/\/roveyayinevi.com.tr\/index.php\/urun\/kalp-ne-isterse-o-olur-1-ciltli\/"},"modified":"2026-04-16T02:40:45","modified_gmt":"2026-04-15T23:40:45","slug":"kalp-ne-isterse-o-olur-1-ciltli","status":"publish","type":"product","link":"https:\/\/roveyayinevi.com.tr\/index.php\/urun\/kalp-ne-isterse-o-olur-1-ciltli\/","title":{"rendered":"Kalp Ne \u0130sterse O Olur &#8211; 1 (Ciltli)"},"content":{"rendered":"<p>Hayat\u0131 boyunca \u201c\u00c7ulhalar\u0131n k\u0131z\u0131\u201d olarak tan\u0131nan\u015eeyda \u00c7ulha, kendisinin asla bir birey olarak ya\u015fam\u0131n\u0131 s\u00fcrd\u00fcremeyece\u011fini d\u00fc\u015f\u00fcnmektedir. \u0130\u00e7inde besledi\u011fib\u00fcy\u00fck \u00f6fkeyi sadece buz pateni yaparak ve Ya\u011f\u0131z\u2019\u0131 izleyerek atar. Bir g\u00fcn Ya\u011f\u0131z kar\u015f\u0131s\u0131na dikilip onunla uzun bir seyahate \u00e7\u0131kmas\u0131n\u0131 istedi\u011finde bir kez olsun kendi hayat\u0131n\u0131 ya\u015fayabilece\u011fini d\u00fc\u015f\u00fcnerek bu teklifi kabul eder.O, uzaktan izlemelere doyamad\u0131\u011f\u0131 tablosunu ke\u015ffederken ressam\u0131n son eserini haz\u0131rlamakta oldu\u011funun fark\u0131nda de\u011fildir. Ger\u00e7eklerle y\u00fcz y\u00fcze geldi\u011finde ise kendini sondan yeni bir ba\u015flang\u0131\u00e7 yaratmaya \u00e7al\u0131\u015f\u0131rken bulacakt\u0131r.Fakat unutmamas\u0131 gereken bir \u015fey vard\u0131r; g\u00fcn\u00fcn sonunda kalp ne isterse o olacakt\u0131r.Meryem Nart\u2019tan #Varm\u0131s\u0131n okurlar\u0131n\u0131 heyecanland\u0131racak ve onlar\u0131 unutamayacaklar\u0131 bir ser\u00fcvene \u00e7\u0131karacak bir kitap:Kalp Ne \u0130sterse O Olur.\u201cKaranl\u0131\u011f\u0131n aras\u0131ndan ayd\u0131nlanan g\u00fczel bir \u0131\u015f\u0131k.Kalbini \u0131s\u0131tan g\u00fczel bir g\u00fcl\u00fcmseme. Ruhuna de\u011fen ela bak\u0131\u015flar. Ona do\u011fru \u00e7ekildi\u011fin g\u00fczel bir ten. G\u00f6zlerimi yakan ama yine de kendine bakt\u0131ran bir adam. Ya\u011f\u0131z Kahraman.\u201d<\/p>\n","protected":false},"excerpt":{"rendered":"<p>Hayat\u0131 boyunca \u201c\u00c7ulhalar\u0131n k\u0131z\u0131\u201d olarak tan\u0131nan\u015eeyda \u00c7ulha, kendisinin asla bir birey olarak ya\u015fam\u0131n\u0131 s\u00fcrd\u00fcremeyece\u011fini d\u00fc\u015f\u00fcnmektedir. \u0130\u00e7inde besledi\u011fib\u00fcy\u00fck \u00f6fkeyi sadece buz pateni yaparak ve Ya\u011f\u0131z\u2019\u0131 izleyerek atar.<span class=\"excerpt-hellip\"> [\u2026]<\/span><\/p>\n","protected":false},"featured_media":0,"template":"","meta":{"_monsterinsights_skip_tracking":false,"_monsterinsights_sitenote_active":false,"_monsterinsights_sitenote_note":"","_monsterinsights_sitenote_category":0},"product_brand":[],"product_cat":[12291,12711],"product_tag":[],"class_list":{"0":"post-732891","1":"product","2":"type-product","3":"status-publish","5":"product_cat-edebiyat","6":"product_cat-roman-oyku","7":"pa_cilt-ciltli","8":"pa_tur-kitap","9":"pa_yayinevi-ephesus-yayinlari","10":"pa_yazar-meryem-nart","12":"first","13":"instock","14":"sale","15":"shipping-taxable","16":"purchasable","17":"product-type-simple"},"_links":{"self":[{"href":"https:\/\/roveyayinevi.com.tr\/index.php\/wp-json\/wp\/v2\/product\/732891","targetHints":{"allow":["GET"]}}],"collection":[{"href":"https:\/\/roveyayinevi.com.tr\/index.php\/wp-json\/wp\/v2\/product"}],"about":[{"href":"https:\/\/roveyayinevi.com.tr\/index.php\/wp-json\/wp\/v2\/types\/product"}],"wp:attachment":[{"href":"https:\/\/roveyayinevi.com.tr\/index.php\/wp-json\/wp\/v2\/media?parent=732891"}],"wp:term":[{"taxonomy":"product_brand","embeddable":true,"href":"https:\/\/roveyayinevi.com.tr\/index.php\/wp-json\/wp\/v2\/product_brand?post=732891"},{"taxonomy":"product_cat","embeddable":true,"href":"https:\/\/roveyayinevi.com.tr\/index.php\/wp-json\/wp\/v2\/product_cat?post=732891"},{"taxonomy":"product_tag","embeddable":true,"href":"https:\/\/roveyayinevi.com.tr\/index.php\/wp-json\/wp\/v2\/product_tag?post=732891"}],"curies":[{"name":"wp","href":"https:\/\/api.w.org\/{rel}","templated":true}]}}