{"id":732886,"date":"2025-08-27T21:59:13","date_gmt":"2025-08-27T18:59:13","guid":{"rendered":"https:\/\/roveyayinevi.com.tr\/index.php\/urun\/kronik-isgoren-hastaliklari-nedenleri-sonuclari-ve-careleri\/"},"modified":"2026-04-16T02:40:45","modified_gmt":"2026-04-15T23:40:45","slug":"kronik-isgoren-hastaliklari-nedenleri-sonuclari-ve-careleri","status":"publish","type":"product","link":"https:\/\/roveyayinevi.com.tr\/index.php\/urun\/kronik-isgoren-hastaliklari-nedenleri-sonuclari-ve-careleri\/","title":{"rendered":"Kronik \u0130\u015fg\u00f6ren Hastal\u0131klar\u0131 Nedenleri, Sonu\u00e7lar\u0131 ve \u00c7areleri"},"content":{"rendered":"<p>\u0130\u00e7indekiler   1.      KAYTARMA 2.      PRESENTE\u0130ZM 3.      T\u00dcKENM\u0130\u015eL\u0130K 4.      \u00dcRETKENL\u0130K KAR\u015eITI DAVRANI\u015eLAR 5.      \u00c7ALI\u015eANLARDA EGOSANTR\u0130K TUTUM VE DAVRANI\u015eLAR 6.      ERTELEME HASTALI\u011eI 7.      \u0130\u015eG\u00d6RENLER\u0130N \u00d6RG\u00dcTSEL YA\u015eAMDA KAR\u015eILA\u015eTIKLARI SA\u011eLIK PROBLEMLER\u0130 8.      DUYGULARI Y\u00d6NET(E)MEME 9.      \u00c7ALI\u015eAN SADAKATS\u0130ZL\u0130\u011e\u0130 10.  \u00c7ALI\u015eAN HASTALI\u011eI OLARAK \u201cYETERS\u0130ZL\u0130K\u201d 11.  \u00d6RG\u00dcTSEL BA\u011eLILIKTAN YOKSUNLUK VE YAKIN ANLAMLI KAVRAMLAR 12.  TATM\u0130NS\u0130ZL\u0130K <\/p>\n","protected":false},"excerpt":{"rendered":"<p>\u0130\u00e7indekiler 1. KAYTARMA 2. PRESENTE\u0130ZM 3. T\u00dcKENM\u0130\u015eL\u0130K 4. \u00dcRETKENL\u0130K KAR\u015eITI DAVRANI\u015eLAR 5. \u00c7ALI\u015eANLARDA EGOSANTR\u0130K TUTUM VE DAVRANI\u015eLAR 6. ERTELEME HASTALI\u011eI 7. \u0130\u015eG\u00d6RENLER\u0130N \u00d6RG\u00dcTSEL YA\u015eAMDA KAR\u015eILA\u015eTIKLARI SA\u011eLIK<span class=\"excerpt-hellip\"> [\u2026]<\/span><\/p>\n","protected":false},"featured_media":0,"template":"","meta":{"_monsterinsights_skip_tracking":false,"_monsterinsights_sitenote_active":false,"_monsterinsights_sitenote_note":"","_monsterinsights_sitenote_category":0},"product_brand":[],"product_cat":[13043,19008],"product_tag":[],"class_list":{"0":"post-732886","1":"product","2":"type-product","3":"status-publish","5":"product_cat-ekonomi","6":"product_cat-yonetim","7":"pa_cilt-ciltsiz","8":"pa_tur-kitap","9":"pa_yayinevi-gazi-kitabevi","10":"pa_yazar-gazi-kitabevi-kolektif","12":"first","13":"instock","14":"sale","15":"shipping-taxable","16":"purchasable","17":"product-type-simple"},"_links":{"self":[{"href":"https:\/\/roveyayinevi.com.tr\/index.php\/wp-json\/wp\/v2\/product\/732886","targetHints":{"allow":["GET"]}}],"collection":[{"href":"https:\/\/roveyayinevi.com.tr\/index.php\/wp-json\/wp\/v2\/product"}],"about":[{"href":"https:\/\/roveyayinevi.com.tr\/index.php\/wp-json\/wp\/v2\/types\/product"}],"wp:attachment":[{"href":"https:\/\/roveyayinevi.com.tr\/index.php\/wp-json\/wp\/v2\/media?parent=732886"}],"wp:term":[{"taxonomy":"product_brand","embeddable":true,"href":"https:\/\/roveyayinevi.com.tr\/index.php\/wp-json\/wp\/v2\/product_brand?post=732886"},{"taxonomy":"product_cat","embeddable":true,"href":"https:\/\/roveyayinevi.com.tr\/index.php\/wp-json\/wp\/v2\/product_cat?post=732886"},{"taxonomy":"product_tag","embeddable":true,"href":"https:\/\/roveyayinevi.com.tr\/index.php\/wp-json\/wp\/v2\/product_tag?post=732886"}],"curies":[{"name":"wp","href":"https:\/\/api.w.org\/{rel}","templated":true}]}}