{"id":732875,"date":"2025-08-27T21:59:01","date_gmt":"2025-08-27T18:59:01","guid":{"rendered":"https:\/\/roveyayinevi.com.tr\/index.php\/urun\/mistik-mimari\/"},"modified":"2026-02-03T02:57:17","modified_gmt":"2026-02-02T23:57:17","slug":"mistik-mimari","status":"publish","type":"product","link":"https:\/\/roveyayinevi.com.tr\/index.php\/urun\/mistik-mimari\/","title":{"rendered":"Mistik Mimari"},"content":{"rendered":"<p>G\u00f6ky\u00fcz\u00fcn\u00fc\/yery\u00fcz\u00fcn\u00fc k\u0131saca evreni\/\u00e2lemi ve insan\u0131 planlayan\/yaratan bir kudretin mutlaka insan ya\u015fam\u0131na ili\u015fkin bir mimar\u00ee yakla\u015f\u0131m\u0131\/\u00e2yeti\/i\u015fareti olmal\u0131yd\u0131. E\u011fer insan, Allah ile aras\u0131nda dikey ba\u011f\u0131 kurmam\u0131\u015fsa, yatayda ger\u00e7ekle\u015ftirece\u011fi mimar\u00ee de anlaml\u0131 olmayacak; insan\u0131n ruhunu rahatlatacak yerde nefsini azd\u0131racak\/b\u00fcy\u00fctecek bir yap\u0131la\u015fman\u0131n izlerini ta\u015f\u0131yacakt\u0131. Bu nedenle yery\u00fcz\u00fcn\u00fc \u201cyar y\u00fcz\u00fcne\u201d \u00e7evirmeye \u00f6nce insan\u0131 yeniden in\u015f\u00e2 etmekle ba\u015flamal\u0131 ve onu il\u00e2h\u00ee vahyin mimar\u00eesinde yeniden d\u00fczenlemelidir. Tevh\u00eed\u2019den beslenen bir mimar\u00ee ancak insan\u0131 varl\u0131kla b\u00fct\u00fcnle\u015ftirebilir ve yery\u00fcz\u00fcn\u00fc her karesinden il\u00e2h\u00ee yak\u0131nl\u0131\u011f\u0131n sa\u011fland\u0131\u011f\u0131 bir mescid h\u00e2line getirebilir. B\u00f6yle bir mimar\u00eeye \u201cMistik Mimar\u00ee\u201d ad\u0131n\u0131 veriyoruz ve bu mimar\u00eenin Allah taraf\u0131ndan se\u00e7ilmi\u015f \u00f6nc\u00fclerini de \u201cHer Peygamber Bir Mimard\u0131r\u201d tan\u0131m\u0131yla an\u0131yoruz. Bu demektir ki; Hz. \u00c2dem\u2019den Hz. Peygamber\u2019e kadar gelen t\u00fcm peygamberler insan\u0131n mimar\u00eesinde rol alm\u0131\u015f, insan\u0131n ve ya\u015fam\u0131n tek\u00e2m\u00fcl\u00fcne paralel bir \u015fekilde bu mistik mimar\u00eeye katk\u0131 sa\u011flam\u0131\u015flard\u0131r. Bu \u00e7al\u0131\u015fmam\u0131zda \u00f6nce Kur\u2019\u00e2n\u2019da yarat\u0131l\u0131\u015f ger\u00e7e\u011finin farkl\u0131 a\u015famalar\u0131na kar\u015f\u0131l\u0131k gelen kavramlar\u0131 inceledik ve evrenin ve insan\u0131n yarat\u0131l\u0131\u015f\u0131ndan bahseden \u00e2yetleri yorumlamaya \u00e7al\u0131\u015ft\u0131k. Sonra da yine Kur\u2019\u00e2n\u2019da ad\u0131 ge\u00e7en bu mistik mimar\u00eenin uygulay\u0131c\u0131lar\u0131n\u0131 geli\u015f\/g\u00f6nderili\u015f s\u0131ras\u0131yla ele ald\u0131k ve onlar\u0131 kendi toplumlar\u0131na yapt\u0131klar\u0131 katk\u0131lar\u0131yla, farkl\u0131 mimar\u00ee \u00f6zellikleriyle tan\u0131tmaya \u00e7al\u0131\u015ft\u0131k. B\u00f6ylelikle k\u0131sa da olsa \u201cmistik mimar\u00ee\u201d ad\u0131 alt\u0131nda farkl\u0131 bir bak\u0131\u015f a\u00e7\u0131s\u0131yla olu\u015fan peygamberler tarihini de ortaya \u00e7\u0131karm\u0131\u015f olduk. Umar\u0131m bu \u00e7al\u0131\u015fma Kur\u2019\u00e2n\u2019\u0131n mimar\u00ee yakla\u015f\u0131m\u0131 ile ilgili \u00e7ok daha geni\u015f yaz\u0131mlara bir k\u00fc\u00e7\u00fck basamak olur. <\/p>\n","protected":false},"excerpt":{"rendered":"<p>G\u00f6ky\u00fcz\u00fcn\u00fc\/yery\u00fcz\u00fcn\u00fc k\u0131saca evreni\/\u00e2lemi ve insan\u0131 planlayan\/yaratan bir kudretin mutlaka insan ya\u015fam\u0131na ili\u015fkin bir mimar\u00ee yakla\u015f\u0131m\u0131\/\u00e2yeti\/i\u015fareti olmal\u0131yd\u0131. E\u011fer insan, Allah ile aras\u0131nda dikey ba\u011f\u0131 kurmam\u0131\u015fsa, yatayda ger\u00e7ekle\u015ftirece\u011fi<span class=\"excerpt-hellip\"> [\u2026]<\/span><\/p>\n","protected":false},"featured_media":0,"template":"","meta":{"_monsterinsights_skip_tracking":false,"_monsterinsights_sitenote_active":false,"_monsterinsights_sitenote_note":"","_monsterinsights_sitenote_category":0},"product_brand":[],"product_cat":[12364,12376],"product_tag":[],"class_list":{"0":"post-732875","1":"product","2":"type-product","3":"status-publish","5":"product_cat-genel-konular","6":"product_cat-kisisel-gelisim","7":"pa_cilt-ciltsiz","8":"pa_tur-kitap","9":"pa_yayinevi-hayykitap","10":"pa_yazar-necmettin-sahinler","12":"first","13":"instock","14":"sale","15":"shipping-taxable","16":"purchasable","17":"product-type-simple"},"_links":{"self":[{"href":"https:\/\/roveyayinevi.com.tr\/index.php\/wp-json\/wp\/v2\/product\/732875","targetHints":{"allow":["GET"]}}],"collection":[{"href":"https:\/\/roveyayinevi.com.tr\/index.php\/wp-json\/wp\/v2\/product"}],"about":[{"href":"https:\/\/roveyayinevi.com.tr\/index.php\/wp-json\/wp\/v2\/types\/product"}],"wp:attachment":[{"href":"https:\/\/roveyayinevi.com.tr\/index.php\/wp-json\/wp\/v2\/media?parent=732875"}],"wp:term":[{"taxonomy":"product_brand","embeddable":true,"href":"https:\/\/roveyayinevi.com.tr\/index.php\/wp-json\/wp\/v2\/product_brand?post=732875"},{"taxonomy":"product_cat","embeddable":true,"href":"https:\/\/roveyayinevi.com.tr\/index.php\/wp-json\/wp\/v2\/product_cat?post=732875"},{"taxonomy":"product_tag","embeddable":true,"href":"https:\/\/roveyayinevi.com.tr\/index.php\/wp-json\/wp\/v2\/product_tag?post=732875"}],"curies":[{"name":"wp","href":"https:\/\/api.w.org\/{rel}","templated":true}]}}