{"id":732871,"date":"2025-08-27T21:58:57","date_gmt":"2025-08-27T18:58:57","guid":{"rendered":"https:\/\/roveyayinevi.com.tr\/index.php\/urun\/kurani-seven-cocuklar-9lu-set\/"},"modified":"2026-04-16T02:40:45","modified_gmt":"2026-04-15T23:40:45","slug":"kurani-seven-cocuklar-9lu-set","status":"publish","type":"product","link":"https:\/\/roveyayinevi.com.tr\/index.php\/urun\/kurani-seven-cocuklar-9lu-set\/","title":{"rendered":"Kur\u2019an\u2019\u0131 Seven \u00c7ocuklar 9\u2019lu Set"},"content":{"rendered":"<p>\u0130lk tan\u0131\u015fmalar \u00f6nemlidir. Orada olu\u015fan duygular \u00f6mr\u00fcm\u00fcz boyunca bize e\u015flik edecek kadar etkilidir. \u00c7ocuklar\u0131m\u0131z g\u00fczel Rabbimizin c\u00fcmleleri ile ilk tan\u0131\u015ft\u0131klar\u0131nda ne hissederlerse, y\u0131llar boyunca Kur\u2019an okurken benzer duygular\u0131 hissederler.  Severek tan\u0131\u015f\u0131rlarsa, severek okurlar. Severek okurlarsa, severek ya\u015famaya g\u00f6n\u00fcll\u00fc olurlar. Kur\u2019an\u2019\u0131 severlerse, Kur\u2019an\u2019\u0131 kendilerine g\u00f6nderen Allah\u2019\u0131 da severler.   9 kitaptan olu\u015fan Kur\u2019an\u2019\u0131 Seven \u00c7ocuklar Seti, \u00e7ocuklar\u0131m\u0131z\u0131n hayat kitab\u0131m\u0131z Kur\u2019an\u2019la tan\u0131\u015f\u0131kl\u0131\u011f\u0131na sevgi tohumlar\u0131 ekiyor. \u0130\u00e7eri\u011findeki hik\u00e2yeler, \u00f6yk\u00fcler, oyunlar ve etkinliklerle \u00e7ocuk d\u00fcnyas\u0131n\u0131n kap\u0131s\u0131n\u0131 ayet ayet t\u0131klat\u0131yor, sure sure ye\u015fertiyor. <\/p>\n","protected":false},"excerpt":{"rendered":"<p>\u0130lk tan\u0131\u015fmalar \u00f6nemlidir. Orada olu\u015fan duygular \u00f6mr\u00fcm\u00fcz boyunca bize e\u015flik edecek kadar etkilidir. \u00c7ocuklar\u0131m\u0131z g\u00fczel Rabbimizin c\u00fcmleleri ile ilk tan\u0131\u015ft\u0131klar\u0131nda ne hissederlerse, y\u0131llar boyunca Kur\u2019an okurken<span class=\"excerpt-hellip\"> [\u2026]<\/span><\/p>\n","protected":false},"featured_media":0,"template":"","meta":{"_monsterinsights_skip_tracking":false,"_monsterinsights_sitenote_active":false,"_monsterinsights_sitenote_note":"","_monsterinsights_sitenote_category":0},"product_brand":[],"product_cat":[12274,18802],"product_tag":[],"class_list":{"0":"post-732871","1":"product","2":"type-product","3":"status-publish","5":"product_cat-cocuk-ve-genclik-kitaplari","6":"product_cat-din-egitimi","7":"pa_cilt-ciltsiz","8":"pa_tur-kitap","9":"pa_yayinevi-hayykitap","10":"pa_yazar-hatice-kubra-tongar","12":"first","13":"instock","14":"sale","15":"shipping-taxable","16":"purchasable","17":"product-type-simple"},"_links":{"self":[{"href":"https:\/\/roveyayinevi.com.tr\/index.php\/wp-json\/wp\/v2\/product\/732871","targetHints":{"allow":["GET"]}}],"collection":[{"href":"https:\/\/roveyayinevi.com.tr\/index.php\/wp-json\/wp\/v2\/product"}],"about":[{"href":"https:\/\/roveyayinevi.com.tr\/index.php\/wp-json\/wp\/v2\/types\/product"}],"wp:attachment":[{"href":"https:\/\/roveyayinevi.com.tr\/index.php\/wp-json\/wp\/v2\/media?parent=732871"}],"wp:term":[{"taxonomy":"product_brand","embeddable":true,"href":"https:\/\/roveyayinevi.com.tr\/index.php\/wp-json\/wp\/v2\/product_brand?post=732871"},{"taxonomy":"product_cat","embeddable":true,"href":"https:\/\/roveyayinevi.com.tr\/index.php\/wp-json\/wp\/v2\/product_cat?post=732871"},{"taxonomy":"product_tag","embeddable":true,"href":"https:\/\/roveyayinevi.com.tr\/index.php\/wp-json\/wp\/v2\/product_tag?post=732871"}],"curies":[{"name":"wp","href":"https:\/\/api.w.org\/{rel}","templated":true}]}}