{"id":732852,"date":"2025-08-27T21:58:37","date_gmt":"2025-08-27T18:58:37","guid":{"rendered":"https:\/\/roveyayinevi.com.tr\/index.php\/urun\/stoaciligin-islam-dusuncesi-uzerindeki-etkisi\/"},"modified":"2026-02-03T02:57:16","modified_gmt":"2026-02-02T23:57:16","slug":"stoaciligin-islam-dusuncesi-uzerindeki-etkisi","status":"publish","type":"product","link":"https:\/\/roveyayinevi.com.tr\/index.php\/urun\/stoaciligin-islam-dusuncesi-uzerindeki-etkisi\/","title":{"rendered":"Stoac\u0131l\u0131\u011f\u0131n \u0130slam D\u00fc\u015f\u00fcncesi \u00dczerindeki Etkisi"},"content":{"rendered":"<p>Bu \u00e7al\u0131\u015fmada Stoa felsefesinin Mu\u0308slu\u0308man kelamc\u0131lar\u0131n ve filozoflar\u0131n \u00f6\u011fretileri u\u0308zerindeki etkileri ele al\u0131nmaktad\u0131r. Yazara g\u00f6re, Mu\u0308slu\u0308man du\u0308\u015fu\u0308nu\u0308rlerin \u00e7al\u0131\u015fmalar\u0131nda Stoac\u0131 unsurlar\u0131n varl\u0131\u011f\u0131 tart\u0131\u015fmas\u0131z bir ger\u00e7ekliktir. Bununla birlikte Stoa felsefesinin \u0130slam felsefesi u\u0308zerindeki etkisi Aristoteles\u00e7ili\u011fin ve Platonculu\u011fun etkisinden daha zay\u0131ft\u0131r. Yazar eser boyunca Mant\u0131k ilmi d\u0131\u015f\u0131nda bir yandan Fizik ve Metafizik, di\u011fer yandan da Ahlak konular\u0131n\u0131 g\u00f6zden ge\u00e7irmektedir. Bu konular\u0131 kelamc\u0131lar ve filozoflar u\u0308zerinden ele almaktad\u0131r.Birinci b\u00f6lu\u0308mde, Stoa ve \u0130slam felsefesinin temel kavramlar\u0131 aras\u0131nda ko\u015futluklar kurulmaya \u00e7al\u0131\u015f\u0131lmaktad\u0131r. \u0130kinci b\u00f6lu\u0308m, Stoac\u0131lardan bahseden kadim Arap\u00e7a metinlerin incelenmesine ayr\u0131lm\u0131\u015ft\u0131r. \u00dc\u00e7u\u0308ncu\u0308 b\u00f6lu\u0308mu\u0308nde Stoac\u0131 Mant\u0131k ve onun Mu\u0308slu\u0308man du\u0308\u015fu\u0308nu\u0308rler u\u0308zerindeki etkileri ele al\u0131nm\u0131\u015ft\u0131r. D\u00f6rdu\u0308ncu\u0308 b\u00f6lu\u0308mde Fizik ve Metafizik ile ilgili konulara odaklan\u0131lm\u0131\u015ft\u0131r. Bu b\u00f6lu\u0308mde merkeze al\u0131nan Stoac\u0131 maddecilik anlay\u0131\u015f\u0131na u\u0308\u00e7 temel y\u00f6nden yakla\u015f\u0131lm\u0131\u015ft\u0131r: 1. Nefs, nefsin do\u011fas\u0131 ve yazg\u0131s\u0131; 2. Tanr\u0131; 3. Tanr\u0131sal kelam ve tezahu\u0308ru\u0308. Yazara g\u00f6re, kitab\u0131n en \u00f6nemli b\u00f6lu\u0308mu\u0308 be\u015finci, yani son b\u00f6lu\u0308mdu\u0308r. Bu b\u00f6lu\u0308mde Mu\u0308slu\u0308man filozofarda Stoac\u0131 ahlak\u0131n etkileri ele al\u0131nm\u0131\u015ft\u0131r. Bu ba\u015fl\u0131k alt\u0131nda tart\u0131\u015f\u0131lan iki konu; uygun davran\u0131\u015f \u015fekilleri ve nefsin tutkular\u0131 olarak belirlenmi\u015ftir. Bu \u00e7er\u00e7evede Kindi, Razi, \u0130bn Miskeveyh, \u0130bn Sina ve \u0130bn Hazm\u2019\u0131n, Epiktetos\u2019un Elkitab\u0131n\u0131n (Manuel) en az\u0131ndan Arap\u00e7aya \u00e7evrilerek aktar\u0131lan baz\u0131 al\u0131nt\u0131lar\u0131ndaki \u00f6ncu\u0308 du\u0308\u015fu\u0308ncelere k\u00f6kten ba\u011fl\u0131 olan, ger\u00e7ek bir Platoncu-Stoac\u0131 ahlak okulu kurduklar\u0131 g\u00f6sterilmeye \u00e7al\u0131\u015f\u0131lm\u0131\u015ft\u0131r. Bununla birlikte bu okulun Kur\u2019an buyruklar\u0131n\u0131n gereklerine daha uygun du\u0308\u015fen Platoncu eskatolojiden esinlendi\u011fi yazar\u0131n iddialar\u0131 aras\u0131ndad\u0131r.<\/p>\n","protected":false},"excerpt":{"rendered":"<p>Bu \u00e7al\u0131\u015fmada Stoa felsefesinin Mu\u0308slu\u0308man kelamc\u0131lar\u0131n ve filozoflar\u0131n \u00f6\u011fretileri u\u0308zerindeki etkileri ele al\u0131nmaktad\u0131r. Yazara g\u00f6re, Mu\u0308slu\u0308man du\u0308\u015fu\u0308nu\u0308rlerin \u00e7al\u0131\u015fmalar\u0131nda Stoac\u0131 unsurlar\u0131n varl\u0131\u011f\u0131 tart\u0131\u015fmas\u0131z bir ger\u00e7ekliktir. Bununla birlikte<span class=\"excerpt-hellip\"> [\u2026]<\/span><\/p>\n","protected":false},"featured_media":0,"template":"","meta":{"_monsterinsights_skip_tracking":false,"_monsterinsights_sitenote_active":false,"_monsterinsights_sitenote_note":"","_monsterinsights_sitenote_category":0},"product_brand":[],"product_cat":[16789,12718,12719],"product_tag":[],"class_list":{"0":"post-732852","1":"product","2":"type-product","3":"status-publish","5":"product_cat-diger-islam","6":"product_cat-din","7":"product_cat-islam","8":"pa_cilt-ciltsiz","9":"pa_tur-kitap","10":"pa_yayinevi-albaraka-yayinlari","11":"pa_yazar-fehmi-jadaane","13":"first","14":"instock","15":"sale","16":"shipping-taxable","17":"purchasable","18":"product-type-simple"},"_links":{"self":[{"href":"https:\/\/roveyayinevi.com.tr\/index.php\/wp-json\/wp\/v2\/product\/732852","targetHints":{"allow":["GET"]}}],"collection":[{"href":"https:\/\/roveyayinevi.com.tr\/index.php\/wp-json\/wp\/v2\/product"}],"about":[{"href":"https:\/\/roveyayinevi.com.tr\/index.php\/wp-json\/wp\/v2\/types\/product"}],"wp:attachment":[{"href":"https:\/\/roveyayinevi.com.tr\/index.php\/wp-json\/wp\/v2\/media?parent=732852"}],"wp:term":[{"taxonomy":"product_brand","embeddable":true,"href":"https:\/\/roveyayinevi.com.tr\/index.php\/wp-json\/wp\/v2\/product_brand?post=732852"},{"taxonomy":"product_cat","embeddable":true,"href":"https:\/\/roveyayinevi.com.tr\/index.php\/wp-json\/wp\/v2\/product_cat?post=732852"},{"taxonomy":"product_tag","embeddable":true,"href":"https:\/\/roveyayinevi.com.tr\/index.php\/wp-json\/wp\/v2\/product_tag?post=732852"}],"curies":[{"name":"wp","href":"https:\/\/api.w.org\/{rel}","templated":true}]}}