{"id":732841,"date":"2025-08-27T21:58:27","date_gmt":"2025-08-27T18:58:27","guid":{"rendered":"https:\/\/roveyayinevi.com.tr\/index.php\/urun\/kitabul-kesb-islam-iktisadinda-helal-kazanc\/"},"modified":"2026-04-16T02:40:44","modified_gmt":"2026-04-15T23:40:44","slug":"kitabul-kesb-islam-iktisadinda-helal-kazanc","status":"publish","type":"product","link":"https:\/\/roveyayinevi.com.tr\/index.php\/urun\/kitabul-kesb-islam-iktisadinda-helal-kazanc\/","title":{"rendered":"Kitab\u00fc&#8217;l-Kesb &#8211; \u0130slam \u0130ktisad\u0131nda Helal Kazan\u00e7"},"content":{"rendered":"<p>\u0130slam entelektu\u0308el gelene\u011fi i\u00e7inde Kit\u00e2bu\u0308\u2019l-Kesb ve benzeri ba\u015fl\u0131klar alt\u0131nda \u00e7ok say\u0131da eser yaz\u0131lm\u0131\u015ft\u0131r. \u00d6yle ki onlar bu gelenek i\u00e7inde \u201cKesb Literatu\u0308ru\u0308\u201d diye adland\u0131r\u0131labilecek ayr\u0131 bir literatu\u0308r ailesi olu\u015ftururlar. Bunlar \u201ckesb\u201di, yani \u00e7al\u0131\u015f\u0131p kazanmay\u0131 ve hemen hemen her zaman onunla birlikte \u201cinfak\u201d\u0131, yani mai\u015fet i\u00e7in harcamay\u0131 \u00e7e\u015fitli y\u00f6nleriyle ele alan ilgin\u00e7 eserlerdir. Fakat \u201ckesb\u201de dair en u\u0308nlu\u0308 eser, \u015eeyb\u00e2n\u00ee\u2019nin (132-189 h.\/ 749-804 m.) Kit\u00e2bu\u0308\u2019l-Kesb adl\u0131 kitab\u0131d\u0131r. Ancak hemen belirtmek gerekir ki \u015eeyb\u00e2n\u00ee\u2019nin eseri bugu\u0308n mu\u0308stakil bir metin h\u00e2linde mevcut olmay\u0131p Serahs\u00ee\u2019nin (400-483 h. \/ 1010-1091 m.) 200 ku\u0308sur y\u0131l kadar sonra onun u\u0308zerine yazd\u0131\u011f\u0131 \u015ferhin i\u00e7ine kar\u0131\u015fm\u0131\u015f olarak varl\u0131\u011f\u0131n\u0131 su\u0308rdu\u0308rmektedir. Bu durumda onun mevcut h\u00e2line \u015eeyb\u00e2n\u00ee ve Serahs\u00ee \u2019nin mu\u0308\u015fterek eseri g\u00f6zu\u0308yle bak\u0131labilir. Kitabu\u0308\u2019l-Kesb, \u201ckesb\u201dle ilgili hemen her konuyu i\u00e7erir: \u00c7al\u0131\u015fman\u0131n; \u00f6nemi, anlam\u0131, fazileti, tevekku\u0308l ve din\u00ee hayatla ili\u015fkisi, \u00e7e\u015fitleri veya iktisadi faaliyet dallar\u0131 ve bunlardan hangisinin tercihe \u015fayan oldu\u011fu; harcama ve tu\u0308ketim, israf, gelirin yeniden b\u00f6lu\u0308\u015fu\u0308mu\u0308, i\u015fsizlik, i\u015f b\u00f6lu\u0308mu\u0308, ihtiya\u00e7 \u00e7e\u015fitleri ve dereceleri, servet biriktirme, fert ve toplum ili\u015fkileri. \u00d6zetle bu eser, \u201ckesb\u201din, \u00e7al\u0131\u015f\u0131p kazanman\u0131n din\u00ee, ahlaki, hukuki ve iktisadi y\u00f6nleriyle ele al\u0131n\u0131p tart\u0131\u015f\u0131ld\u0131\u011f\u0131 \u00e7ok y\u00f6nlu\u0308 bir metindir.<\/p>\n","protected":false},"excerpt":{"rendered":"<p>\u0130slam entelektu\u0308el gelene\u011fi i\u00e7inde Kit\u00e2bu\u0308\u2019l-Kesb ve benzeri ba\u015fl\u0131klar alt\u0131nda \u00e7ok say\u0131da eser yaz\u0131lm\u0131\u015ft\u0131r. \u00d6yle ki onlar bu gelenek i\u00e7inde \u201cKesb Literatu\u0308ru\u0308\u201d diye adland\u0131r\u0131labilecek ayr\u0131 bir literatu\u0308r<span class=\"excerpt-hellip\"> [\u2026]<\/span><\/p>\n","protected":false},"featured_media":0,"template":"","meta":{"_monsterinsights_skip_tracking":false,"_monsterinsights_sitenote_active":false,"_monsterinsights_sitenote_note":"","_monsterinsights_sitenote_category":0},"product_brand":[],"product_cat":[13036,12718,12719],"product_tag":[],"class_list":{"0":"post-732841","1":"product","2":"type-product","3":"status-publish","5":"product_cat-arastirma-inceleme-islam","6":"product_cat-din","7":"product_cat-islam","8":"pa_cilt-ciltsiz","9":"pa_tur-kitap","10":"pa_yayinevi-albaraka-yayinlari","11":"pa_yazar-muhammed-es-seybani","13":"first","14":"instock","15":"sale","16":"shipping-taxable","17":"purchasable","18":"product-type-simple"},"_links":{"self":[{"href":"https:\/\/roveyayinevi.com.tr\/index.php\/wp-json\/wp\/v2\/product\/732841","targetHints":{"allow":["GET"]}}],"collection":[{"href":"https:\/\/roveyayinevi.com.tr\/index.php\/wp-json\/wp\/v2\/product"}],"about":[{"href":"https:\/\/roveyayinevi.com.tr\/index.php\/wp-json\/wp\/v2\/types\/product"}],"wp:attachment":[{"href":"https:\/\/roveyayinevi.com.tr\/index.php\/wp-json\/wp\/v2\/media?parent=732841"}],"wp:term":[{"taxonomy":"product_brand","embeddable":true,"href":"https:\/\/roveyayinevi.com.tr\/index.php\/wp-json\/wp\/v2\/product_brand?post=732841"},{"taxonomy":"product_cat","embeddable":true,"href":"https:\/\/roveyayinevi.com.tr\/index.php\/wp-json\/wp\/v2\/product_cat?post=732841"},{"taxonomy":"product_tag","embeddable":true,"href":"https:\/\/roveyayinevi.com.tr\/index.php\/wp-json\/wp\/v2\/product_tag?post=732841"}],"curies":[{"name":"wp","href":"https:\/\/api.w.org\/{rel}","templated":true}]}}