{"id":732839,"date":"2025-08-27T21:58:25","date_gmt":"2025-08-27T18:58:25","guid":{"rendered":"https:\/\/roveyayinevi.com.tr\/index.php\/urun\/japon-iktisadi-dusunce-tarihi\/"},"modified":"2026-04-16T02:40:44","modified_gmt":"2026-04-15T23:40:44","slug":"japon-iktisadi-dusunce-tarihi","status":"publish","type":"product","link":"https:\/\/roveyayinevi.com.tr\/index.php\/urun\/japon-iktisadi-dusunce-tarihi\/","title":{"rendered":"Japon \u0130ktisadi D\u00fc\u015f\u00fcnce Tarihi"},"content":{"rendered":"<p>20. y\u00fczy\u0131l\u0131n ba\u015flar\u0131nda T\u00fcrk modernle\u015fmesi i\u00e7in en \u00e7ok Japon modernle\u015fmesi \u00f6rne\u011fi kullan\u0131lm\u0131\u015ft\u0131. De\u011fi\u015fimi, kendi k\u00fclt\u00fcrlerine ba\u011fl\u0131 kalarak ger\u00e7ekle\u015ftikleri d\u00fc\u015f\u00fcn\u00fclen Japonlar\u0131n bu muazzam geli\u015fmesi ancak \u201catom bombas\u0131\u201d marifetiyle durdurulabilmi\u015fti. Zira Bat\u0131 g\u00f6z\u00fcnde modernle\u015fme ancak Bat\u0131l\u0131la\u015farak m\u00fcmk\u00fcnd\u00fc ve Japon k\u00fclt\u00fcr\u00fcn\u00fcn m\u00fcdafileri bunu asla kabul etmeyecekti.Dolay\u0131s\u0131yla Bat\u0131 materyalizmi ve bireycili\u011fi, Japon ulusalc\u0131lar\u0131 i\u00e7in kendi uluslar\u0131n\u0131n maneviyat ve toplumsal bu\u0308tu\u0308nlu\u0308\u011fu\u0308nu\u0308n kar\u015f\u0131t kutbu i\u015flevi g\u00f6rmekteydi. Di\u011fer taraftan baz\u0131 liberal Japon yazarlar ise Bat\u0131 medeniyetini di\u011ferk\u00e2ml\u0131k ve bireysel sorumluluk anlay\u0131\u015f\u0131 ile tan\u0131mlamaktayd\u0131. Bu vas\u0131flar\u0131 ise Japon ku\u0308ltu\u0308ru\u0308nu\u0308n kendine has kusuru olarak g\u00f6rdu\u0308kleri dar, materyalist ulus\u00e7ulu\u011funu vurgulamak i\u00e7in kulland\u0131lar.Bu kitapta, Japon iktisat du\u0308\u015fu\u0308ncesinin tamam\u0131n\u0131 birbirine ba\u011flayan bir tema yahut bir t\u00f6z tan\u0131mlamak ad\u0131na \u00e7aba g\u00f6sterilmi\u015f; b\u00fct\u00fcn bu \u00f6n yarg\u0131l\u0131 bak\u0131\u015flardan azade kal\u0131narak objektif bir tablo okuyucuya sunulmaya \u00e7al\u0131\u015f\u0131lm\u0131\u015ft\u0131r. Japon iktisad\u0131ndaki k\u0131r\u0131lma noktalar\u0131, iktisat\u00e7\u0131lar\u0131n konuyu ele ald\u0131klar\u0131 ekollerle birlikte verilerek geni\u015f bir d\u00f6nemin yelpazesi g\u00f6zler \u00f6n\u00fcne serilmi\u015ftir.<\/p>\n","protected":false},"excerpt":{"rendered":"<p>20. y\u00fczy\u0131l\u0131n ba\u015flar\u0131nda T\u00fcrk modernle\u015fmesi i\u00e7in en \u00e7ok Japon modernle\u015fmesi \u00f6rne\u011fi kullan\u0131lm\u0131\u015ft\u0131. De\u011fi\u015fimi, kendi k\u00fclt\u00fcrlerine ba\u011fl\u0131 kalarak ger\u00e7ekle\u015ftikleri d\u00fc\u015f\u00fcn\u00fclen Japonlar\u0131n bu muazzam geli\u015fmesi ancak \u201catom bombas\u0131\u201d<span class=\"excerpt-hellip\"> [\u2026]<\/span><\/p>\n","protected":false},"featured_media":0,"template":"","meta":{"_monsterinsights_skip_tracking":false,"_monsterinsights_sitenote_active":false,"_monsterinsights_sitenote_note":"","_monsterinsights_sitenote_category":0},"product_brand":[],"product_cat":[14841,13043],"product_tag":[],"class_list":{"0":"post-732839","1":"product","2":"type-product","3":"status-publish","5":"product_cat-arastirma-inceleme-kuram","6":"product_cat-ekonomi","7":"pa_cilt-ciltsiz","8":"pa_tur-kitap","9":"pa_yayinevi-albaraka-yayinlari","10":"pa_yazar-tessa-morris-suzuki","12":"first","13":"instock","14":"sale","15":"shipping-taxable","16":"purchasable","17":"product-type-simple"},"_links":{"self":[{"href":"https:\/\/roveyayinevi.com.tr\/index.php\/wp-json\/wp\/v2\/product\/732839","targetHints":{"allow":["GET"]}}],"collection":[{"href":"https:\/\/roveyayinevi.com.tr\/index.php\/wp-json\/wp\/v2\/product"}],"about":[{"href":"https:\/\/roveyayinevi.com.tr\/index.php\/wp-json\/wp\/v2\/types\/product"}],"wp:attachment":[{"href":"https:\/\/roveyayinevi.com.tr\/index.php\/wp-json\/wp\/v2\/media?parent=732839"}],"wp:term":[{"taxonomy":"product_brand","embeddable":true,"href":"https:\/\/roveyayinevi.com.tr\/index.php\/wp-json\/wp\/v2\/product_brand?post=732839"},{"taxonomy":"product_cat","embeddable":true,"href":"https:\/\/roveyayinevi.com.tr\/index.php\/wp-json\/wp\/v2\/product_cat?post=732839"},{"taxonomy":"product_tag","embeddable":true,"href":"https:\/\/roveyayinevi.com.tr\/index.php\/wp-json\/wp\/v2\/product_tag?post=732839"}],"curies":[{"name":"wp","href":"https:\/\/api.w.org\/{rel}","templated":true}]}}