{"id":732837,"date":"2025-08-27T21:58:23","date_gmt":"2025-08-27T18:58:23","guid":{"rendered":"https:\/\/roveyayinevi.com.tr\/index.php\/urun\/islamin-erken-doneminde-iktisadi-sistem\/"},"modified":"2026-04-16T02:40:44","modified_gmt":"2026-04-15T23:40:44","slug":"islamin-erken-doneminde-iktisadi-sistem","status":"publish","type":"product","link":"https:\/\/roveyayinevi.com.tr\/index.php\/urun\/islamin-erken-doneminde-iktisadi-sistem\/","title":{"rendered":"\u0130slam&#8217;\u0131n Erken D\u00f6neminde \u0130ktisadi Sistem"},"content":{"rendered":"<p>Profes\u00f6r Sadr bu \u00e7al\u0131\u015fmas\u0131yla Arap Yar\u0131madas\u0131\u2019nda do\u011fan ve kurumsalla\u015fan \u0130slam\u2019\u0131n nas\u0131l bir iktisadi du\u0308zen ortaya koydu\u011funuinceliyor. Eserde yazar \u0130slamiyet\u2019in geli\u015fimini kendi tarih\u00ee \u015fartlar\u0131 i\u00e7erisinde de\u011ferlendirdikten sonra Hz. Peygamber\u2019in (s.a.s) ilk Mu\u0308slu\u0308man devletini hangi prensipler u\u0308zerine tesis etti\u011fini ak\u0131c\u0131 bir u\u0308slupla anlat\u0131yor. Sadr, devletin tarih sahnesine \u00e7\u0131kmas\u0131yla birlikte hazine ve maliye konular\u0131nda belirlenen kaidelerin \u0130slam iktisad\u0131n\u0131n temellerini olu\u015fturdu\u011funu belirtiyor. Bu noktada, bu sistemin piyasa ekonomisine dayal\u0131 bir sistem olarak nas\u0131l ortaya \u00e7\u0131kt\u0131\u011f\u0131n\u0131 \u201cilk devir\u201ddeki uygulamalarla a\u00e7\u0131kl\u0131yor.Yazar, \u0130slam iktisad\u0131nda maddi ili\u015fkileri ahlaki davran\u0131\u015flar \u00e7er\u00e7evesinde ele alman\u0131n gereklili\u011fini vurguluyor. Kur\u2019an-\u0131 Kerim\u2019de emredilen ve Hz. Peygamber (s.a.s) taraf\u0131ndan tatbik edilen bu kurallar Mu\u0308slu\u0308man toplumunda kar\u015f\u0131l\u0131k buluyor ve bir birliktelik do\u011furuyor. Yazara g\u00f6re bu birlikteli\u011fi sa\u011flayan temel kavram ise adalet&#8230;<\/p>\n","protected":false},"excerpt":{"rendered":"<p>Profes\u00f6r Sadr bu \u00e7al\u0131\u015fmas\u0131yla Arap Yar\u0131madas\u0131\u2019nda do\u011fan ve kurumsalla\u015fan \u0130slam\u2019\u0131n nas\u0131l bir iktisadi du\u0308zen ortaya koydu\u011funuinceliyor. Eserde yazar \u0130slamiyet\u2019in geli\u015fimini kendi tarih\u00ee \u015fartlar\u0131 i\u00e7erisinde de\u011ferlendirdikten sonra<span class=\"excerpt-hellip\"> [\u2026]<\/span><\/p>\n","protected":false},"featured_media":0,"template":"","meta":{"_monsterinsights_skip_tracking":false,"_monsterinsights_sitenote_active":false,"_monsterinsights_sitenote_note":"","_monsterinsights_sitenote_category":0},"product_brand":[],"product_cat":[13036,12718,12719],"product_tag":[],"class_list":{"0":"post-732837","1":"product","2":"type-product","3":"status-publish","5":"product_cat-arastirma-inceleme-islam","6":"product_cat-din","7":"product_cat-islam","8":"pa_cilt-ciltsiz","9":"pa_tur-kitap","10":"pa_yayinevi-albaraka-yayinlari","11":"pa_yazar-sayed-kazem-sadr","13":"first","14":"instock","15":"sale","16":"shipping-taxable","17":"purchasable","18":"product-type-simple"},"_links":{"self":[{"href":"https:\/\/roveyayinevi.com.tr\/index.php\/wp-json\/wp\/v2\/product\/732837","targetHints":{"allow":["GET"]}}],"collection":[{"href":"https:\/\/roveyayinevi.com.tr\/index.php\/wp-json\/wp\/v2\/product"}],"about":[{"href":"https:\/\/roveyayinevi.com.tr\/index.php\/wp-json\/wp\/v2\/types\/product"}],"wp:attachment":[{"href":"https:\/\/roveyayinevi.com.tr\/index.php\/wp-json\/wp\/v2\/media?parent=732837"}],"wp:term":[{"taxonomy":"product_brand","embeddable":true,"href":"https:\/\/roveyayinevi.com.tr\/index.php\/wp-json\/wp\/v2\/product_brand?post=732837"},{"taxonomy":"product_cat","embeddable":true,"href":"https:\/\/roveyayinevi.com.tr\/index.php\/wp-json\/wp\/v2\/product_cat?post=732837"},{"taxonomy":"product_tag","embeddable":true,"href":"https:\/\/roveyayinevi.com.tr\/index.php\/wp-json\/wp\/v2\/product_tag?post=732837"}],"curies":[{"name":"wp","href":"https:\/\/api.w.org\/{rel}","templated":true}]}}