{"id":732835,"date":"2025-08-27T21:58:21","date_gmt":"2025-08-27T18:58:21","guid":{"rendered":"https:\/\/roveyayinevi.com.tr\/index.php\/urun\/iktisadi-ve-fikhi-yonleriyle-para-uretimi\/"},"modified":"2025-09-15T13:30:36","modified_gmt":"2025-09-15T10:30:36","slug":"iktisadi-ve-fikhi-yonleriyle-para-uretimi","status":"publish","type":"product","link":"https:\/\/roveyayinevi.com.tr\/index.php\/urun\/iktisadi-ve-fikhi-yonleriyle-para-uretimi\/","title":{"rendered":"\u0130ktisadi ve F\u0131khi Y\u00f6nleriyle Para \u00dcretimi"},"content":{"rendered":"<p>ktisadi \u00f6zg\u00fcrl\u00fc\u011f\u00fcn korunmas\u0131na d\u00fc\u015fman olan ideolojilerin h\u00e2kim oldu\u011fu bir ortamda istikrarl\u0131 para diye bir \u015fey olmaz.Ludwig von Mises (1881-1973)Toplumun temelini altu\u0308st etme konusunda paray\u0131 bozmaktan daha sinsi ve garantili bir yol yoktur. Bu s\u00fcre\u00e7 iktisat yasalar\u0131n\u0131n t\u00fcm gizli g\u00fc\u00e7lerini y\u0131k\u0131m lehine harekete ge\u00e7irir ve bunu \u00f6yle bir \u015fekilde yapar ki milyonda bir ki\u015fi bile bunu te\u015fhis edemez.John Maynard Keynes (1883-1946)\u0130stikrarl\u0131 bir para i\u00e7in tek umudumuz paray\u0131 politikadan koruyacak bir yol bulmakt\u0131r. T\u00fcm parasal k\u00f6t\u00fcl\u00fcklerin kayna\u011f\u0131 ve k\u00f6keninde yatan, devletin para basma konusunda uygulad\u0131\u011f\u0131 tekeldir.Friedrich August von Hayek (1899-1992)Para, merkez bankas\u0131n\u0131 y\u00f6netenlerin eline b\u0131rak\u0131lamayacak kadar ciddi bir meseledir.Milton Friedman (1912-2006)Dan\u0131\u015fmanl\u0131\u011f\u0131mda yap\u0131lm\u0131\u015f bu tezin akademik camia a\u00e7\u0131s\u0131ndan \u0130slam iktisad\u0131 ve finans\u0131 alan\u0131nda \u00f6nemli bir bo\u015flu\u011fu dolduraca\u011f\u0131 kanaatindeyim.Servet Bay\u0131nd\u0131rHakan Sahin\u2019in bu \u00e7al\u0131\u015fmas\u0131, bu alanda \u00f6nemli bir a\u00e7\u0131\u011f\u0131 doldurmakta, bundan sonra yap\u0131lacak \u00e7al\u0131\u015fmalar i\u00e7in de\u011ferli bir ba\u015fvuru ve ilham kayna\u011f\u0131 te\u015fkil etmektedir.\u0130brahim TurhanHakan \u015eahin, bu eserinde paray\u0131 ve parayla ba\u011flant\u0131l\u0131 konular\u0131 \u00fclkemizde eksikli\u011fi hissedilen bir bak\u0131\u015f a\u00e7\u0131s\u0131 ile ele al\u0131yor. Eser, Avusturya \u0130ktisat Okulu gibi de\u011ferli bir bilgi kayna\u011f\u0131ndan da faydalanarak, \u00f6zg\u00fcr bir toplumda kurala dayal\u0131 para politikalar\u0131n\u0131n keyf\u00ee y\u00f6netimden daha optimal ve ahlaki sonu\u00e7lar sa\u011flad\u0131\u011f\u0131n\u0131 ba\u015far\u0131yla anlat\u0131yor.\u00dcnsal \u00c7etin<\/p>\n","protected":false},"excerpt":{"rendered":"<p>ktisadi \u00f6zg\u00fcrl\u00fc\u011f\u00fcn korunmas\u0131na d\u00fc\u015fman olan ideolojilerin h\u00e2kim oldu\u011fu bir ortamda istikrarl\u0131 para diye bir \u015fey olmaz.Ludwig von Mises (1881-1973)Toplumun temelini altu\u0308st etme konusunda paray\u0131 bozmaktan daha<span class=\"excerpt-hellip\"> [\u2026]<\/span><\/p>\n","protected":false},"featured_media":0,"template":"","meta":{"_monsterinsights_skip_tracking":false,"_monsterinsights_sitenote_active":false,"_monsterinsights_sitenote_note":"","_monsterinsights_sitenote_category":0},"product_brand":[],"product_cat":[13043,14381],"product_tag":[],"class_list":{"0":"post-732835","1":"product","2":"type-product","3":"status-publish","5":"product_cat-ekonomi","6":"product_cat-isletme-muhasebe-maliye","7":"pa_cilt-ciltsiz","8":"pa_tur-kitap","9":"pa_yayinevi-albaraka-yayinlari","10":"pa_yazar-hakan-sahinturk","12":"first","13":"instock","14":"sale","15":"shipping-taxable","16":"purchasable","17":"product-type-simple"},"_links":{"self":[{"href":"https:\/\/roveyayinevi.com.tr\/index.php\/wp-json\/wp\/v2\/product\/732835","targetHints":{"allow":["GET"]}}],"collection":[{"href":"https:\/\/roveyayinevi.com.tr\/index.php\/wp-json\/wp\/v2\/product"}],"about":[{"href":"https:\/\/roveyayinevi.com.tr\/index.php\/wp-json\/wp\/v2\/types\/product"}],"wp:attachment":[{"href":"https:\/\/roveyayinevi.com.tr\/index.php\/wp-json\/wp\/v2\/media?parent=732835"}],"wp:term":[{"taxonomy":"product_brand","embeddable":true,"href":"https:\/\/roveyayinevi.com.tr\/index.php\/wp-json\/wp\/v2\/product_brand?post=732835"},{"taxonomy":"product_cat","embeddable":true,"href":"https:\/\/roveyayinevi.com.tr\/index.php\/wp-json\/wp\/v2\/product_cat?post=732835"},{"taxonomy":"product_tag","embeddable":true,"href":"https:\/\/roveyayinevi.com.tr\/index.php\/wp-json\/wp\/v2\/product_tag?post=732835"}],"curies":[{"name":"wp","href":"https:\/\/api.w.org\/{rel}","templated":true}]}}