{"id":732827,"date":"2025-08-27T21:58:06","date_gmt":"2025-08-27T18:58:06","guid":{"rendered":"https:\/\/roveyayinevi.com.tr\/index.php\/urun\/yeni-dunya-ve-yeni-finans\/"},"modified":"2026-04-16T02:40:44","modified_gmt":"2026-04-15T23:40:44","slug":"yeni-dunya-ve-yeni-finans","status":"publish","type":"product","link":"https:\/\/roveyayinevi.com.tr\/index.php\/urun\/yeni-dunya-ve-yeni-finans\/","title":{"rendered":"Yeni D\u00fcnya ve Yeni Finans"},"content":{"rendered":"<p>Finansman; tarih\u00ee su\u0308re\u00e7te din\u00ee, sosyal ve \u00e7evresel etmenlerle bir\u00e7ok form de\u011fi\u015fikli\u011fi ge\u00e7irmi\u015f ve h\u00e2len ge\u00e7irmeye devam etmektedir. De\u011fi\u015fen du\u0308nyan\u0131n, teknolojik ve dijital d\u00f6nu\u0308\u015fu\u0308mu\u0308n beraberinde getirdi\u011fi \u201ci\u015fbirli\u011fi \u00e7a\u011f\u0131\u201dn\u0131n finansman taraf\u0131nda da yans\u0131malar\u0131 olacakt\u0131r.Ayr\u0131ca h\u00e2kim finans paradigmas\u0131, enstru\u0308manlar\u0131n\u0131n ve mekanizmalar\u0131n\u0131n du\u0308nyay\u0131 belli d\u00f6nemlerde bor\u00e7 krizine su\u0308ru\u0308kledi\u011fi de ortadad\u0131r.\u00d6mer Eme\u00e7 \u00e7al\u0131\u015fmas\u0131nda, endu\u0308stri 4.0, teknolojik d\u00f6nu\u0308\u015fu\u0308m ve dijitalle\u015fme ile geli\u015fece\u011fi du\u0308\u015fu\u0308nu\u0308len yeni i\u015f modellerini, ortak kaynak kullan\u0131m\u0131n\u0131 ve bu geli\u015fmelerin finansman aya\u011f\u0131ndaki yans\u0131malar\u0131n\u0131 inceliyor. Ayr\u0131ca kat\u0131l\u0131m bankalar\u0131ndaki mevcut u\u0308ru\u0308n ve hizmetleri ortakl\u0131k ve bor\u00e7 temelli olmalar\u0131 bak\u0131m\u0131ndan de\u011ferlendirip; kat\u0131l\u0131m bankalar\u0131n\u0131n yeni geli\u015fen finansmana y\u00f6nelik olan yakla\u015f\u0131mlar\u0131n\u0131 analiz ediyor. \u00c7al\u0131\u015fman\u0131n sonunda ise kat\u0131l\u0131m bankalar\u0131n\u0131n ortakl\u0131k temelli finansman\u0131 yayg\u0131nla\u015ft\u0131rabilmeleri ad\u0131na bir model \u00f6nerisinde bulunuyor.<\/p>\n","protected":false},"excerpt":{"rendered":"<p>Finansman; tarih\u00ee su\u0308re\u00e7te din\u00ee, sosyal ve \u00e7evresel etmenlerle bir\u00e7ok form de\u011fi\u015fikli\u011fi ge\u00e7irmi\u015f ve h\u00e2len ge\u00e7irmeye devam etmektedir. De\u011fi\u015fen du\u0308nyan\u0131n, teknolojik ve dijital d\u00f6nu\u0308\u015fu\u0308mu\u0308n beraberinde getirdi\u011fi \u201ci\u015fbirli\u011fi<span class=\"excerpt-hellip\"> [\u2026]<\/span><\/p>\n","protected":false},"featured_media":0,"template":"","meta":{"_monsterinsights_skip_tracking":false,"_monsterinsights_sitenote_active":false,"_monsterinsights_sitenote_note":"","_monsterinsights_sitenote_category":0},"product_brand":[],"product_cat":[17249,13043],"product_tag":[],"class_list":{"0":"post-732827","1":"product","2":"type-product","3":"status-publish","5":"product_cat-borsa-finans","6":"product_cat-ekonomi","7":"pa_cilt-ciltsiz","8":"pa_tur-kitap","9":"pa_yayinevi-albaraka-yayinlari","10":"pa_yazar-omer-emec","12":"first","13":"instock","14":"sale","15":"shipping-taxable","16":"purchasable","17":"product-type-simple"},"_links":{"self":[{"href":"https:\/\/roveyayinevi.com.tr\/index.php\/wp-json\/wp\/v2\/product\/732827","targetHints":{"allow":["GET"]}}],"collection":[{"href":"https:\/\/roveyayinevi.com.tr\/index.php\/wp-json\/wp\/v2\/product"}],"about":[{"href":"https:\/\/roveyayinevi.com.tr\/index.php\/wp-json\/wp\/v2\/types\/product"}],"wp:attachment":[{"href":"https:\/\/roveyayinevi.com.tr\/index.php\/wp-json\/wp\/v2\/media?parent=732827"}],"wp:term":[{"taxonomy":"product_brand","embeddable":true,"href":"https:\/\/roveyayinevi.com.tr\/index.php\/wp-json\/wp\/v2\/product_brand?post=732827"},{"taxonomy":"product_cat","embeddable":true,"href":"https:\/\/roveyayinevi.com.tr\/index.php\/wp-json\/wp\/v2\/product_cat?post=732827"},{"taxonomy":"product_tag","embeddable":true,"href":"https:\/\/roveyayinevi.com.tr\/index.php\/wp-json\/wp\/v2\/product_tag?post=732827"}],"curies":[{"name":"wp","href":"https:\/\/api.w.org\/{rel}","templated":true}]}}