{"id":732818,"date":"2025-08-27T21:57:57","date_gmt":"2025-08-27T18:57:57","guid":{"rendered":"https:\/\/roveyayinevi.com.tr\/index.php\/urun\/makasidus-seria\/"},"modified":"2026-04-16T02:40:44","modified_gmt":"2026-04-15T23:40:44","slug":"makasidus-seria","status":"publish","type":"product","link":"https:\/\/roveyayinevi.com.tr\/index.php\/urun\/makasidus-seria\/","title":{"rendered":"Makas\u0131du\u0308\u2019\u015f-\u015eeria"},"content":{"rendered":"<p>Sosyoekonomik geli\u015fmeyle ilgili de\u011fi\u015fkenlerin belirlenmesi ve kavram\u0131n \u00f6l\u00e7\u00fclmesi sadece geli\u015fmekte olan \u00fclkelerin de\u011fil geli\u015fmi\u015f \u00fclkelerin de g\u00fcndemini me\u015fgul eden bir konudur. Birle\u015fmi\u015f Milletler Kalk\u0131nma Program\u0131 taraf\u0131ndan her y\u0131l yay\u0131nlanan \u0130nsani Geli\u015fmi\u015flik Endeksi, bu alanda en yayg\u0131n kullan\u0131lan \u00f6l\u00e7\u00fcm metodudur. Sa\u011fl\u0131k, e\u011fitim ve gelir de\u011fi\u015fkenlerini temel alan endeks, hayat\u0131n ve refah kavram\u0131n\u0131n \u00e7ok boyutlu ve karma\u015f\u0131k yap\u0131s\u0131n\u0131 do\u011fru bir \u015fekilde temsil edemedi\u011fi noktas\u0131nda baz\u0131 ele\u015ftirilere maruz kalmaktad\u0131r. Genel kabul g\u00f6r\u00fclen Bat\u0131 paradigmas\u0131n\u0131n refah ve ba\u015far\u0131 anlay\u0131\u015f\u0131n\u0131n \u00f6zellikle M\u00fcsl\u00fcmanlar i\u00e7in s\u0131n\u0131rland\u0131r\u0131lamayaca\u011f\u0131 d\u00fc\u015f\u00fcn\u00fcld\u00fc\u011f\u00fcnde, \u0130slami bak\u0131\u015f a\u00e7\u0131s\u0131yla ve \u015feriat\u0131n hedefleri do\u011frultusunda geli\u015fme kavram\u0131n\u0131n incelenmesinin ve \u00f6l\u00e7\u00fclmesinin zorunlulu\u011fu a\u00e7\u0131k bir \u015fekilde g\u00f6r\u00fclmektedir.<\/p>\n","protected":false},"excerpt":{"rendered":"<p>Sosyoekonomik geli\u015fmeyle ilgili de\u011fi\u015fkenlerin belirlenmesi ve kavram\u0131n \u00f6l\u00e7\u00fclmesi sadece geli\u015fmekte olan \u00fclkelerin de\u011fil geli\u015fmi\u015f \u00fclkelerin de g\u00fcndemini me\u015fgul eden bir konudur. Birle\u015fmi\u015f Milletler Kalk\u0131nma Program\u0131 taraf\u0131ndan<span class=\"excerpt-hellip\"> [\u2026]<\/span><\/p>\n","protected":false},"featured_media":0,"template":"","meta":{"_monsterinsights_skip_tracking":false,"_monsterinsights_sitenote_active":false,"_monsterinsights_sitenote_note":"","_monsterinsights_sitenote_category":0},"product_brand":[],"product_cat":[17249,13043],"product_tag":[],"class_list":{"0":"post-732818","1":"product","2":"type-product","3":"status-publish","5":"product_cat-borsa-finans","6":"product_cat-ekonomi","7":"pa_cilt-ciltsiz","8":"pa_tur-kitap","9":"pa_yayinevi-albaraka-yayinlari","10":"pa_yazar-salman-syed-ali","12":"first","13":"instock","14":"sale","15":"shipping-taxable","16":"purchasable","17":"product-type-simple"},"_links":{"self":[{"href":"https:\/\/roveyayinevi.com.tr\/index.php\/wp-json\/wp\/v2\/product\/732818","targetHints":{"allow":["GET"]}}],"collection":[{"href":"https:\/\/roveyayinevi.com.tr\/index.php\/wp-json\/wp\/v2\/product"}],"about":[{"href":"https:\/\/roveyayinevi.com.tr\/index.php\/wp-json\/wp\/v2\/types\/product"}],"wp:attachment":[{"href":"https:\/\/roveyayinevi.com.tr\/index.php\/wp-json\/wp\/v2\/media?parent=732818"}],"wp:term":[{"taxonomy":"product_brand","embeddable":true,"href":"https:\/\/roveyayinevi.com.tr\/index.php\/wp-json\/wp\/v2\/product_brand?post=732818"},{"taxonomy":"product_cat","embeddable":true,"href":"https:\/\/roveyayinevi.com.tr\/index.php\/wp-json\/wp\/v2\/product_cat?post=732818"},{"taxonomy":"product_tag","embeddable":true,"href":"https:\/\/roveyayinevi.com.tr\/index.php\/wp-json\/wp\/v2\/product_tag?post=732818"}],"curies":[{"name":"wp","href":"https:\/\/api.w.org\/{rel}","templated":true}]}}