{"id":732812,"date":"2025-08-27T21:57:50","date_gmt":"2025-08-27T18:57:50","guid":{"rendered":"https:\/\/roveyayinevi.com.tr\/index.php\/urun\/islami-finansta-risk-yonetimi\/"},"modified":"2026-04-16T02:40:44","modified_gmt":"2026-04-15T23:40:44","slug":"islami-finansta-risk-yonetimi","status":"publish","type":"product","link":"https:\/\/roveyayinevi.com.tr\/index.php\/urun\/islami-finansta-risk-yonetimi\/","title":{"rendered":"\u0130slami Finansta Risk Y\u00f6netimi"},"content":{"rendered":"<p>Piyasada daima var olan risk, \u0130slami ilkelere uygunlu\u011fu g\u00f6zeten kurumlar a\u00e7\u0131s\u0131ndan y\u00f6netilmesi \u00e7ok daha zor bir i\u015ftir. Muhammad al-Bashir, \u0130slami Finansta Risk Y\u00f6netimi\u2019nde \u0130slami bankac\u0131l\u0131kta riski azaltma hususunda muteber kaynaklara dayanarak kar\u015f\u0131la\u015ft\u0131rmal\u0131 y\u00f6ntemle alternatif \u00e7\u00f6z\u00fcmler \u00f6ne s\u00fcrmektedir. Kitapta, M\u00fcsl\u00fcman alimler aras\u0131nda farkl\u0131 g\u00f6r\u00fc\u015flere neden olan forward, vadeli i\u015flem ve opsiyon s\u00f6zle\u015fmelerinin \u0130slami finansta uygulanabilirli\u011fi tart\u0131\u015f\u0131l\u0131rken; \u0130slam hukukunda bu t\u00fcrevlere alternatif olabilecek i\u015flemler de analiz edilmektedir. Eser, Malezya\u2019da konuya ili\u015fkin yap\u0131lan yasal d\u00fczenlemeler \u00e7er\u00e7evesinde ele al\u0131nm\u0131\u015ft\u0131r. F\u0131k\u0131h alan\u0131nda i\u00e7eri\u011fi ile \u00f6n plana \u00e7\u0131kan bu \u00e7al\u0131\u015fmada, iktisad\u00ee kavramlar, us\u00fbl-i f\u0131kh, ul\u00fbm-i had\u00ees, geleneksel hukuk tart\u0131\u015fmalar\u0131 da geni\u015f bir \u015fekilde ele al\u0131nm\u0131\u015f ve b\u00f6ylelikle olduk\u00e7a zengin multidisipliner bir \u00e7al\u0131\u015fma ortaya \u00e7\u0131km\u0131\u015ft\u0131r.<\/p>\n","protected":false},"excerpt":{"rendered":"<p>Piyasada daima var olan risk, \u0130slami ilkelere uygunlu\u011fu g\u00f6zeten kurumlar a\u00e7\u0131s\u0131ndan y\u00f6netilmesi \u00e7ok daha zor bir i\u015ftir. Muhammad al-Bashir, \u0130slami Finansta Risk Y\u00f6netimi\u2019nde \u0130slami bankac\u0131l\u0131kta riski<span class=\"excerpt-hellip\"> [\u2026]<\/span><\/p>\n","protected":false},"featured_media":0,"template":"","meta":{"_monsterinsights_skip_tracking":false,"_monsterinsights_sitenote_active":false,"_monsterinsights_sitenote_note":"","_monsterinsights_sitenote_category":0},"product_brand":[],"product_cat":[16789,12718,12719],"product_tag":[],"class_list":{"0":"post-732812","1":"product","2":"type-product","3":"status-publish","5":"product_cat-diger-islam","6":"product_cat-din","7":"product_cat-islam","8":"pa_cilt-ciltsiz","9":"pa_tur-kitap","10":"pa_yayinevi-albaraka-yayinlari","11":"pa_yazar-muhammad-al-bashir-muhammad-al-amine","13":"first","14":"instock","15":"sale","16":"shipping-taxable","17":"purchasable","18":"product-type-simple"},"_links":{"self":[{"href":"https:\/\/roveyayinevi.com.tr\/index.php\/wp-json\/wp\/v2\/product\/732812","targetHints":{"allow":["GET"]}}],"collection":[{"href":"https:\/\/roveyayinevi.com.tr\/index.php\/wp-json\/wp\/v2\/product"}],"about":[{"href":"https:\/\/roveyayinevi.com.tr\/index.php\/wp-json\/wp\/v2\/types\/product"}],"wp:attachment":[{"href":"https:\/\/roveyayinevi.com.tr\/index.php\/wp-json\/wp\/v2\/media?parent=732812"}],"wp:term":[{"taxonomy":"product_brand","embeddable":true,"href":"https:\/\/roveyayinevi.com.tr\/index.php\/wp-json\/wp\/v2\/product_brand?post=732812"},{"taxonomy":"product_cat","embeddable":true,"href":"https:\/\/roveyayinevi.com.tr\/index.php\/wp-json\/wp\/v2\/product_cat?post=732812"},{"taxonomy":"product_tag","embeddable":true,"href":"https:\/\/roveyayinevi.com.tr\/index.php\/wp-json\/wp\/v2\/product_tag?post=732812"}],"curies":[{"name":"wp","href":"https:\/\/api.w.org\/{rel}","templated":true}]}}