{"id":732809,"date":"2025-08-27T21:57:47","date_gmt":"2025-08-27T18:57:47","guid":{"rendered":"https:\/\/roveyayinevi.com.tr\/index.php\/urun\/islami-finansin-kuresel-onderleri\/"},"modified":"2026-04-16T02:40:44","modified_gmt":"2026-04-15T23:40:44","slug":"islami-finansin-kuresel-onderleri","status":"publish","type":"product","link":"https:\/\/roveyayinevi.com.tr\/index.php\/urun\/islami-finansin-kuresel-onderleri\/","title":{"rendered":"\u0130slami Finans\u0131n K\u00fcresel \u00d6nderleri"},"content":{"rendered":"<p>\u0130slami finans, \u00f6zellikle 2007-2008 y\u0131llar\u0131nda ya\u015fanan ku\u0308resel finans krizinden sonra, ekonomik k\u0131r\u0131lganl\u0131klara kar\u015f\u0131 g\u00f6sterdi\u011fi diren\u00e7le ve yu\u0308zde 20\u2019lere ula\u015fan y\u0131ll\u0131k bu\u0308yu\u0308me oranlar\u0131yla alternatif bir finansal sistem olarak \u00f6n plana \u00e7\u0131km\u0131\u015ft\u0131r. Bu sayede, sadece \u0130slam du\u0308nyas\u0131nda de\u011fil Bat\u0131l\u0131 u\u0308lkelerde de dikkat \u00e7eken bir finansal sistem olarak u\u0308zerinde durulmaya ba\u015flanm\u0131\u015ft\u0131.\u0130slami Finans\u0131n Ku\u0308resel \u00d6nderleri, 1970\u2019lerin ba\u015flar\u0131nda \u0130slami bankalar \u00f6ncu\u0308lu\u0308\u011fu\u0308nde ortaya \u00e7\u0131kan modern \u0130slami finans sekt\u00f6ru\u0308nu\u0308n k\u0131rk y\u0131l\u0131 a\u015fan geli\u015fimini, sekt\u00f6ru\u0308n temellerini atarak ona y\u00f6n veren \u00f6nderlerin tecru\u0308beleri arac\u0131l\u0131\u011f\u0131yla aktar\u0131yor. Sekt\u00f6ru\u0308n; akademi, siyaset, i\u015f du\u0308nyas\u0131 ve f\u0131k\u0131h alan\u0131ndaki \u00f6ncu\u0308 isimlerini bir araya getiren kitap, yap\u0131lan r\u00f6portajlar ile bu isimlerin g\u00f6ru\u0308\u015flerini ve du\u0308\u015fu\u0308ncelerini okura do\u011frudan yans\u0131tmay\u0131 ama\u00e7l\u0131yor. Kitap sekt\u00f6ru\u0308n du\u0308nden bugu\u0308ne ya\u015fam\u0131\u015f oldu\u011fu seru\u0308veni, geli\u015fimi, zorluklar\u0131 ve ku\u0308resel finans sekt\u00f6ru\u0308 i\u00e7erisindeki yerini, yap\u0131lan ara\u015ft\u0131rmalar ve sekt\u00f6rde kilit rol oynam\u0131\u015f isimlerin aktard\u0131\u011f\u0131 anekdotlar arac\u0131l\u0131\u011f\u0131yla sunuyor. Bunlar\u0131 aktar\u0131rken, ele\u015ftirel bir bak\u0131\u015f a\u00e7\u0131s\u0131na ve farkl\u0131 du\u0308\u015fu\u0308ncelere ba\u015fvurmay\u0131 da ihmal etmiyor.\u0130slami finans sekt\u00f6ru\u0308nde \u00e7al\u0131\u015fanlar, akademisyenler ve karar vericilerin yan\u0131 s\u0131ra sekt\u00f6re ilgi duyanlar i\u00e7in de benzersiz bir kaynak olan bu eser, \u0130slami finans\u0131n do\u011fu\u015fundan bugu\u0308ne dek hangi a\u015famalardan ge\u00e7ti\u011fini ad\u0131m ad\u0131m g\u00f6zler \u00f6nu\u0308ne seriyor ve okura bir\u00e7ok a\u00e7\u0131dan yol g\u00f6sterici olma niteli\u011fi ta\u015f\u0131yor.<\/p>\n","protected":false},"excerpt":{"rendered":"<p>\u0130slami finans, \u00f6zellikle 2007-2008 y\u0131llar\u0131nda ya\u015fanan ku\u0308resel finans krizinden sonra, ekonomik k\u0131r\u0131lganl\u0131klara kar\u015f\u0131 g\u00f6sterdi\u011fi diren\u00e7le ve yu\u0308zde 20\u2019lere ula\u015fan y\u0131ll\u0131k bu\u0308yu\u0308me oranlar\u0131yla alternatif bir finansal sistem<span class=\"excerpt-hellip\"> [\u2026]<\/span><\/p>\n","protected":false},"featured_media":0,"template":"","meta":{"_monsterinsights_skip_tracking":false,"_monsterinsights_sitenote_active":false,"_monsterinsights_sitenote_note":"","_monsterinsights_sitenote_category":0},"product_brand":[],"product_cat":[17249,13043],"product_tag":[],"class_list":{"0":"post-732809","1":"product","2":"type-product","3":"status-publish","5":"product_cat-borsa-finans","6":"product_cat-ekonomi","7":"pa_cilt-ciltsiz","8":"pa_tur-kitap","9":"pa_yayinevi-albaraka-yayinlari","10":"pa_yazar-emmy-abdul-alim","12":"first","13":"instock","14":"sale","15":"shipping-taxable","16":"purchasable","17":"product-type-simple"},"_links":{"self":[{"href":"https:\/\/roveyayinevi.com.tr\/index.php\/wp-json\/wp\/v2\/product\/732809","targetHints":{"allow":["GET"]}}],"collection":[{"href":"https:\/\/roveyayinevi.com.tr\/index.php\/wp-json\/wp\/v2\/product"}],"about":[{"href":"https:\/\/roveyayinevi.com.tr\/index.php\/wp-json\/wp\/v2\/types\/product"}],"wp:attachment":[{"href":"https:\/\/roveyayinevi.com.tr\/index.php\/wp-json\/wp\/v2\/media?parent=732809"}],"wp:term":[{"taxonomy":"product_brand","embeddable":true,"href":"https:\/\/roveyayinevi.com.tr\/index.php\/wp-json\/wp\/v2\/product_brand?post=732809"},{"taxonomy":"product_cat","embeddable":true,"href":"https:\/\/roveyayinevi.com.tr\/index.php\/wp-json\/wp\/v2\/product_cat?post=732809"},{"taxonomy":"product_tag","embeddable":true,"href":"https:\/\/roveyayinevi.com.tr\/index.php\/wp-json\/wp\/v2\/product_tag?post=732809"}],"curies":[{"name":"wp","href":"https:\/\/api.w.org\/{rel}","templated":true}]}}