{"id":732807,"date":"2025-08-27T21:57:46","date_gmt":"2025-08-27T18:57:46","guid":{"rendered":"https:\/\/roveyayinevi.com.tr\/index.php\/urun\/islam-ticaret-hukuku\/"},"modified":"2026-04-16T02:40:44","modified_gmt":"2026-04-15T23:40:44","slug":"islam-ticaret-hukuku","status":"publish","type":"product","link":"https:\/\/roveyayinevi.com.tr\/index.php\/urun\/islam-ticaret-hukuku\/","title":{"rendered":"\u0130slam Ticaret Hukuku"},"content":{"rendered":"<p>Vadeli i\u015flemler, bug\u00fcn uygulanan \u015fekliyle \u0130slam hukuk kurallar\u0131n\u0131n meydana geldi\u011fi klasik d\u00f6nemde var olmayan, modern sistemin ortaya koydu\u011fu bir \u00fcr\u00fcnd\u00fcr. Konuya ilgi duyan ara\u015ft\u0131rmac\u0131lar bu nedenle vadeli i\u015flemlerin \u0130slam hukukuna g\u00f6re ge\u00e7erli olan s\u00f6zle\u015fmelerden hangileriyle benzerlik g\u00f6sterdi\u011fi ve hangi f\u0131khi problemleri bar\u0131nd\u0131rd\u0131\u011f\u0131 sorular\u0131na cevap bulmaya \u00e7al\u0131\u015fm\u0131\u015flard\u0131r. Kamali, kaleme ald\u0131\u011f\u0131 bu kitapta vadeli i\u015flem ve opsiyonlar\u0131 t\u00fcm y\u00f6nleriyle ele alm\u0131\u015f, meselenin f\u0131khi y\u00f6n\u00fcn\u00fc ayr\u0131nt\u0131l\u0131 bir analize tabi tutmu\u015ftur. Bu ba\u011flamda konuyla ilgili mevcut \u00e7al\u0131\u015fmalar titizlikle g\u00f6zden ge\u00e7irilerek eserde yeni bir bak\u0131\u015f a\u00e7\u0131s\u0131 sunulmu\u015ftur.Bu ara\u015ft\u0131rman\u0131n en dikkat \u00e7ekici \u00f6zelli\u011fi; \u015feriat\u0131n temel kaynaklar\u0131n\u0131n, M\u00fcsl\u00fcman toplumun ekonomik faaliyetlerinin s\u00fcrd\u00fcr\u00fclebilirli\u011fi i\u00e7in hayati \u00f6nem arz eden bir konuda nas\u0131l ele al\u0131nmas\u0131 gerekti\u011fine dair cesur ama yerinde yakla\u015f\u0131mlar ortaya koymas\u0131 ve farkl\u0131 bir yorum \u00f6nerisinde bulunmas\u0131d\u0131r. Eserin bu noktada T\u00fcrk\u00e7e literat\u00fcre katk\u0131 sa\u011flayaca\u011f\u0131 ve yeni m\u00fczakere alanlar\u0131na kap\u0131 aralayaca\u011f\u0131 a\u015fik\u00e2rd\u0131r.<\/p>\n","protected":false},"excerpt":{"rendered":"<p>Vadeli i\u015flemler, bug\u00fcn uygulanan \u015fekliyle \u0130slam hukuk kurallar\u0131n\u0131n meydana geldi\u011fi klasik d\u00f6nemde var olmayan, modern sistemin ortaya koydu\u011fu bir \u00fcr\u00fcnd\u00fcr. Konuya ilgi duyan ara\u015ft\u0131rmac\u0131lar bu nedenle<span class=\"excerpt-hellip\"> [\u2026]<\/span><\/p>\n","protected":false},"featured_media":0,"template":"","meta":{"_monsterinsights_skip_tracking":false,"_monsterinsights_sitenote_active":false,"_monsterinsights_sitenote_note":"","_monsterinsights_sitenote_category":0},"product_brand":[],"product_cat":[14841,13043],"product_tag":[],"class_list":{"0":"post-732807","1":"product","2":"type-product","3":"status-publish","5":"product_cat-arastirma-inceleme-kuram","6":"product_cat-ekonomi","7":"pa_cilt-ciltsiz","8":"pa_tur-kitap","9":"pa_yayinevi-albaraka-yayinlari","10":"pa_yazar-mohammad-hashim-kamali","12":"first","13":"instock","14":"sale","15":"shipping-taxable","16":"purchasable","17":"product-type-simple"},"_links":{"self":[{"href":"https:\/\/roveyayinevi.com.tr\/index.php\/wp-json\/wp\/v2\/product\/732807","targetHints":{"allow":["GET"]}}],"collection":[{"href":"https:\/\/roveyayinevi.com.tr\/index.php\/wp-json\/wp\/v2\/product"}],"about":[{"href":"https:\/\/roveyayinevi.com.tr\/index.php\/wp-json\/wp\/v2\/types\/product"}],"wp:attachment":[{"href":"https:\/\/roveyayinevi.com.tr\/index.php\/wp-json\/wp\/v2\/media?parent=732807"}],"wp:term":[{"taxonomy":"product_brand","embeddable":true,"href":"https:\/\/roveyayinevi.com.tr\/index.php\/wp-json\/wp\/v2\/product_brand?post=732807"},{"taxonomy":"product_cat","embeddable":true,"href":"https:\/\/roveyayinevi.com.tr\/index.php\/wp-json\/wp\/v2\/product_cat?post=732807"},{"taxonomy":"product_tag","embeddable":true,"href":"https:\/\/roveyayinevi.com.tr\/index.php\/wp-json\/wp\/v2\/product_tag?post=732807"}],"curies":[{"name":"wp","href":"https:\/\/api.w.org\/{rel}","templated":true}]}}