{"id":732806,"date":"2025-08-27T21:57:45","date_gmt":"2025-08-27T18:57:45","guid":{"rendered":"https:\/\/roveyayinevi.com.tr\/index.php\/urun\/islam-hukuku-ve-finansi\/"},"modified":"2026-04-16T02:40:44","modified_gmt":"2026-04-15T23:40:44","slug":"islam-hukuku-ve-finansi","status":"publish","type":"product","link":"https:\/\/roveyayinevi.com.tr\/index.php\/urun\/islam-hukuku-ve-finansi\/","title":{"rendered":"\u0130slam Hukuku ve Finans\u0131"},"content":{"rendered":"<p>\u0130slam d\u00fcnyas\u0131n\u0131n hat\u0131r\u0131 say\u0131l\u0131r bir b\u00f6l\u00fcm\u00fc 19. y\u00fczy\u0131lda Bat\u0131l\u0131 g\u00fc\u00e7lerin kontrol\u00fcne girdi\u011finde bu co\u011frafyalardaki finans uygulamalar\u0131 da Avrupa\u2019n\u0131n s\u00f6m\u00fcrgeci imparatorluklar\u0131n\u0131n etkisi alt\u0131nda kald\u0131. Bu d\u00f6nemde bir\u00e7ok \u00fclke, Bat\u0131\u2019da \u00fcretilen bankac\u0131l\u0131k sistemleri ve i\u015f modellerini benimsedi; akabinde de ticaretteki \u0130slami uygulamalar birer birer terk edildi.\u0130kinci D\u00fcnya Sava\u015f\u0131\u2019ndan sonraki d\u00f6nemde M\u00fcsl\u00fcman \u00fclkeler ba\u011f\u0131ms\u0131zl\u0131klar\u0131n\u0131 tekrar kazanmak i\u00e7in \u00f6nemli ad\u0131mlar att\u0131 ve \u0130slami finans\u0131n modern d\u00f6nemi de bu \u015fekilde ba\u015flam\u0131\u015f oldu. Bat\u0131 kontrol\u00fcn\u00fcn azalmas\u0131yla birlikte M\u00fcsl\u00fcmanlar, modern d\u00fcnya ve inan\u00e7lar\u0131n prensipleri aras\u0131nda daha b\u00fcy\u00fck bir uyum aray\u0131\u015f\u0131na girdi.\u0130slami bankac\u0131l\u0131k ve finans uygulamalar\u0131 ise bu uyumu ticari alanda m\u00fcmk\u00fcn k\u0131lan unsur h\u00e2line geldi. S\u00f6m\u00fcrgecili\u011fin biti\u015fi ve toplumdaki dindarl\u0131k e\u011filiminin artmas\u0131yla birlikte \u0130slami finans yeniden canland\u0131. Petrol fiyatlar\u0131n\u0131n y\u00fckselmesiyle bir birikim meydana gelmi\u015f, bu da \u0130slami finans\u0131n b\u00fcy\u00fcmesini te\u015fvik etmi\u015fti. \u0130slami finans, son 30 y\u0131lda \u0130slam hukukunun en \u00f6nemli ve ba\u015far\u0131l\u0131 modern uygulamalar\u0131ndan biri olarak d\u00fcnyan\u0131n d\u00f6rt bir yan\u0131na yay\u0131lm\u0131\u015f, \u0130slam hukukunun yenilenmesine ve geli\u015fmesine vesile olmu\u015ftu.Elinizdeki eser, \u0130slami finans\u0131 yeniden yorumlayarak \u0130slami hukuk ile finansal teori ve pratikleri g\u00fcn y\u00fcz\u00fcne \u00e7\u0131kar\u0131yor. Ayr\u0131ca bunlar\u0131n konvansiyonel ya da Bat\u0131l\u0131 hukuk ve finans sistemlerindeki kullan\u0131m \u015fekilleri aras\u0131nda bir k\u00f6pr\u00fc kurarak, bireysel \u0130slami finansal uygulamalar\u0131n\u0131 inceliyor.<\/p>\n","protected":false},"excerpt":{"rendered":"<p>\u0130slam d\u00fcnyas\u0131n\u0131n hat\u0131r\u0131 say\u0131l\u0131r bir b\u00f6l\u00fcm\u00fc 19. y\u00fczy\u0131lda Bat\u0131l\u0131 g\u00fc\u00e7lerin kontrol\u00fcne girdi\u011finde bu co\u011frafyalardaki finans uygulamalar\u0131 da Avrupa\u2019n\u0131n s\u00f6m\u00fcrgeci imparatorluklar\u0131n\u0131n etkisi alt\u0131nda kald\u0131. Bu d\u00f6nemde bir\u00e7ok<span class=\"excerpt-hellip\"> [\u2026]<\/span><\/p>\n","protected":false},"featured_media":0,"template":"","meta":{"_monsterinsights_skip_tracking":false,"_monsterinsights_sitenote_active":false,"_monsterinsights_sitenote_note":"","_monsterinsights_sitenote_category":0},"product_brand":[],"product_cat":[12718,12719,17333],"product_tag":[],"class_list":{"0":"post-732806","1":"product","2":"type-product","3":"status-publish","5":"product_cat-din","6":"product_cat-islam","7":"product_cat-islam-hukuku","8":"pa_cilt-ciltsiz","9":"pa_tur-kitap","10":"pa_yayinevi-albaraka-yayinlari","11":"pa_yazar-frank-e-vogel","13":"first","14":"instock","15":"sale","16":"shipping-taxable","17":"purchasable","18":"product-type-simple"},"_links":{"self":[{"href":"https:\/\/roveyayinevi.com.tr\/index.php\/wp-json\/wp\/v2\/product\/732806","targetHints":{"allow":["GET"]}}],"collection":[{"href":"https:\/\/roveyayinevi.com.tr\/index.php\/wp-json\/wp\/v2\/product"}],"about":[{"href":"https:\/\/roveyayinevi.com.tr\/index.php\/wp-json\/wp\/v2\/types\/product"}],"wp:attachment":[{"href":"https:\/\/roveyayinevi.com.tr\/index.php\/wp-json\/wp\/v2\/media?parent=732806"}],"wp:term":[{"taxonomy":"product_brand","embeddable":true,"href":"https:\/\/roveyayinevi.com.tr\/index.php\/wp-json\/wp\/v2\/product_brand?post=732806"},{"taxonomy":"product_cat","embeddable":true,"href":"https:\/\/roveyayinevi.com.tr\/index.php\/wp-json\/wp\/v2\/product_cat?post=732806"},{"taxonomy":"product_tag","embeddable":true,"href":"https:\/\/roveyayinevi.com.tr\/index.php\/wp-json\/wp\/v2\/product_tag?post=732806"}],"curies":[{"name":"wp","href":"https:\/\/api.w.org\/{rel}","templated":true}]}}