{"id":732803,"date":"2025-08-27T21:57:43","date_gmt":"2025-08-27T18:57:43","guid":{"rendered":"https:\/\/roveyayinevi.com.tr\/index.php\/urun\/yonetim-dusuncesinin-evrimi\/"},"modified":"2026-04-16T02:40:44","modified_gmt":"2026-04-15T23:40:44","slug":"yonetim-dusuncesinin-evrimi","status":"publish","type":"product","link":"https:\/\/roveyayinevi.com.tr\/index.php\/urun\/yonetim-dusuncesinin-evrimi\/","title":{"rendered":"Y\u00f6netim D\u00fc\u015f\u00fcncesinin Evrimi"},"content":{"rendered":"<p>Ge\u00e7ti\u011fimiz yar\u0131m as\u0131r boyunca uzmanlar, akademik bir disiplin olarak y\u00f6netimle ilgili hemen her \u015feyin bize miras kalan gelenekler \u00fczerine in\u015fa edildi\u011fini daha iyi anlamaya ba\u015flad\u0131lar. Bununla birlikte, y\u00f6netim \u00e7al\u0131\u015fmalar\u0131n\u0131n bilimselle\u015fmesi nispeten yeni bir olgudur. Ebbinghaus\u2019un deyimiyle, y\u00f6netim uygulamas\u0131n\u0131n uzun bir ge\u00e7mi\u015fi vard\u0131r, ancak bir disiplin olarak y\u00f6netim ara\u015ft\u0131rmalar\u0131n\u0131n ge\u00e7mi\u015fi olduk\u00e7a k\u0131sad\u0131r. Bu kitap, okuyucuya y\u00f6netim d\u00fc\u015f\u00fcncesinin kronolojik bir tarihini sunmaktad\u0131r. \u0130\u00e7erik a\u00e7\u0131s\u0131ndan ansiklopedik olmak gibi bir iddias\u0131 bulunmad\u0131\u011f\u0131 gibi, ilerlemenin her zaman do\u011frusal bir \u00e7izgiyi takip etti\u011fi iddias\u0131nda da de\u011fildir. Ancak b\u00fct\u00fcn bir be\u015feriyet tarihi i\u00e7erisinde y\u00f6netim anlay\u0131\u015f\u0131n\u0131n nas\u0131l bir de\u011fi\u015fim ge\u00e7irdi\u011fini incelemek i\u00e7in kronolojik bir yap\u0131 olmazsa olmazd\u0131r. Bununla birlikte eser, tarih\u00ee seyrin yan\u0131 s\u0131ra \u2018y\u00f6netim d\u00fc\u015f\u00fcncesi\u2019nin hangi felsefi zeminde d\u00f6n\u00fc\u015ft\u00fc\u011f\u00fcn\u00fc de ortaya koyarak, ayn\u0131 zamanda bir d\u00fc\u015f\u00fcnce tarihi olma \u00f6zelli\u011fi de ta\u015f\u0131maktad\u0131r.<\/p>\n","protected":false},"excerpt":{"rendered":"<p>Ge\u00e7ti\u011fimiz yar\u0131m as\u0131r boyunca uzmanlar, akademik bir disiplin olarak y\u00f6netimle ilgili hemen her \u015feyin bize miras kalan gelenekler \u00fczerine in\u015fa edildi\u011fini daha iyi anlamaya ba\u015flad\u0131lar. Bununla<span class=\"excerpt-hellip\"> [\u2026]<\/span><\/p>\n","protected":false},"featured_media":0,"template":"","meta":{"_monsterinsights_skip_tracking":false,"_monsterinsights_sitenote_active":false,"_monsterinsights_sitenote_note":"","_monsterinsights_sitenote_category":0},"product_brand":[],"product_cat":[13043,19008],"product_tag":[],"class_list":{"0":"post-732803","1":"product","2":"type-product","3":"status-publish","5":"product_cat-ekonomi","6":"product_cat-yonetim","7":"pa_cilt-ciltsiz","8":"pa_tur-kitap","9":"pa_yayinevi-albaraka-yayinlari","10":"pa_yazar-daniel-a-wren-arthur-g-bedeian","12":"first","13":"instock","14":"sale","15":"shipping-taxable","16":"purchasable","17":"product-type-simple"},"_links":{"self":[{"href":"https:\/\/roveyayinevi.com.tr\/index.php\/wp-json\/wp\/v2\/product\/732803","targetHints":{"allow":["GET"]}}],"collection":[{"href":"https:\/\/roveyayinevi.com.tr\/index.php\/wp-json\/wp\/v2\/product"}],"about":[{"href":"https:\/\/roveyayinevi.com.tr\/index.php\/wp-json\/wp\/v2\/types\/product"}],"wp:attachment":[{"href":"https:\/\/roveyayinevi.com.tr\/index.php\/wp-json\/wp\/v2\/media?parent=732803"}],"wp:term":[{"taxonomy":"product_brand","embeddable":true,"href":"https:\/\/roveyayinevi.com.tr\/index.php\/wp-json\/wp\/v2\/product_brand?post=732803"},{"taxonomy":"product_cat","embeddable":true,"href":"https:\/\/roveyayinevi.com.tr\/index.php\/wp-json\/wp\/v2\/product_cat?post=732803"},{"taxonomy":"product_tag","embeddable":true,"href":"https:\/\/roveyayinevi.com.tr\/index.php\/wp-json\/wp\/v2\/product_tag?post=732803"}],"curies":[{"name":"wp","href":"https:\/\/api.w.org\/{rel}","templated":true}]}}