{"id":732799,"date":"2025-08-27T21:57:39","date_gmt":"2025-08-27T18:57:39","guid":{"rendered":"https:\/\/roveyayinevi.com.tr\/index.php\/urun\/is-yerinde-merhamet\/"},"modified":"2026-04-16T02:40:43","modified_gmt":"2026-04-15T23:40:43","slug":"is-yerinde-merhamet","status":"publish","type":"product","link":"https:\/\/roveyayinevi.com.tr\/index.php\/urun\/is-yerinde-merhamet\/","title":{"rendered":"\u0130\u015f Yerinde Merhamet"},"content":{"rendered":"<p>Alan\u0131n\u0131n en yetkin akademisyeni ve hocalar\u0131n hocas\u0131 Jane Dutton ile i\u015f hayat\u0131ndaki merhamet konusunda \u00f6nemli ara\u015ft\u0131rmalar\u0131 olan ve uygulama merkezlerinin y\u00f6neticili\u011fini yapan Monica Worline\u2019\u0131n beklenen kitab\u0131 nihayet elinizde. Y\u0131llard\u0131r s\u00fcren merhamet ara\u015ft\u0131rmalar\u0131n\u0131n sonu\u00e7lar\u0131 bu kitapta kapsaml\u0131, \u00e7ok boyutlu ve derinlemesine bir bi\u00e7imde okuyucu ile bulu\u015fuyor. Merhametle alakal\u0131 kavram ve kuramlar; hem bireysel hem de \u00f6rg\u00fctsel d\u00fczeyde g\u00fcnl\u00fck hayattan \u00f6rnekler, uygulamaya d\u00f6n\u00fck tasar\u0131m ilkeleri, testler, ki\u015fiyi d\u00fc\u015f\u00fcnmeye davet eden sorular ve planlar ile \u015fehir ve \u00f6rg\u00fctler d\u00fczeyinde a\u00e7\u0131klan\u0131yor.Yazarlar, bir s\u00fcre\u00e7 olarak merhameti inceleyerek kavray\u0131\u015f\u0131m\u0131z\u0131 derinle\u015ftiriyor. Kolayl\u0131kla uygulanabilir bilgileri en temel i\u015fletme ama\u00e7lar\u0131na ba\u011flayarak okurlar\u0131n merhamet yetkinlikleri ve kapasitelerini in\u015fa etmelerini sa\u011flayacak sosyal mimarinin ana hatlar\u0131n\u0131 g\u00f6steriyor. Merhamet duygusu etraf\u0131nda \u00f6r\u00fcl\u00fc bu \u00e7al\u0131\u015fmada, \u00f6rg\u00fctsel davran\u0131\u015f ve y\u00f6netim alanlar\u0131n\u0131n \u00f6nde gelen kavramlar\u0131 benzeri az bulunur zenginlikte bir i\u00e7erikle okuyucuya sunuluyor. B\u00f6ylece kitap, i\u015fletme alan\u0131nda h\u0131zla yay\u0131lan olumlu \u00f6rg\u00fctsel davran\u0131\u015f ak\u0131m\u0131na bir giri\u015f metni olma niteli\u011fi kazan\u0131yor. Kendilerini ve \u00f6rg\u00fctlerini yeni bir varolu\u015f bi\u00e7imine ta\u015f\u0131malar\u0131nda okurlar\u0131na rehberlik eden \u0130\u015f Yerinde Merhamet, d\u00fcnyay\u0131 nas\u0131l buldu\u011fumuzdan daha iyi b\u0131rakabilece\u011fimiz sorusuna, bunun ancak merhamet duygusu ile m\u00fcmk\u00fcn olabilece\u011fi cevab\u0131n\u0131 veriyor.<\/p>\n","protected":false},"excerpt":{"rendered":"<p>Alan\u0131n\u0131n en yetkin akademisyeni ve hocalar\u0131n hocas\u0131 Jane Dutton ile i\u015f hayat\u0131ndaki merhamet konusunda \u00f6nemli ara\u015ft\u0131rmalar\u0131 olan ve uygulama merkezlerinin y\u00f6neticili\u011fini yapan Monica Worline\u2019\u0131n beklenen kitab\u0131<span class=\"excerpt-hellip\"> [\u2026]<\/span><\/p>\n","protected":false},"featured_media":0,"template":"","meta":{"_monsterinsights_skip_tracking":false,"_monsterinsights_sitenote_active":false,"_monsterinsights_sitenote_note":"","_monsterinsights_sitenote_category":0},"product_brand":[],"product_cat":[13043,19008],"product_tag":[],"class_list":{"0":"post-732799","1":"product","2":"type-product","3":"status-publish","5":"product_cat-ekonomi","6":"product_cat-yonetim","7":"pa_cilt-ciltsiz","8":"pa_tur-kitap","9":"pa_yayinevi-albaraka-yayinlari","10":"pa_yazar-monica-c-worline-jane-e-dutton","12":"first","13":"instock","14":"sale","15":"shipping-taxable","16":"purchasable","17":"product-type-simple"},"_links":{"self":[{"href":"https:\/\/roveyayinevi.com.tr\/index.php\/wp-json\/wp\/v2\/product\/732799","targetHints":{"allow":["GET"]}}],"collection":[{"href":"https:\/\/roveyayinevi.com.tr\/index.php\/wp-json\/wp\/v2\/product"}],"about":[{"href":"https:\/\/roveyayinevi.com.tr\/index.php\/wp-json\/wp\/v2\/types\/product"}],"wp:attachment":[{"href":"https:\/\/roveyayinevi.com.tr\/index.php\/wp-json\/wp\/v2\/media?parent=732799"}],"wp:term":[{"taxonomy":"product_brand","embeddable":true,"href":"https:\/\/roveyayinevi.com.tr\/index.php\/wp-json\/wp\/v2\/product_brand?post=732799"},{"taxonomy":"product_cat","embeddable":true,"href":"https:\/\/roveyayinevi.com.tr\/index.php\/wp-json\/wp\/v2\/product_cat?post=732799"},{"taxonomy":"product_tag","embeddable":true,"href":"https:\/\/roveyayinevi.com.tr\/index.php\/wp-json\/wp\/v2\/product_tag?post=732799"}],"curies":[{"name":"wp","href":"https:\/\/api.w.org\/{rel}","templated":true}]}}