{"id":732796,"date":"2025-08-27T21:57:37","date_gmt":"2025-08-27T18:57:37","guid":{"rendered":"https:\/\/roveyayinevi.com.tr\/index.php\/urun\/borcun-otesinde\/"},"modified":"2026-04-16T02:40:43","modified_gmt":"2026-04-15T23:40:43","slug":"borcun-otesinde","status":"publish","type":"product","link":"https:\/\/roveyayinevi.com.tr\/index.php\/urun\/borcun-otesinde\/","title":{"rendered":"Borcun \u00d6tesinde"},"content":{"rendered":"<p>\u00d6yk\u00fcleyici bir anlat\u0131m tekni\u011fiyle kaleme al\u0131nan bu eserde, bir antropolo\u011fun bak\u0131\u015f a\u00e7\u0131s\u0131yla Malezya\u2019n\u0131n ba\u015fkenti Kuala Lumpur\u2019u -t\u0131pk\u0131 kendilerine has \u00e7ekim kuvvetleri bulunan Tokyo, New York ve Londra \u015fehirleri gibi- \u201cM\u00fcsl\u00fcman d\u00fcnyan\u0131n finans merkezi\u201d olarak konumland\u0131rma giri\u015fimleri ele al\u0131nmaktad\u0131r.Daromir Rudnyckyj, kitapta konvansiyonel finansa alternatif olma gayesi ile ortaya \u00e7\u0131kan ve risk payla\u015f\u0131m\u0131 esas\u0131 \u00e7er\u00e7evesinde bor\u00e7 yerine \u00f6z sermayeye dayal\u0131 finansman modellerini tavsiye eden \u0130slami finans alan\u0131ndaki tart\u0131\u015fmalar\u0131; uzunca bir zaman dilimine yay\u0131lan etnografik saha ara\u015ft\u0131rmalar\u0131, kat\u0131ld\u0131\u011f\u0131 konferanslar ve bu alanda \u00e7al\u0131\u015fan \u00e7e\u015fitli meslek gruplar\u0131yla yapm\u0131\u015f oldu\u011fu g\u00f6r\u00fc\u015fmeler \u0131\u015f\u0131\u011f\u0131nda sunmu\u015ftur. Dolay\u0131s\u0131yla bu \u00e7al\u0131\u015fma, \u00f6zellikle 2008 k\u00fcresel finans krizinin ard\u0131ndan \u0130slami finans\u0131n \u00f6zg\u00fcnl\u00fc\u011f\u00fc ve sundu\u011fu alternatif yakla\u015f\u0131m konusunda uzman g\u00f6r\u00fc\u015flerini belgelemektedir.Yazar ayr\u0131ca, \u0130slami finans\u0131n konvansiyonel finansa bir alternatif olu\u015fturup olu\u015fturmad\u0131\u011f\u0131 tart\u0131\u015fmas\u0131ndan ba\u011f\u0131ms\u0131z olarak Kuala Lumpur\u2019un \u0130slami finans\u0131n uluslararas\u0131 \u00f6l\u00e7ekte bir merkez h\u00e2line getirilmesi i\u00e7in sarf edilen \u00e7abalar\u0131 da mercek alt\u0131na almaktad\u0131r. Bu giri\u015fimler sonucunda \u0130slami finans\u0131n kurumsal altyap\u0131s\u0131n\u0131n iyile\u015ftirilmesi i\u00e7in ihdas edilen kurumsal yap\u0131lar\u0131n son tahlilde yeni bir \u201cjeo-ekonomi\u201d olu\u015fturdu\u011funu g\u00f6zler \u00f6n\u00fcne sermektedir.<\/p>\n","protected":false},"excerpt":{"rendered":"<p>\u00d6yk\u00fcleyici bir anlat\u0131m tekni\u011fiyle kaleme al\u0131nan bu eserde, bir antropolo\u011fun bak\u0131\u015f a\u00e7\u0131s\u0131yla Malezya\u2019n\u0131n ba\u015fkenti Kuala Lumpur\u2019u -t\u0131pk\u0131 kendilerine has \u00e7ekim kuvvetleri bulunan Tokyo, New York ve<span class=\"excerpt-hellip\"> [\u2026]<\/span><\/p>\n","protected":false},"featured_media":0,"template":"","meta":{"_monsterinsights_skip_tracking":false,"_monsterinsights_sitenote_active":false,"_monsterinsights_sitenote_note":"","_monsterinsights_sitenote_category":0},"product_brand":[],"product_cat":[16789,12718,12719],"product_tag":[],"class_list":{"0":"post-732796","1":"product","2":"type-product","3":"status-publish","5":"product_cat-diger-islam","6":"product_cat-din","7":"product_cat-islam","8":"pa_cilt-ciltsiz","9":"pa_tur-kitap","10":"pa_yayinevi-albaraka-yayinlari","11":"pa_yazar-daromir-rudnyckyj","13":"first","14":"instock","15":"sale","16":"shipping-taxable","17":"purchasable","18":"product-type-simple"},"_links":{"self":[{"href":"https:\/\/roveyayinevi.com.tr\/index.php\/wp-json\/wp\/v2\/product\/732796","targetHints":{"allow":["GET"]}}],"collection":[{"href":"https:\/\/roveyayinevi.com.tr\/index.php\/wp-json\/wp\/v2\/product"}],"about":[{"href":"https:\/\/roveyayinevi.com.tr\/index.php\/wp-json\/wp\/v2\/types\/product"}],"wp:attachment":[{"href":"https:\/\/roveyayinevi.com.tr\/index.php\/wp-json\/wp\/v2\/media?parent=732796"}],"wp:term":[{"taxonomy":"product_brand","embeddable":true,"href":"https:\/\/roveyayinevi.com.tr\/index.php\/wp-json\/wp\/v2\/product_brand?post=732796"},{"taxonomy":"product_cat","embeddable":true,"href":"https:\/\/roveyayinevi.com.tr\/index.php\/wp-json\/wp\/v2\/product_cat?post=732796"},{"taxonomy":"product_tag","embeddable":true,"href":"https:\/\/roveyayinevi.com.tr\/index.php\/wp-json\/wp\/v2\/product_tag?post=732796"}],"curies":[{"name":"wp","href":"https:\/\/api.w.org\/{rel}","templated":true}]}}