{"id":732789,"date":"2025-08-27T21:57:32","date_gmt":"2025-08-27T18:57:32","guid":{"rendered":"https:\/\/roveyayinevi.com.tr\/index.php\/urun\/demir-kus\/"},"modified":"2026-04-16T02:40:27","modified_gmt":"2026-04-15T23:40:27","slug":"demir-kus","status":"publish","type":"product","link":"https:\/\/roveyayinevi.com.tr\/index.php\/urun\/demir-kus\/","title":{"rendered":"Demir Ku\u015f"},"content":{"rendered":"<p>Arif Emre Gu\u0308ndu\u0308z, Demir Ku\u015f\u2019ta hava harp sanayiinde f\u0131rsatlar ve hayal k\u0131r\u0131kl\u0131klar\u0131yla dolu bir d\u00f6neme \u0131\u015f\u0131k tutuyor. Gu\u0308ndu\u0308z, 1924-1949 y\u0131llar\u0131 aras\u0131nda havac\u0131l\u0131k end\u00fcstrisinde at\u0131lan ilk ad\u0131mlar\u0131, d\u00f6nemin \u00f6ne \u00e7\u0131kan m\u00fcte\u015febbislerinin cesaretini ve b\u00fcrokrasinin tavr\u0131n\u0131 ar\u015fiv belgeleriyle ortaya koyuyor. \u0130mk\u00e2ns\u0131zl\u0131klara ve tu\u0308rlu\u0308 engellemelere ra\u011fmen ya\u015fad\u0131klar\u0131 \u00e7a\u011f\u0131n \u00e7ok \u00f6tesinde i\u015flere imza atan Vecihi Hu\u0308rku\u015f, Nuri Demira\u011f, Selahattin Alan, \u015eakir Zu\u0308mre ve Emrullah Ali Y\u0131ld\u0131z\u2019\u0131n ilham verici hik\u00e2yelerini ak\u0131c\u0131 bir dille ortaya koyan yazar, ilk kez g\u00fcn y\u00fcz\u00fcne \u00e7\u0131kan belgelerle tart\u0131\u015fmal\u0131 konular\u0131 \u00e7arp\u0131c\u0131 bir bi\u00e7imde g\u00f6zler \u00f6nu\u0308ne seriyor.\u00d6nemli tarih\u00ee \u015fahsiyetlerin \u015fahitliklerine de yer verilen bu eserde, hayatlar\u0131 pahas\u0131na gayretlerini s\u00fcrd\u00fcren m\u00fcte\u015febbislerin mu\u0308cadelesini bulacaks\u0131n\u0131z. O d\u00f6nem kar\u015f\u0131 kar\u015f\u0131ya kal\u0131nan haks\u0131z muameleyi, \u201cBizde her ba\u015far\u0131l\u0131 enerjiyi y\u0131kmak ve par\u00e7alamak sanki teamu\u0308l nev\u2019inden bir illettir bu yurtta.\u201d s\u00f6zleriyle anlatan Vecihi Hu\u0308rku\u015f\u2019un bu ifadesi, elinizde bulunan kitab\u0131n tek c\u00fcmlelik \u00f6zeti niteli\u011findedir.<\/p>\n","protected":false},"excerpt":{"rendered":"<p>Arif Emre Gu\u0308ndu\u0308z, Demir Ku\u015f\u2019ta hava harp sanayiinde f\u0131rsatlar ve hayal k\u0131r\u0131kl\u0131klar\u0131yla dolu bir d\u00f6neme \u0131\u015f\u0131k tutuyor. Gu\u0308ndu\u0308z, 1924-1949 y\u0131llar\u0131 aras\u0131nda havac\u0131l\u0131k end\u00fcstrisinde at\u0131lan ilk ad\u0131mlar\u0131,<span class=\"excerpt-hellip\"> [\u2026]<\/span><\/p>\n","protected":false},"featured_media":0,"template":"","meta":{"_monsterinsights_skip_tracking":false,"_monsterinsights_sitenote_active":false,"_monsterinsights_sitenote_note":"","_monsterinsights_sitenote_category":0},"product_brand":[],"product_cat":[12312,12304],"product_tag":[],"class_list":{"0":"post-732789","1":"product","2":"type-product","3":"status-publish","5":"product_cat-diger","6":"product_cat-tarih","7":"pa_cilt-ciltsiz","8":"pa_tur-kitap","9":"pa_yayinevi-albaraka-yayinlari","10":"pa_yazar-arif-emre-gunduz","12":"first","13":"instock","14":"sale","15":"shipping-taxable","16":"purchasable","17":"product-type-simple"},"_links":{"self":[{"href":"https:\/\/roveyayinevi.com.tr\/index.php\/wp-json\/wp\/v2\/product\/732789","targetHints":{"allow":["GET"]}}],"collection":[{"href":"https:\/\/roveyayinevi.com.tr\/index.php\/wp-json\/wp\/v2\/product"}],"about":[{"href":"https:\/\/roveyayinevi.com.tr\/index.php\/wp-json\/wp\/v2\/types\/product"}],"wp:attachment":[{"href":"https:\/\/roveyayinevi.com.tr\/index.php\/wp-json\/wp\/v2\/media?parent=732789"}],"wp:term":[{"taxonomy":"product_brand","embeddable":true,"href":"https:\/\/roveyayinevi.com.tr\/index.php\/wp-json\/wp\/v2\/product_brand?post=732789"},{"taxonomy":"product_cat","embeddable":true,"href":"https:\/\/roveyayinevi.com.tr\/index.php\/wp-json\/wp\/v2\/product_cat?post=732789"},{"taxonomy":"product_tag","embeddable":true,"href":"https:\/\/roveyayinevi.com.tr\/index.php\/wp-json\/wp\/v2\/product_tag?post=732789"}],"curies":[{"name":"wp","href":"https:\/\/api.w.org\/{rel}","templated":true}]}}