{"id":732767,"date":"2025-08-27T21:57:12","date_gmt":"2025-08-27T18:57:12","guid":{"rendered":"https:\/\/roveyayinevi.com.tr\/index.php\/urun\/esrarengiz-ev-arsen-lupen\/"},"modified":"2026-04-16T02:40:27","modified_gmt":"2026-04-15T23:40:27","slug":"esrarengiz-ev-arsen-lupen","status":"publish","type":"product","link":"https:\/\/roveyayinevi.com.tr\/index.php\/urun\/esrarengiz-ev-arsen-lupen\/","title":{"rendered":"Esrarengiz Ev &#8211; Arsen L\u00fcpen"},"content":{"rendered":"<p>\u00c7ekicili\u011fi ile kad\u0131nlar\u0131n ba\u015f\u0131n\u0131 d\u00f6nd\u00fcren L\u00fcpen, gelmi\u015f ge\u00e7mi\u015f en kibar h\u0131rs\u0131z.K\u0131vrak zekas\u0131 ve g\u00f6zlem g\u00fcc\u00fc sayesinde polisleri parma\u011f\u0131nda oynat\u0131yor.K\u0131l\u0131k de\u011fi\u015ftirmede usta olan \u00e7apk\u0131n karakterimiz, okuyanlar\u0131 kendine hayran b\u0131rak\u0131yor.Kendine has y\u00f6ntemleri ve farkl\u0131 bak\u0131\u015f a\u00e7\u0131s\u0131yla t\u00fcm gizemleri \u00e7\u00f6z\u00fcyor.Frans\u0131z polislerinin korkulu r\u00fcyas\u0131 Arsen L\u00fcpen\u2019in maceralar\u0131n\u0131 keyifle okuyacaks\u0131n\u0131z.Her davran\u0131\u015f\u0131nda zeka f\u0131\u015fk\u0131ran karakterimizin yarat\u0131c\u0131s\u0131 Maurice Leblanc, okuyucular\u0131n\u0131 heyacanl\u0131 ser\u00fcvenlere dahil ediyor\u2026<\/p>\n","protected":false},"excerpt":{"rendered":"<p>\u00c7ekicili\u011fi ile kad\u0131nlar\u0131n ba\u015f\u0131n\u0131 d\u00f6nd\u00fcren L\u00fcpen, gelmi\u015f ge\u00e7mi\u015f en kibar h\u0131rs\u0131z.K\u0131vrak zekas\u0131 ve g\u00f6zlem g\u00fcc\u00fc sayesinde polisleri parma\u011f\u0131nda oynat\u0131yor.K\u0131l\u0131k de\u011fi\u015ftirmede usta olan \u00e7apk\u0131n karakterimiz, okuyanlar\u0131 kendine<span class=\"excerpt-hellip\"> [\u2026]<\/span><\/p>\n","protected":false},"featured_media":0,"template":"","meta":{"_monsterinsights_skip_tracking":false,"_monsterinsights_sitenote_active":false,"_monsterinsights_sitenote_note":"","_monsterinsights_sitenote_category":0},"product_brand":[],"product_cat":[12291,12711],"product_tag":[],"class_list":{"0":"post-732767","1":"product","2":"type-product","3":"status-publish","5":"product_cat-edebiyat","6":"product_cat-roman-oyku","7":"pa_cilt-ciltsiz","8":"pa_tur-kitap","9":"pa_yayinevi-yediveren-yayinlari","10":"pa_yazar-maurice-leblanc","12":"first","13":"instock","14":"sale","15":"shipping-taxable","16":"purchasable","17":"product-type-simple"},"_links":{"self":[{"href":"https:\/\/roveyayinevi.com.tr\/index.php\/wp-json\/wp\/v2\/product\/732767","targetHints":{"allow":["GET"]}}],"collection":[{"href":"https:\/\/roveyayinevi.com.tr\/index.php\/wp-json\/wp\/v2\/product"}],"about":[{"href":"https:\/\/roveyayinevi.com.tr\/index.php\/wp-json\/wp\/v2\/types\/product"}],"wp:attachment":[{"href":"https:\/\/roveyayinevi.com.tr\/index.php\/wp-json\/wp\/v2\/media?parent=732767"}],"wp:term":[{"taxonomy":"product_brand","embeddable":true,"href":"https:\/\/roveyayinevi.com.tr\/index.php\/wp-json\/wp\/v2\/product_brand?post=732767"},{"taxonomy":"product_cat","embeddable":true,"href":"https:\/\/roveyayinevi.com.tr\/index.php\/wp-json\/wp\/v2\/product_cat?post=732767"},{"taxonomy":"product_tag","embeddable":true,"href":"https:\/\/roveyayinevi.com.tr\/index.php\/wp-json\/wp\/v2\/product_tag?post=732767"}],"curies":[{"name":"wp","href":"https:\/\/api.w.org\/{rel}","templated":true}]}}