{"id":732737,"date":"2025-08-27T21:56:40","date_gmt":"2025-08-27T18:56:40","guid":{"rendered":"https:\/\/roveyayinevi.com.tr\/index.php\/urun\/yeni-dunyanin-yasam-sifreleri\/"},"modified":"2026-04-16T02:40:26","modified_gmt":"2026-04-15T23:40:26","slug":"yeni-dunyanin-yasam-sifreleri","status":"publish","type":"product","link":"https:\/\/roveyayinevi.com.tr\/index.php\/urun\/yeni-dunyanin-yasam-sifreleri\/","title":{"rendered":"Yeni D\u00fcnyan\u0131n Ya\u015fam \u015eifreleri"},"content":{"rendered":"<p>Bildi\u011fimiz d\u00fcnyan\u0131n sonuna geldik\u2026 \u015eimdi \u201cyeni d\u00fcnya\u201d hik\u00e2yesini yazma zaman\u0131\u2026    Devam etmekte olan pandemi d\u00f6nemi, \u201ceski d\u00fcnya hik\u00e2yesi\u201dnin sona ermekte oldu\u011funu haber veriyor. As\u0131rlard\u0131r ill\u00fczyonlar\u0131n olu\u015fturdu\u011fu sanal d\u00fcnyadan \u00e7\u0131k\u0131\u015f zaman\u0131 geldi.    Art\u0131k kolektif olarak, \u201ct\u00fcm canl\u0131lar\u0131n bir oldu\u011fu\u201d hakikatine hizmet eden bir varolu\u015f hik\u00e2yesini yazmam\u0131z gerekiyor. Gezegenimizin farkl\u0131 bir boyuta do\u011fru yol almas\u0131 da, \u00fczerinde ya\u015fayan biz canl\u0131lar\u0131 onunla uyum i\u00e7inde olmaya zorluyor. Ge\u00e7mi\u015f hik\u00e2yemizden getirdiklerimiz, gezegenin y\u00fckselen titre\u015fimi ve zaman\u0131n h\u0131zl\u0131 akmas\u0131, bizi se\u00e7imlerimizi daha do\u011fru yapmaya y\u00f6nlendirecek.    Bu kitapta, i\u00e7inden ge\u00e7ti\u011fimiz e\u015fsiz d\u00f6n\u00fc\u015f\u00fcm zaman\u0131 i\u00e7in bir yol haritas\u0131 bulacaks\u0131n\u0131z. Yapt\u0131\u011f\u0131m ara\u015ft\u0131rmalardan, kendi ki\u015fisel deneyimlerim ve sezgilerimden elde etti\u011fim bilgilerin ve kitapta anlatt\u0131\u011f\u0131m, \u201cge\u00e7i\u015f\u201d s\u00fcrecini daha kolay ya\u015faman\u0131z\u0131 sa\u011flayacak tekniklerin, pusulan\u0131z olmas\u0131n\u0131 diliyorum.  <\/p>\n","protected":false},"excerpt":{"rendered":"<p>Bildi\u011fimiz d\u00fcnyan\u0131n sonuna geldik\u2026 \u015eimdi \u201cyeni d\u00fcnya\u201d hik\u00e2yesini yazma zaman\u0131\u2026 Devam etmekte olan pandemi d\u00f6nemi, \u201ceski d\u00fcnya hik\u00e2yesi\u201dnin sona ermekte oldu\u011funu haber veriyor. As\u0131rlard\u0131r ill\u00fczyonlar\u0131n olu\u015fturdu\u011fu<span class=\"excerpt-hellip\"> [\u2026]<\/span><\/p>\n","protected":false},"featured_media":0,"template":"","meta":{"_monsterinsights_skip_tracking":false,"_monsterinsights_sitenote_active":false,"_monsterinsights_sitenote_note":"","_monsterinsights_sitenote_category":0},"product_brand":[],"product_cat":[12364,12376],"product_tag":[],"class_list":{"0":"post-732737","1":"product","2":"type-product","3":"status-publish","5":"product_cat-genel-konular","6":"product_cat-kisisel-gelisim","7":"pa_cilt-ciltsiz","8":"pa_tur-kitap","9":"pa_yayinevi-dogan-novus","10":"pa_yazar-umit-grace-samur","12":"first","13":"instock","14":"sale","15":"shipping-taxable","16":"purchasable","17":"product-type-simple"},"_links":{"self":[{"href":"https:\/\/roveyayinevi.com.tr\/index.php\/wp-json\/wp\/v2\/product\/732737","targetHints":{"allow":["GET"]}}],"collection":[{"href":"https:\/\/roveyayinevi.com.tr\/index.php\/wp-json\/wp\/v2\/product"}],"about":[{"href":"https:\/\/roveyayinevi.com.tr\/index.php\/wp-json\/wp\/v2\/types\/product"}],"wp:attachment":[{"href":"https:\/\/roveyayinevi.com.tr\/index.php\/wp-json\/wp\/v2\/media?parent=732737"}],"wp:term":[{"taxonomy":"product_brand","embeddable":true,"href":"https:\/\/roveyayinevi.com.tr\/index.php\/wp-json\/wp\/v2\/product_brand?post=732737"},{"taxonomy":"product_cat","embeddable":true,"href":"https:\/\/roveyayinevi.com.tr\/index.php\/wp-json\/wp\/v2\/product_cat?post=732737"},{"taxonomy":"product_tag","embeddable":true,"href":"https:\/\/roveyayinevi.com.tr\/index.php\/wp-json\/wp\/v2\/product_tag?post=732737"}],"curies":[{"name":"wp","href":"https:\/\/api.w.org\/{rel}","templated":true}]}}